{"id":746912,"date":"2025-08-28T02:54:12","date_gmt":"2025-08-27T23:54:12","guid":{"rendered":"https:\/\/roveyayinevi.com.tr\/index.php\/urun\/babanzade-ahmed-naim-ailesi-ve-ilmi-kisiligi-ciltli\/"},"modified":"2026-04-16T02:59:37","modified_gmt":"2026-04-15T23:59:37","slug":"babanzade-ahmed-naim-ailesi-ve-ilmi-kisiligi-ciltli","status":"publish","type":"product","link":"https:\/\/roveyayinevi.com.tr\/index.php\/urun\/babanzade-ahmed-naim-ailesi-ve-ilmi-kisiligi-ciltli\/","title":{"rendered":"Babanzade Ahmed Naim Ailesi ve \u0130lmi Ki\u015fili\u011fi (Ciltli)"},"content":{"rendered":"<p>K\u00fcll\u00ee bir Osmanl\u0131 alimi olan Babanz\u00e2de Ahmed Na\u00eem, \u00e7ok y\u00f6nl\u00fc entelekt\u00fcel birikimini hadis metodolojisi ve yorumuna yans\u0131tmakla temay\u00fcz etmi\u015f bir \u015fahsiyettir. Metodoloji ve yorum, bir ilm\u00ee disiplinin tek\u00e2m\u00fcl g\u00f6stergeleridir ve birbirleriyle yak\u0131ndan ili\u015fkilidirler. Bu alanlarda kalem oynatmak b\u00fcy\u00fck bir vukufiyet ve ehliyet gerektirir. Zira bir metnin nas\u0131l anla\u015f\u0131lmas\u0131 ve yorumlanmas\u0131 gerekti\u011fine dair esaslar\u0131 ortaya koymaya \u00e7al\u0131\u015fan metodoloji, yorumun da zeminini olu\u015fturmas\u0131 hasebiyle bir disiplinin akademik standartlar\u0131n\u0131 ifade eder. Bu alana yap\u0131lan her katk\u0131; bilgiyi \u00fcretme, yorumlama ve g\u00fcncelleme ad\u0131na zikre de\u011fer bir \u00e7abad\u0131r. Buh\u00e2r\u00ee muhtasar\u0131 Tecr\u00eed-i Sar\u00eeh terc\u00fcmesine yazd\u0131\u011f\u0131 mukaddime ile hadis ilmine \u00f6nemli bir metodolojik katk\u0131 sunan Ahmed Na\u00eem, ayn\u0131 zamanda felsefeden psikolojiye, edebiyattan filolojiye geni\u015f bir yelpazedeki birikimini bu esere yans\u0131tarak disiplinler aras\u0131 \u00e7al\u0131\u015fmalar\u0131n nitelikli eser \u00fcretmede ne kadar \u00f6nemli oldu\u011funa dair en dikkat \u00e7ekici \u00f6rneklerden birini te\u015fkil etmi\u015ftir.<\/p>\n","protected":false},"excerpt":{"rendered":"<p>K\u00fcll\u00ee bir Osmanl\u0131 alimi olan Babanz\u00e2de Ahmed Na\u00eem, \u00e7ok y\u00f6nl\u00fc entelekt\u00fcel birikimini hadis metodolojisi ve yorumuna yans\u0131tmakla temay\u00fcz etmi\u015f bir \u015fahsiyettir. Metodoloji ve yorum, bir ilm\u00ee<span class=\"excerpt-hellip\"> [\u2026]<\/span><\/p>\n","protected":false},"featured_media":0,"template":"","meta":{"_monsterinsights_skip_tracking":false,"_monsterinsights_sitenote_active":false,"_monsterinsights_sitenote_note":"","_monsterinsights_sitenote_category":0},"product_brand":[],"product_cat":[12718,12719,18109],"product_tag":[],"class_list":{"0":"post-746912","1":"product","2":"type-product","3":"status-publish","5":"product_cat-din","6":"product_cat-islam","7":"product_cat-islam-tarihi","8":"pa_cilt-ciltli","9":"pa_tur-kitap","10":"pa_yayinevi-divan-kitap","11":"pa_yazar-abdullah-celik","13":"first","14":"instock","15":"sale","16":"shipping-taxable","17":"purchasable","18":"product-type-simple"},"_links":{"self":[{"href":"https:\/\/roveyayinevi.com.tr\/index.php\/wp-json\/wp\/v2\/product\/746912","targetHints":{"allow":["GET"]}}],"collection":[{"href":"https:\/\/roveyayinevi.com.tr\/index.php\/wp-json\/wp\/v2\/product"}],"about":[{"href":"https:\/\/roveyayinevi.com.tr\/index.php\/wp-json\/wp\/v2\/types\/product"}],"wp:attachment":[{"href":"https:\/\/roveyayinevi.com.tr\/index.php\/wp-json\/wp\/v2\/media?parent=746912"}],"wp:term":[{"taxonomy":"product_brand","embeddable":true,"href":"https:\/\/roveyayinevi.com.tr\/index.php\/wp-json\/wp\/v2\/product_brand?post=746912"},{"taxonomy":"product_cat","embeddable":true,"href":"https:\/\/roveyayinevi.com.tr\/index.php\/wp-json\/wp\/v2\/product_cat?post=746912"},{"taxonomy":"product_tag","embeddable":true,"href":"https:\/\/roveyayinevi.com.tr\/index.php\/wp-json\/wp\/v2\/product_tag?post=746912"}],"curies":[{"name":"wp","href":"https:\/\/api.w.org\/{rel}","templated":true}]}}