{"id":746911,"date":"2025-08-28T02:54:11","date_gmt":"2025-08-27T23:54:11","guid":{"rendered":"https:\/\/roveyayinevi.com.tr\/index.php\/urun\/modern-donemde-hadis-ve-babanzade-ahmed-naim-ciltli\/"},"modified":"2026-04-16T02:59:37","modified_gmt":"2026-04-15T23:59:37","slug":"modern-donemde-hadis-ve-babanzade-ahmed-naim-ciltli","status":"publish","type":"product","link":"https:\/\/roveyayinevi.com.tr\/index.php\/urun\/modern-donemde-hadis-ve-babanzade-ahmed-naim-ciltli\/","title":{"rendered":"Modern D\u00f6nemde Hadis ve Babanzade Ahmed Naim (Ciltli)"},"content":{"rendered":"<p>S\u00fcnnet ve hadis, tarih boyunca M\u00fcsl\u00fcman toplumlar\u0131n asgari m\u00fc\u015ftereklerini belirleyen en temel hususlardand\u0131r. Onun bu \u00f6neminden \u00f6t\u00fcr\u00fcd\u00fcr ki bu ilme dair \u00e7al\u0131\u015fmalar g\u00fcn\u00fcm\u00fcze de\u011fin durmaks\u0131z\u0131n devam etmi\u015f; kimi zaman bir kitab\u0131n sat\u0131rlar\u0131nda kimi zaman bir hattat\u0131n kaleminde tezah\u00fcr etmi\u015ftir. Elinizdeki eser de hadise dair bu s\u00fcregelen \u00e7abaya m\u00fctevaz\u0131 bir katk\u0131 olmay\u0131 ama\u00e7lamaktad\u0131r. Bu \u00e7al\u0131\u015fmada \u00f6ncelikle Ba\u011fdat\u2019ta ba\u015flay\u0131p \u0130stanbul\u2019da sonlanan hayat serencam\u0131nda felsefe, mant\u0131k, psikoloji gibi ilimlerin yan\u0131 s\u0131ra hadis \u00e7al\u0131\u015fmalar\u0131 ile de ad\u0131ndan s\u00f6z ettiren Babanz\u00e2de Ahmed Na\u00eem\u2019nin hadis \u015ferh\u00e7ili\u011fi ve hadis ilimlerine dair birikiminin ele al\u0131nd\u0131\u011f\u0131 \u00e7al\u0131\u015fmalara; pe\u015fi s\u0131ra ise modern d\u00f6nemde oryantalizm-hadis m\u00fcnasebetine, hadis ara\u015ft\u0131rmalar\u0131nda teknolojik imkanlara ve Arap d\u00fcnyas\u0131nda hadisler hakk\u0131nda yap\u0131lan akademik \u00e7al\u0131\u015fmalar\u0131n de\u011ferlendirilmesine y\u00f6nelik metinlere yer verilmi\u015ftir.<\/p>\n","protected":false},"excerpt":{"rendered":"<p>S\u00fcnnet ve hadis, tarih boyunca M\u00fcsl\u00fcman toplumlar\u0131n asgari m\u00fc\u015ftereklerini belirleyen en temel hususlardand\u0131r. Onun bu \u00f6neminden \u00f6t\u00fcr\u00fcd\u00fcr ki bu ilme dair \u00e7al\u0131\u015fmalar g\u00fcn\u00fcm\u00fcze de\u011fin durmaks\u0131z\u0131n devam<span class=\"excerpt-hellip\"> [\u2026]<\/span><\/p>\n","protected":false},"featured_media":0,"template":"","meta":{"_monsterinsights_skip_tracking":false,"_monsterinsights_sitenote_active":false,"_monsterinsights_sitenote_note":"","_monsterinsights_sitenote_category":0},"product_brand":[],"product_cat":[12718,12719,18109],"product_tag":[],"class_list":{"0":"post-746911","1":"product","2":"type-product","3":"status-publish","5":"product_cat-din","6":"product_cat-islam","7":"product_cat-islam-tarihi","8":"pa_cilt-ciltli","9":"pa_tur-kitap","10":"pa_yayinevi-divan-kitap","11":"pa_yazar-kolektif","13":"first","14":"instock","15":"sale","16":"shipping-taxable","17":"purchasable","18":"product-type-simple"},"_links":{"self":[{"href":"https:\/\/roveyayinevi.com.tr\/index.php\/wp-json\/wp\/v2\/product\/746911","targetHints":{"allow":["GET"]}}],"collection":[{"href":"https:\/\/roveyayinevi.com.tr\/index.php\/wp-json\/wp\/v2\/product"}],"about":[{"href":"https:\/\/roveyayinevi.com.tr\/index.php\/wp-json\/wp\/v2\/types\/product"}],"wp:attachment":[{"href":"https:\/\/roveyayinevi.com.tr\/index.php\/wp-json\/wp\/v2\/media?parent=746911"}],"wp:term":[{"taxonomy":"product_brand","embeddable":true,"href":"https:\/\/roveyayinevi.com.tr\/index.php\/wp-json\/wp\/v2\/product_brand?post=746911"},{"taxonomy":"product_cat","embeddable":true,"href":"https:\/\/roveyayinevi.com.tr\/index.php\/wp-json\/wp\/v2\/product_cat?post=746911"},{"taxonomy":"product_tag","embeddable":true,"href":"https:\/\/roveyayinevi.com.tr\/index.php\/wp-json\/wp\/v2\/product_tag?post=746911"}],"curies":[{"name":"wp","href":"https:\/\/api.w.org\/{rel}","templated":true}]}}