{"id":746882,"date":"2025-08-28T02:53:29","date_gmt":"2025-08-27T23:53:29","guid":{"rendered":"https:\/\/roveyayinevi.com.tr\/index.php\/urun\/dirilis-haktir\/"},"modified":"2026-04-16T02:59:36","modified_gmt":"2026-04-15T23:59:36","slug":"dirilis-haktir","status":"publish","type":"product","link":"https:\/\/roveyayinevi.com.tr\/index.php\/urun\/dirilis-haktir\/","title":{"rendered":"Dirili\u015f Hakt\u0131r"},"content":{"rendered":"<p>Dirili\u015fin en b\u00fcy\u00fck delili d\u00fcnyada g\u00f6zlemlenen rahmet hakikatidir. Bu hakikat sonsuzdur. K\u00e2inat\u0131n gelece\u011finde h\u00e2kim olacak olan o hakikattir. Varl\u0131k, varolu\u015f ve hayat somut bir rahmettir. Rahman ismi o rahmetin kanun \u015feklindeki tecellileridir. Rahim ise ola\u011fan\u00fcst\u00fc olan tecellileridir. Evet Rahmet hakikati Allah i\u00e7in yaratmak demektir. \u0130nsan i\u00e7in de ba\u015far\u0131 manas\u0131na gelir.    Rahmet kelimesi yumu\u015fakl\u0131k \u00f6zellikle kalp yumu\u015fakl\u0131\u011f\u0131 demektir. Allah i\u00e7in maddi bir kalp d\u00fc\u015f\u00fcn\u00fclemeyece\u011fi i\u00e7in; bu kavram\u0131n Allah hakk\u0131nda kullan\u0131lmas\u0131n\u0131n mecaz oldu\u011fu anla\u015f\u0131l\u0131r. Demek nas\u0131l bir insan\u0131n kalbi yumu\u015fad\u0131\u011f\u0131nda iyilik yapar; g\u00fczel i\u015fler g\u00f6r\u00fcr. Aynen \u00f6yle de Allah\u2019\u0131n (sonsuz soyut varl\u0131\u011f\u0131n) tenezz\u00fcl edip hakiki varl\u0131\u011fa g\u00f6re yumu\u015fak ve feminen bir yap\u0131 olan maddeyi sonra hayat\u0131 sonra bahar\u0131 ve r\u0131zk\u0131 yaratmas\u0131, Ona has bir rahmet (yumu\u015fak davran\u0131\u015f) bi\u00e7imidir.   Demek her varolu\u015f bir rahmettir. Varolu\u015f s\u00fcreci i\u00e7inde -273 ile 10 milyon oC\u2019yi dengeleyip cennet gibi d\u00fcnya k\u00fcremizi hayata elveri\u015fli yapmas\u0131 da bir rahmettir. O a\u015fk\u0131n varl\u0131k i\u00e7in bir tenezz\u00fcld\u00fcr; ba\u015fka benliklere bir \u015fefkattir. D\u00fcnyam\u0131zda dahi sonsuz diyalektik yap\u0131lar\u0131 ve olaylar\u0131 dengeleyip d\u00fcnyay\u0131 hayata bir be\u015fik yapmas\u0131, aileyi bir yuva k\u0131lmas\u0131, hayat\u0131 bir huri gibi \u00e7al\u0131\u015ft\u0131rmas\u0131 yine rahmettir.   Evet, ilk yarat\u0131l\u0131\u015f sonsuz ihtimalden bir tek ihtimal iken ger\u00e7ekle\u015fti\u011fi gibi insan bireylerinin dirili\u015fi de sonsuz ihtimalden bir ihtimaldir; o da ger\u00e7ekle\u015fecektir. Sonsuzda yaz\u0131l\u0131m ile her \u015fey kolayla\u015f\u0131r.   Evet yetmi\u015fli y\u0131llardan sonra her \u015feyin her varl\u0131\u011f\u0131n \u00f6zellikle hayat\u0131n \u00f6zellikle DNA ve Beynin sonsuz ihtimaller i\u00e7eren birer yaz\u0131l\u0131m olduklar\u0131 ilmen anla\u015f\u0131ld\u0131. Yaz\u0131l\u0131mda hi\u00e7bir \u015fey kaybolmaz.   <\/p>\n","protected":false},"excerpt":{"rendered":"<p>Dirili\u015fin en b\u00fcy\u00fck delili d\u00fcnyada g\u00f6zlemlenen rahmet hakikatidir. Bu hakikat sonsuzdur. K\u00e2inat\u0131n gelece\u011finde h\u00e2kim olacak olan o hakikattir. Varl\u0131k, varolu\u015f ve hayat somut bir rahmettir. Rahman<span class=\"excerpt-hellip\"> [\u2026]<\/span><\/p>\n","protected":false},"featured_media":0,"template":"","meta":{"_monsterinsights_skip_tracking":false,"_monsterinsights_sitenote_active":false,"_monsterinsights_sitenote_note":"","_monsterinsights_sitenote_category":0},"product_brand":[],"product_cat":[12777,12291],"product_tag":[],"class_list":{"0":"post-746882","1":"product","2":"type-product","3":"status-publish","5":"product_cat-deneme","6":"product_cat-edebiyat","7":"pa_cilt-ciltsiz","8":"pa_tur-kitap","9":"pa_yayinevi-gulnar-yayinlari","10":"pa_yazar-bahaeddin-saglam","12":"first","13":"instock","14":"sale","15":"shipping-taxable","16":"purchasable","17":"product-type-simple"},"_links":{"self":[{"href":"https:\/\/roveyayinevi.com.tr\/index.php\/wp-json\/wp\/v2\/product\/746882","targetHints":{"allow":["GET"]}}],"collection":[{"href":"https:\/\/roveyayinevi.com.tr\/index.php\/wp-json\/wp\/v2\/product"}],"about":[{"href":"https:\/\/roveyayinevi.com.tr\/index.php\/wp-json\/wp\/v2\/types\/product"}],"wp:attachment":[{"href":"https:\/\/roveyayinevi.com.tr\/index.php\/wp-json\/wp\/v2\/media?parent=746882"}],"wp:term":[{"taxonomy":"product_brand","embeddable":true,"href":"https:\/\/roveyayinevi.com.tr\/index.php\/wp-json\/wp\/v2\/product_brand?post=746882"},{"taxonomy":"product_cat","embeddable":true,"href":"https:\/\/roveyayinevi.com.tr\/index.php\/wp-json\/wp\/v2\/product_cat?post=746882"},{"taxonomy":"product_tag","embeddable":true,"href":"https:\/\/roveyayinevi.com.tr\/index.php\/wp-json\/wp\/v2\/product_tag?post=746882"}],"curies":[{"name":"wp","href":"https:\/\/api.w.org\/{rel}","templated":true}]}}