{"id":746869,"date":"2025-08-28T02:53:10","date_gmt":"2025-08-27T23:53:10","guid":{"rendered":"https:\/\/roveyayinevi.com.tr\/index.php\/urun\/canim-allahim-subhanallah\/"},"modified":"2026-04-13T03:05:32","modified_gmt":"2026-04-13T00:05:32","slug":"canim-allahim-subhanallah","status":"publish","type":"product","link":"https:\/\/roveyayinevi.com.tr\/index.php\/urun\/canim-allahim-subhanallah\/","title":{"rendered":"Can\u0131m Allah&#8217;\u0131m S\u00fcbhanallah"},"content":{"rendered":"<p>S\u00fcbhanallah kavram\u0131n\u0131 masal tad\u0131nda anlatan bu eserle, \u00e7ocuklar hayvanlar d\u00fcnyas\u0131nda ne\u015feli bir yolculu\u011fa \u00e7\u0131karken Allah&#8217;\u0131n her \u015feyi \u00f6rneksiz ve en g\u00fczel \u015fekilde yaratt\u0131\u011f\u0131n\u0131 ve ondan ba\u015fka hi\u00e7bir yarat\u0131c\u0131 olmad\u0131\u011f\u0131n\u0131 hissetme yolunda \u00f6nemli bir ad\u0131m atm\u0131\u015f olacaklar.<\/p>\n","protected":false},"excerpt":{"rendered":"<p>S\u00fcbhanallah kavram\u0131n\u0131 masal tad\u0131nda anlatan bu eserle, \u00e7ocuklar hayvanlar d\u00fcnyas\u0131nda ne\u015feli bir yolculu\u011fa \u00e7\u0131karken Allah&#8217;\u0131n her \u015feyi \u00f6rneksiz ve en g\u00fczel \u015fekilde yaratt\u0131\u011f\u0131n\u0131 ve ondan ba\u015fka<span class=\"excerpt-hellip\"> [\u2026]<\/span><\/p>\n","protected":false},"featured_media":0,"template":"","meta":{"_monsterinsights_skip_tracking":false,"_monsterinsights_sitenote_active":false,"_monsterinsights_sitenote_note":"","_monsterinsights_sitenote_category":0},"product_brand":[],"product_cat":[12274,12284],"product_tag":[],"class_list":{"0":"post-746869","1":"product","2":"type-product","3":"status-publish","5":"product_cat-cocuk-ve-genclik-kitaplari","6":"product_cat-hikayeler","7":"pa_cilt-ciltsiz","8":"pa_tur-kitap","9":"pa_yayinevi-gulce-kitap","10":"pa_yazar-hekimoglu-ismail","12":"first","13":"instock","14":"sale","15":"shipping-taxable","16":"purchasable","17":"product-type-simple"},"_links":{"self":[{"href":"https:\/\/roveyayinevi.com.tr\/index.php\/wp-json\/wp\/v2\/product\/746869","targetHints":{"allow":["GET"]}}],"collection":[{"href":"https:\/\/roveyayinevi.com.tr\/index.php\/wp-json\/wp\/v2\/product"}],"about":[{"href":"https:\/\/roveyayinevi.com.tr\/index.php\/wp-json\/wp\/v2\/types\/product"}],"wp:attachment":[{"href":"https:\/\/roveyayinevi.com.tr\/index.php\/wp-json\/wp\/v2\/media?parent=746869"}],"wp:term":[{"taxonomy":"product_brand","embeddable":true,"href":"https:\/\/roveyayinevi.com.tr\/index.php\/wp-json\/wp\/v2\/product_brand?post=746869"},{"taxonomy":"product_cat","embeddable":true,"href":"https:\/\/roveyayinevi.com.tr\/index.php\/wp-json\/wp\/v2\/product_cat?post=746869"},{"taxonomy":"product_tag","embeddable":true,"href":"https:\/\/roveyayinevi.com.tr\/index.php\/wp-json\/wp\/v2\/product_tag?post=746869"}],"curies":[{"name":"wp","href":"https:\/\/api.w.org\/{rel}","templated":true}]}}