{"id":746846,"date":"2025-08-28T02:52:36","date_gmt":"2025-08-27T23:52:36","guid":{"rendered":"https:\/\/roveyayinevi.com.tr\/index.php\/urun\/ayasli-ile-kiracilari-5\/"},"modified":"2026-04-16T02:59:35","modified_gmt":"2026-04-15T23:59:35","slug":"ayasli-ile-kiracilari-5","status":"publish","type":"product","link":"https:\/\/roveyayinevi.com.tr\/index.php\/urun\/ayasli-ile-kiracilari-5\/","title":{"rendered":"Aya\u015fl\u0131 \u0130le Kirac\u0131lar\u0131"},"content":{"rendered":"<p>Memduh \u015eevket Esendal, 1934 y\u0131l\u0131nda Vakit gazetesinde tefrika edilen, daha sonra yine ayn\u0131 y\u0131l kitap olarak yay\u0131mlanan roman\u0131 Aya\u015fl\u0131 ile Kirac\u0131lar\u0131\u2019nda yeni yap\u0131lm\u0131\u015f bir apartman\u0131n her bir odas\u0131 ayr\u0131 ayr\u0131 kiraya verilen k\u0131sm\u0131nda ya\u015fayan insanlar\u0131 anlat\u0131r. Esendal, Aya\u015fl\u0131 \u0130brahim Efendi\u2019nin sosyok\u00fclt\u00fcrel konumlar\u0131 ve d\u00fcnya g\u00f6r\u00fc\u015fleri birbirinden hayli farkl\u0131 kirac\u0131lar\u0131 bir araya geldi\u011finde gen\u00e7 Cumhuriyet\u2019in yaratmaya \u00e7al\u0131\u015ft\u0131\u011f\u0131 yeni d\u00fcnyalar\u0131n, s\u00fcregiden eski al\u0131\u015fkanl\u0131klar\u0131n ve eski ile yeni aras\u0131nda kalm\u0131\u015f ki\u015filerin ya\u015fad\u0131\u011f\u0131 gerek iktisadi gerek ruhsal ve duygusal gerilimlerin bir resmini sunarken; ta\u015fra ile merkez aras\u0131ndaki diken \u00fcst\u00fcnde ili\u015fkileri de detaylar\u0131yla g\u00f6zler \u00f6n\u00fcne serer. Beh\u00e7et \u00c7elik taraf\u0131ndan yay\u0131ma haz\u0131rlanan, Tan\u0131l Bora\u2019n\u0131n d\u00f6nemi, roman\u0131 ve yazar\u0131n d\u00fcnya g\u00f6r\u00fc\u015f\u00fcn\u00fc irdeledi\u011fi \u00f6ns\u00f6z\u00fcyle zenginle\u015fen Aya\u015fl\u0131 ile Kirac\u0131lar\u0131\u2019nda, roman\u0131n tefrikas\u0131, ilk ve son bask\u0131lar\u0131 aras\u0131ndaki farkl\u0131l\u0131klar g\u00f6steriliyor.Ayr\u0131ca Esendal\u2019\u0131n sade ve kendine has \u00fcslubu, kullan\u0131mlar\u0131 korunarak, okurlar\u0131n \u201cd\u00f6nemin ruhunu\u201d daha yak\u0131ndan g\u00f6rmeleri sa\u011flan\u0131yor. \u201cAya\u015fl\u0131 ile Kirac\u0131lar\u0131, apartman hayat\u0131n\u0131, \u015fehir hayat\u0131n\u0131n mikro kozmosu gibi tasvir eder.\u201d TANIL BORA<\/p>\n","protected":false},"excerpt":{"rendered":"<p>Memduh \u015eevket Esendal, 1934 y\u0131l\u0131nda Vakit gazetesinde tefrika edilen, daha sonra yine ayn\u0131 y\u0131l kitap olarak yay\u0131mlanan roman\u0131 Aya\u015fl\u0131 ile Kirac\u0131lar\u0131\u2019nda yeni yap\u0131lm\u0131\u015f bir apartman\u0131n her<span class=\"excerpt-hellip\"> [\u2026]<\/span><\/p>\n","protected":false},"featured_media":0,"template":"","meta":{"_monsterinsights_skip_tracking":false,"_monsterinsights_sitenote_active":false,"_monsterinsights_sitenote_note":"","_monsterinsights_sitenote_category":0},"product_brand":[],"product_cat":[12291,12711],"product_tag":[],"class_list":{"0":"post-746846","1":"product","2":"type-product","3":"status-publish","5":"product_cat-edebiyat","6":"product_cat-roman-oyku","7":"pa_cilt-ciltsiz","8":"pa_tur-kitap","9":"pa_yayinevi-iletisim-yayinlari","10":"pa_yazar-memduh-sevket-esendal","12":"first","13":"instock","14":"sale","15":"shipping-taxable","16":"purchasable","17":"product-type-simple"},"_links":{"self":[{"href":"https:\/\/roveyayinevi.com.tr\/index.php\/wp-json\/wp\/v2\/product\/746846","targetHints":{"allow":["GET"]}}],"collection":[{"href":"https:\/\/roveyayinevi.com.tr\/index.php\/wp-json\/wp\/v2\/product"}],"about":[{"href":"https:\/\/roveyayinevi.com.tr\/index.php\/wp-json\/wp\/v2\/types\/product"}],"wp:attachment":[{"href":"https:\/\/roveyayinevi.com.tr\/index.php\/wp-json\/wp\/v2\/media?parent=746846"}],"wp:term":[{"taxonomy":"product_brand","embeddable":true,"href":"https:\/\/roveyayinevi.com.tr\/index.php\/wp-json\/wp\/v2\/product_brand?post=746846"},{"taxonomy":"product_cat","embeddable":true,"href":"https:\/\/roveyayinevi.com.tr\/index.php\/wp-json\/wp\/v2\/product_cat?post=746846"},{"taxonomy":"product_tag","embeddable":true,"href":"https:\/\/roveyayinevi.com.tr\/index.php\/wp-json\/wp\/v2\/product_tag?post=746846"}],"curies":[{"name":"wp","href":"https:\/\/api.w.org\/{rel}","templated":true}]}}