{"id":746844,"date":"2025-08-28T02:52:34","date_gmt":"2025-08-27T23:52:34","guid":{"rendered":"https:\/\/roveyayinevi.com.tr\/index.php\/urun\/eskici-dukkani\/"},"modified":"2026-04-16T02:59:34","modified_gmt":"2026-04-15T23:59:34","slug":"eskici-dukkani","status":"publish","type":"product","link":"https:\/\/roveyayinevi.com.tr\/index.php\/urun\/eskici-dukkani\/","title":{"rendered":"Eskici D\u00fckkan\u0131"},"content":{"rendered":"<p>An\u0131lar hi\u00e7 beklemedi\u011fimiz bir anda i\u00e7imizde \u015fiddetli duygular uyand\u0131r\u0131r: bir h\u00fczn\u00fcn sanc\u0131s\u0131, bir a\u015fk\u0131n tela\u015f\u0131, bir kayb\u0131n ac\u0131s\u0131, bir pi\u015fmanl\u0131\u011f\u0131n huzursuzlu\u011fu\u2026 G\u00fcndelik hayat\u0131m\u0131z s\u00fcrerken biz fark\u0131nda olmadan ger\u00e7ekle\u015fen karma\u015f\u0131k n\u00f6ral s\u00fcre\u00e7lerin bir sonucudur bunlar. D\u00fcnyaya bak\u0131\u015f\u0131m\u0131z\u0131 \u015fekillendirir, davran\u0131\u015flar\u0131m\u0131z\u0131 etkiler, hayal g\u00fcc\u00fcm\u00fcz\u00fc beslerler; k\u0131sacas\u0131 bizi biz yaparlar.   Uzun y\u0131llard\u0131r haf\u0131za ile deneyim aras\u0131ndaki ili\u015fkiyi ara\u015ft\u0131ran psikiyatrist Veronica O\u2019Keane, bu kapsaml\u0131 ve b\u00fcy\u00fcleyici kitab\u0131nda haf\u0131zaya dair pek \u00e7ok soruya yan\u0131t ar\u0131yor. An\u0131lar\u0131m\u0131z nas\u0131l oluyor da bize b\u00f6ylesine ger\u00e7ek gelebiliyor? Duyum ve alg\u0131lar\u0131m\u0131z, hat\u0131ralar\u0131m\u0131z\u0131 ne derecede etkiliyor?  \u201cGer\u00e7ek\u201d ve \u201csahte\u201d an\u0131 diye bir \u015fey var m\u0131d\u0131r? Hepsinden de \u00f6nemlisi, haf\u0131za i\u015flevi, zihinsel bir rahats\u0131zl\u0131k y\u00fcz\u00fcnden sekteye u\u011frad\u0131\u011f\u0131nda neler olur? O\u2019Keane, bu meselelerin izini s\u00fcrerek psikozun \u00e7arp\u0131tt\u0131\u011f\u0131 an\u0131lar\u0131 insan beyninin s\u0131rlar\u0131n\u0131 \u00e7\u00f6zmek i\u00e7in kullan\u0131yor ve bizlere ki\u015fisel deneyimlerimiz hakk\u0131nda d\u00fc\u015f\u00fcnmenin yeni bir yolunu sunuyor.   Yazar, hastalar\u0131n\u0131n dokunakl\u0131 hik\u00e2yelerinin yan\u0131 s\u0131ra edebiyattan ve peri masallar\u0131ndan da yararland\u0131\u011f\u0131 bu eserinde, ola\u011fan\u00fcst\u00fc bir bilmece olan insan beyninin do\u011fumdan ergenli\u011fe ve ya\u015fl\u0131l\u0131\u011fa de\u011fin nas\u0131l bi\u00e7imlendi\u011fini daha iyi anlayabilmemiz i\u00e7in en yeni n\u00f6robilimsel ara\u015ft\u0131rmalara yer veriyor. Eskici D\u00fckk\u00e2n\u0131, ciddi ruhsal sorunlar ya\u015fayan insanlar\u0131n cesaretine ve ac\u0131lar\u0131na tan\u0131kl\u0131k ederken, onlar\u0131n deneyimlerinin, bildi\u011fimiz ve hissetti\u011fimiz \u015feylerin gizemini nas\u0131l ayd\u0131nlatabilece\u011fini de g\u00f6steriyor. <\/p>\n","protected":false},"excerpt":{"rendered":"<p>An\u0131lar hi\u00e7 beklemedi\u011fimiz bir anda i\u00e7imizde \u015fiddetli duygular uyand\u0131r\u0131r: bir h\u00fczn\u00fcn sanc\u0131s\u0131, bir a\u015fk\u0131n tela\u015f\u0131, bir kayb\u0131n ac\u0131s\u0131, bir pi\u015fmanl\u0131\u011f\u0131n huzursuzlu\u011fu\u2026 G\u00fcndelik hayat\u0131m\u0131z s\u00fcrerken biz fark\u0131nda<span class=\"excerpt-hellip\"> [\u2026]<\/span><\/p>\n","protected":false},"featured_media":0,"template":"","meta":{"_monsterinsights_skip_tracking":false,"_monsterinsights_sitenote_active":false,"_monsterinsights_sitenote_note":"","_monsterinsights_sitenote_category":0},"product_brand":[],"product_cat":[13005,13006],"product_tag":[],"class_list":{"0":"post-746844","1":"product","2":"type-product","3":"status-publish","5":"product_cat-bilim-muhendislik","6":"product_cat-populer-bilim","7":"pa_cilt-ciltsiz","8":"pa_tur-kitap","9":"pa_yayinevi-minotor-kitap","10":"pa_yazar-veronica-okeane","12":"first","13":"instock","14":"sale","15":"shipping-taxable","16":"purchasable","17":"product-type-simple"},"_links":{"self":[{"href":"https:\/\/roveyayinevi.com.tr\/index.php\/wp-json\/wp\/v2\/product\/746844","targetHints":{"allow":["GET"]}}],"collection":[{"href":"https:\/\/roveyayinevi.com.tr\/index.php\/wp-json\/wp\/v2\/product"}],"about":[{"href":"https:\/\/roveyayinevi.com.tr\/index.php\/wp-json\/wp\/v2\/types\/product"}],"wp:attachment":[{"href":"https:\/\/roveyayinevi.com.tr\/index.php\/wp-json\/wp\/v2\/media?parent=746844"}],"wp:term":[{"taxonomy":"product_brand","embeddable":true,"href":"https:\/\/roveyayinevi.com.tr\/index.php\/wp-json\/wp\/v2\/product_brand?post=746844"},{"taxonomy":"product_cat","embeddable":true,"href":"https:\/\/roveyayinevi.com.tr\/index.php\/wp-json\/wp\/v2\/product_cat?post=746844"},{"taxonomy":"product_tag","embeddable":true,"href":"https:\/\/roveyayinevi.com.tr\/index.php\/wp-json\/wp\/v2\/product_tag?post=746844"}],"curies":[{"name":"wp","href":"https:\/\/api.w.org\/{rel}","templated":true}]}}