{"id":746828,"date":"2025-08-28T02:51:41","date_gmt":"2025-08-27T23:51:41","guid":{"rendered":"https:\/\/roveyayinevi.com.tr\/index.php\/urun\/toplu-eserler-ciltli\/"},"modified":"2026-04-16T02:59:03","modified_gmt":"2026-04-15T23:59:03","slug":"toplu-eserler-ciltli","status":"publish","type":"product","link":"https:\/\/roveyayinevi.com.tr\/index.php\/urun\/toplu-eserler-ciltli\/","title":{"rendered":"Toplu Eserler (Ciltli)"},"content":{"rendered":"<p>\u201c\u0130skender \u00d6ks\u00fcz\u2019\u00fcn kaleme ald\u0131\u011f\u0131 Millet ve Milliyet\u00e7ilik, bence son on y\u0131llar\u0131n millet ve milliyet\u00e7ilik konusundaki en \u00f6nemli eseridir. Ben bu eseri, Ziya G\u00f6kalp\u2019\u0131n T\u00fcrk\u00e7\u00fcl\u00fc\u011f\u00fcn Esaslar\u0131, Sadri Maksudi Arsal\u2019\u0131n Milliyet Duygusunun Sosyolojik Esaslar\u0131, Ats\u0131z\u2019\u0131n T\u00fcrk \u00dclk\u00fcs\u00fc, Osman Turan\u2019\u0131n T\u00fcrk Cihan H\u00e2kimiyeti Mefk\u00fbresi Tarihi kitaplar\u0131 ile ayn\u0131 s\u0131raya koyuyorum.\u201dProf. Dr. Ahmet Bican Ercilasun,Eski T\u00fcrk Dil Kurumu Ba\u015fkan\u0131\u201c\u0130skender \u00d6ks\u00fcz, gen\u00e7lik y\u0131llar\u0131m\u0131zdan beri Ziya G\u00f6kalp, M\u00fcmtaz Turhan ve Erol G\u00fcng\u00f6r\u2019\u00fcn sosyoloji \u00e7izgisine ba\u011fl\u0131, kaliteli bir milliyet\u00e7idir&#8230; \u00d6nemli bir kitap. Tavsiye ederim.\u201dTaha Akyol, Milliyet Kitap\u201cT\u00fcrk milliyet\u00e7ilerinin okumas\u0131 gereken iki temel kitap: T\u00fcrk\u2019\u00fcm \u00d6z\u00fcr Dilerim ve Ni\u00e7in? Her iki kitab\u0131 da 21. Y\u00fczy\u0131l T\u00fcrkiye Enstit\u00fcs\u00fc \u00e7al\u0131\u015fanlar\u0131 i\u00e7in zorunlu okuma kitab\u0131 yapt\u0131m. Sizler i\u00e7in zorunlu hale getiremem ancak bu kitaplar\u0131 \u015fiddetle tavsiye ediyorum. \u201dProf. Dr. \u00dcmit \u00d6zda\u011f\u201cKendisini T\u00fcrk milliyet\u00e7isi olarak tan\u0131ml\u0131yor \u0130skender \u00d6ks\u00fcz. Bu kimli\u011fiyle de T\u00fcrkiye&#8217;nin lehine olanlar\u0131 bulup \u00e7\u0131karmak ve aleyhine olanlar\u0131 te\u015fhir etmek gayretinde oldu\u011funu s\u00f6yl\u00fcyor. Kat\u0131l\u0131r ya da kat\u0131lmay\u0131z, o ba\u015fka ama bir fikri-ideolojiyi-felsefeyi m\u00fcsveddelerinden dinleyece\u011finize-okuyaca\u011f\u0131n\u0131za kayna\u011f\u0131ndan okumak en do\u011frusu. \u0130skender \u00d6ks\u00fcz, milliyet\u00e7i d\u00fc\u015f\u00fcncenin itirazlar\u0131n\u0131 anlamak i\u00e7in bak\u0131labilecek en ehil kaynaklardan biri.\u201dHalime K\u00f6k\u00e7e, Star\u201cBa\u015fl\u0131k ironik. Bizi \u00f6yle h\u00e2le getirdiler ki, \u00e2deta T\u00fcrk oldu\u011fumuzdan utand\u0131r\u0131r oldular. T\u00fcrk\u2019\u00fcm \u00d6z\u00fcr Dilerim&#8230; \u2018T\u00fcrk\u2019 mefhumu tart\u0131\u015fmalar\u0131nda son noktay\u0131 koyan bir eserdir.\u201dArslan Tekin, Yeni\u00e7a\u011f\u201cMilletler aras\u0131ndaki ekonomik e\u015fitsizli\u011fin sebepleri konusuna kafa yoranlar i\u00e7in Prof. \u0130skender \u00d6ks\u00fcz\u2019\u00fcn -ayn\u0131 zamanda \u00fcslup \u015faheseri olan- Ni\u00e7in? adl\u0131 kitab\u0131nda bu konularda orijinal tezler ileri s\u00fcrm\u00fc\u015f bilim adamlar\u0131n\u0131n belli ba\u015fl\u0131lar\u0131n\u0131n yazd\u0131klar\u0131n\u0131n ayr\u0131nt\u0131l\u0131 ve doyurucu de\u011ferlendirmeleri var. \u0130lgilisine \u00f6neririm.\u201d\u0130brahim Kiras\u201c\u0130skender \u00d6ks\u00fcz Hoca&#8217;n\u0131n Ni\u00e7in? ve benzeri muhteval\u0131 yaz\u0131lar\u0131n\u0131n, mahzun T\u00fcrkl\u00fc\u011f\u00fcn hak ve \u00e7\u0131karlar\u0131n\u0131 bilgi ve k\u00fclt\u00fcrle savunma l\u00fczumuna inananlar i\u00e7in de\u011feri b\u00fcy\u00fckt\u00fcr.\u201dKurmay Albay Dr. Hasip Sayg\u0131l\u0131, Harp Akademileri Komutanl\u0131\u011f\u0131Stratejik Ara\u015ft\u0131rmalar Enstit\u00fcs\u00fc (SAREN) Ba\u015fkan\u0131, T\u00fcrk Yurdu<\/p>\n","protected":false},"excerpt":{"rendered":"<p>\u201c\u0130skender \u00d6ks\u00fcz\u2019\u00fcn kaleme ald\u0131\u011f\u0131 Millet ve Milliyet\u00e7ilik, bence son on y\u0131llar\u0131n millet ve milliyet\u00e7ilik konusundaki en \u00f6nemli eseridir. Ben bu eseri, Ziya G\u00f6kalp\u2019\u0131n T\u00fcrk\u00e7\u00fcl\u00fc\u011f\u00fcn Esaslar\u0131, Sadri<span class=\"excerpt-hellip\"> [\u2026]<\/span><\/p>\n","protected":false},"featured_media":0,"template":"","meta":{"_monsterinsights_skip_tracking":false,"_monsterinsights_sitenote_active":false,"_monsterinsights_sitenote_note":"","_monsterinsights_sitenote_category":0},"product_brand":[],"product_cat":[12835,12324],"product_tag":[],"class_list":{"0":"post-746828","1":"product","2":"type-product","3":"status-publish","5":"product_cat-genel-sosyoloji","6":"product_cat-sosyoloji","7":"pa_cilt-ciltli","8":"pa_tur-kitap","9":"pa_yayinevi-panama-yayincilik","10":"pa_yazar-iskender-oksuz","12":"first","13":"instock","14":"sale","15":"shipping-taxable","16":"purchasable","17":"product-type-simple"},"_links":{"self":[{"href":"https:\/\/roveyayinevi.com.tr\/index.php\/wp-json\/wp\/v2\/product\/746828","targetHints":{"allow":["GET"]}}],"collection":[{"href":"https:\/\/roveyayinevi.com.tr\/index.php\/wp-json\/wp\/v2\/product"}],"about":[{"href":"https:\/\/roveyayinevi.com.tr\/index.php\/wp-json\/wp\/v2\/types\/product"}],"wp:attachment":[{"href":"https:\/\/roveyayinevi.com.tr\/index.php\/wp-json\/wp\/v2\/media?parent=746828"}],"wp:term":[{"taxonomy":"product_brand","embeddable":true,"href":"https:\/\/roveyayinevi.com.tr\/index.php\/wp-json\/wp\/v2\/product_brand?post=746828"},{"taxonomy":"product_cat","embeddable":true,"href":"https:\/\/roveyayinevi.com.tr\/index.php\/wp-json\/wp\/v2\/product_cat?post=746828"},{"taxonomy":"product_tag","embeddable":true,"href":"https:\/\/roveyayinevi.com.tr\/index.php\/wp-json\/wp\/v2\/product_tag?post=746828"}],"curies":[{"name":"wp","href":"https:\/\/api.w.org\/{rel}","templated":true}]}}