{"id":746826,"date":"2025-08-28T02:51:38","date_gmt":"2025-08-27T23:51:38","guid":{"rendered":"https:\/\/roveyayinevi.com.tr\/index.php\/urun\/gunes-olan-kiz\/"},"modified":"2026-04-16T02:59:03","modified_gmt":"2026-04-15T23:59:03","slug":"gunes-olan-kiz","status":"publish","type":"product","link":"https:\/\/roveyayinevi.com.tr\/index.php\/urun\/gunes-olan-kiz\/","title":{"rendered":"G\u00fcne\u015f Olan K\u0131z"},"content":{"rendered":"<p>1345\u2019te \u00c7in, sert Mo\u011fol y\u00f6netimi alt\u0131ndad\u0131r. Bu topraklarda a\u00e7l\u0131ktan k\u0131r\u0131lan k\u00f6yl\u00fcler i\u00e7in azamet yaln\u0131zca hik\u00e2yelere mahsus bir kavramd\u0131r. Zhu ailesinin o\u011flu Zhu Chongba\u2019ya azamet dolu bir kader bah\u015fedildi\u011finde kimse bunun nas\u0131l ger\u00e7ekle\u015fece\u011fine ak\u0131l s\u0131r erdiremez. Di\u011fer yandan, ailenin zeki ve becerikli k\u0131z\u0131na bah\u015fedilen hi\u00e7lik \u015fa\u015f\u0131rtmaz kimseyi.   Fakat bir haydut sald\u0131r\u0131s\u0131 bu iki \u00e7ocu\u011fu yetim b\u0131rakt\u0131\u011f\u0131nda \u00e7aresizli\u011fe boyun e\u011fip \u00f6len Zhu Chongba olur. Kaderindeki \u00f6l\u00fcmden ka\u00e7mak i\u00e7in her \u015feyi yapmaya haz\u0131r olan k\u0131z, erkek karde\u015finin kimli\u011fini \u00fcstlenir ve gen\u00e7 bir \u00e7\u00f6mez olarak bir manast\u0131ra girer. Hayatta kalma arzusuna s\u0131k\u0131 s\u0131k\u0131ya sar\u0131lan Zhu burada, kaderini de\u011fi\u015ftirmek i\u00e7in her t\u00fcrl\u00fc k\u00f6t\u00fcl\u00fc\u011f\u00fc yapabilecek birine d\u00f6n\u00fc\u015fecektir.   \u201cEpik, trajik ve muhte\u015fem. Sizi darmada\u011f\u0131n etti\u011fine memnun olaca\u011f\u0131n\u0131z bir roman.\u201d \u2013Alix E. Harrow   \u201cHer a\u00e7\u0131dan muhte\u015fem. Sava\u015f, tutku, intikam, siyaset \u2013 Shelley Parker-Chan bu epik hik\u00e2yenin her bir \u00f6\u011fesini kusursuzca \u00f6l\u00e7m\u00fc\u015f.\u201d \u2013Samantha Shannon   \u201cKader, sava\u015f, sevgi ve ihanet i\u00e7eren g\u00f6z kama\u015ft\u0131r\u0131c\u0131, yepyeni bir d\u00fcnya.\u201d \u2013Zen Cho   \u201cParker-Chan\u2019\u0131n ilk kitab\u0131 sava\u015f, a\u015fk ve kimlik hakk\u0131nda \u015fiirsel bir ba\u015fyap\u0131t.\u201d \u2013S. A. Chakraborty <\/p>\n","protected":false},"excerpt":{"rendered":"<p>1345\u2019te \u00c7in, sert Mo\u011fol y\u00f6netimi alt\u0131ndad\u0131r. Bu topraklarda a\u00e7l\u0131ktan k\u0131r\u0131lan k\u00f6yl\u00fcler i\u00e7in azamet yaln\u0131zca hik\u00e2yelere mahsus bir kavramd\u0131r. Zhu ailesinin o\u011flu Zhu Chongba\u2019ya azamet dolu bir<span class=\"excerpt-hellip\"> [\u2026]<\/span><\/p>\n","protected":false},"featured_media":0,"template":"","meta":{"_monsterinsights_skip_tracking":false,"_monsterinsights_sitenote_active":false,"_monsterinsights_sitenote_note":"","_monsterinsights_sitenote_category":0},"product_brand":[],"product_cat":[12291,14777],"product_tag":[],"class_list":{"0":"post-746826","1":"product","2":"type-product","3":"status-publish","5":"product_cat-edebiyat","6":"product_cat-fantastik","7":"pa_cilt-ciltsiz","8":"pa_tur-kitap","9":"pa_yayinevi-ithaki-yayinlari","10":"pa_yazar-shelley-parker-chan","12":"first","13":"instock","14":"sale","15":"shipping-taxable","16":"purchasable","17":"product-type-simple"},"_links":{"self":[{"href":"https:\/\/roveyayinevi.com.tr\/index.php\/wp-json\/wp\/v2\/product\/746826","targetHints":{"allow":["GET"]}}],"collection":[{"href":"https:\/\/roveyayinevi.com.tr\/index.php\/wp-json\/wp\/v2\/product"}],"about":[{"href":"https:\/\/roveyayinevi.com.tr\/index.php\/wp-json\/wp\/v2\/types\/product"}],"wp:attachment":[{"href":"https:\/\/roveyayinevi.com.tr\/index.php\/wp-json\/wp\/v2\/media?parent=746826"}],"wp:term":[{"taxonomy":"product_brand","embeddable":true,"href":"https:\/\/roveyayinevi.com.tr\/index.php\/wp-json\/wp\/v2\/product_brand?post=746826"},{"taxonomy":"product_cat","embeddable":true,"href":"https:\/\/roveyayinevi.com.tr\/index.php\/wp-json\/wp\/v2\/product_cat?post=746826"},{"taxonomy":"product_tag","embeddable":true,"href":"https:\/\/roveyayinevi.com.tr\/index.php\/wp-json\/wp\/v2\/product_tag?post=746826"}],"curies":[{"name":"wp","href":"https:\/\/api.w.org\/{rel}","templated":true}]}}