{"id":746816,"date":"2025-08-28T02:51:28","date_gmt":"2025-08-27T23:51:28","guid":{"rendered":"https:\/\/roveyayinevi.com.tr\/index.php\/urun\/inanc-2\/"},"modified":"2026-04-08T03:06:13","modified_gmt":"2026-04-08T00:06:13","slug":"inanc-2","status":"publish","type":"product","link":"https:\/\/roveyayinevi.com.tr\/index.php\/urun\/inanc-2\/","title":{"rendered":"\u0130nan\u00e7"},"content":{"rendered":"<p>KORKMAK YA DA \u0130NANMAK\u2026  \u0130\u015eTE B\u00dcT\u00dcN MESELE BU!    Stresin, korkunun ve belirsizliklerin nas\u0131l \u00fcstesinden geliyorsunuz? Hayat bu kadar olumsuzlukla doluyken insanlara ya da d\u00fcnyaya olan g\u00fcveninizi nas\u0131l koruyorsunuz? T\u00fcm bunlarla y\u00fczle\u015fti\u011finiz s\u0131rada korkuyla ya\u015famay\u0131 da se\u00e7ebilirsiniz, inan\u00e7la g\u00fc\u00e7lenmeyi de&#8230; S\u00f6ylemesi kolay ama d\u00fcnya bu kadar kaotik ve gelecek bu kadar \u00f6ng\u00f6r\u00fclemezken en do\u011fru karar\u0131 nas\u0131l vereceksiniz?   \u0130\u015fte \u0130nan\u00e7 burada devreye giriyor ve sevgi ve g\u00fcvenle ya\u015famak i\u00e7in ak\u0131ll\u0131ca bir bak\u0131\u015f a\u00e7\u0131s\u0131 sunuyor. Ak\u0131c\u0131 bir anlat\u0131mla size ihtiyac\u0131n\u0131z olan g\u00fcc\u00fc ve rehberli\u011fi sa\u011fl\u0131yor. Kendine inanmay\u0131, ba\u015fkalar\u0131na inanmay\u0131, d\u00fcnyaya inanmay\u0131 ve b\u00fcy\u00fck bir g\u00fcce inanmay\u0131 ayr\u0131 ayr\u0131 ele al\u0131yor.   Dr. Vitale &#8220;k\u00f6r\u00fc k\u00f6r\u00fcne&#8221; inanmaktan bahsetmiyor. Bilakis, inan\u00e7 \u00f6rnekleri ve hayat hik\u00e2yeleriyle g\u00fcveninizi kazanmaya geliyor. Bir solukta okuyaca\u011f\u0131n\u0131z \u0130nan\u00e7, hayat\u0131n\u0131zda \u00f6nemli de\u011fi\u015fiklikler yapman\u0131z\u0131 kolayla\u015ft\u0131racak.   ***   Bir zamanlar evsizdi ve sokaklarda ya\u015f\u0131yordu. Her \u015feyini kaybetmi\u015fti. Ama o, vazge\u00e7mek yerine inanc\u0131 se\u00e7ti. 1970&#8217;lerde Teksas&#8217;\u0131n sokaklar\u0131nda ge\u00e7irdi\u011fi yoksul hayattan s\u0131yr\u0131l\u0131p zengin ve ba\u015far\u0131l\u0131 bir yazar oldu. Yanl\u0131\u015f duymad\u0131n\u0131z. Bir roman kahraman\u0131n\u0131n de\u011fil, Joe Vitale&#8217;in \u00f6yk\u00fcs\u00fc bu!   \u0130nan\u00e7 kitab\u0131nda kendi hayat\u0131ndaki zorluklar\u0131n nas\u0131l \u00fcstesinden geldi\u011finden \u00f6rnekler veren Dr. Vitale, okurlar\u0131na da onu \u00f6rnek alarak hedeflerine ula\u015fabilmeleri i\u00e7in yol g\u00f6steriyor. En \u00e7ok ihtiyac\u0131m\u0131z oldu\u011funda inanc\u0131 korumam\u0131z ve inanc\u0131n \u00e7\u0131\u011f gibi b\u00fcy\u00fcyerek d\u00fcnyay\u0131 de\u011fi\u015ftirebilece\u011finin fark\u0131nda olmam\u0131z i\u00e7in ger\u00e7ek hayat tecr\u00fcbeleriyle yolumuza \u0131\u015f\u0131k tutuyor. \u201cA\u00e7\u0131k \u00fcslubuyla hayranl\u0131k uyand\u0131ran Vitale, bu kitab\u0131nda inanc\u0131n imk\u00e2n s\u0131n\u0131rlar\u0131n\u0131 a\u015fmas\u0131na izin vermeyi konu al\u0131yor.\u201d  Dr. John Gray    \u201cD\u00fcnyay\u0131 anlad\u0131\u011f\u0131n\u0131z\u0131 d\u00fc\u015f\u00fcnmeye ba\u015flad\u0131\u011f\u0131n\u0131z anda Joe Vitale sizi al\u0131p ba\u015fka bir yere g\u00f6t\u00fcr\u00fcyor. S\u00fcr\u00fckleyici, bilgilendirici ve akl\u0131n\u0131z\u0131 ba\u015f\u0131n\u0131zdan al\u0131yor!\u201d  Ian Percy, psikiyatr  <\/p>\n","protected":false},"excerpt":{"rendered":"<p>KORKMAK YA DA \u0130NANMAK\u2026 \u0130\u015eTE B\u00dcT\u00dcN MESELE BU! Stresin, korkunun ve belirsizliklerin nas\u0131l \u00fcstesinden geliyorsunuz? Hayat bu kadar olumsuzlukla doluyken insanlara ya da d\u00fcnyaya olan g\u00fcveninizi<span class=\"excerpt-hellip\"> [\u2026]<\/span><\/p>\n","protected":false},"featured_media":0,"template":"","meta":{"_monsterinsights_skip_tracking":false,"_monsterinsights_sitenote_active":false,"_monsterinsights_sitenote_note":"","_monsterinsights_sitenote_category":0},"product_brand":[],"product_cat":[12364,12376],"product_tag":[],"class_list":{"0":"post-746816","1":"product","2":"type-product","3":"status-publish","5":"product_cat-genel-konular","6":"product_cat-kisisel-gelisim","7":"pa_cilt-ciltsiz","8":"pa_tur-kitap","9":"pa_yayinevi-pegasus-yayinlari","10":"pa_yazar-joe-vitale","12":"first","13":"instock","14":"sale","15":"shipping-taxable","16":"purchasable","17":"product-type-simple"},"_links":{"self":[{"href":"https:\/\/roveyayinevi.com.tr\/index.php\/wp-json\/wp\/v2\/product\/746816","targetHints":{"allow":["GET"]}}],"collection":[{"href":"https:\/\/roveyayinevi.com.tr\/index.php\/wp-json\/wp\/v2\/product"}],"about":[{"href":"https:\/\/roveyayinevi.com.tr\/index.php\/wp-json\/wp\/v2\/types\/product"}],"wp:attachment":[{"href":"https:\/\/roveyayinevi.com.tr\/index.php\/wp-json\/wp\/v2\/media?parent=746816"}],"wp:term":[{"taxonomy":"product_brand","embeddable":true,"href":"https:\/\/roveyayinevi.com.tr\/index.php\/wp-json\/wp\/v2\/product_brand?post=746816"},{"taxonomy":"product_cat","embeddable":true,"href":"https:\/\/roveyayinevi.com.tr\/index.php\/wp-json\/wp\/v2\/product_cat?post=746816"},{"taxonomy":"product_tag","embeddable":true,"href":"https:\/\/roveyayinevi.com.tr\/index.php\/wp-json\/wp\/v2\/product_tag?post=746816"}],"curies":[{"name":"wp","href":"https:\/\/api.w.org\/{rel}","templated":true}]}}