{"id":746797,"date":"2025-08-28T02:51:01","date_gmt":"2025-08-27T23:51:01","guid":{"rendered":"https:\/\/roveyayinevi.com.tr\/index.php\/urun\/rems-tasi-tapaa-dagi\/"},"modified":"2026-04-16T02:59:02","modified_gmt":"2026-04-15T23:59:02","slug":"rems-tasi-tapaa-dagi","status":"publish","type":"product","link":"https:\/\/roveyayinevi.com.tr\/index.php\/urun\/rems-tasi-tapaa-dagi\/","title":{"rendered":"Rems Ta\u015f\u0131: Tapaa Da\u011f\u0131"},"content":{"rendered":"<p>Fantastik evrende ya\u015fayan tek bir b\u00fcy\u00fcc\u00fc olsayd\u0131n\u0131z ve d\u00fcnyan\u0131n bilinmeyen b\u00fcy\u00fck bir tehlikeyle kar\u015f\u0131 kar\u015f\u0131ya oldu\u011funu bilseydiniz ne yapard\u0131n\u0131z? Y\u00fczy\u0131llar boyunca s\u00fcren bar\u0131\u015f\u0131n sona erdi\u011fini g\u00f6steren i\u015faretler B\u00fcy\u00fcc\u00fc Ayzalin\u2019i tedirgin etmeye ba\u015flam\u0131\u015ft\u0131. Bilinmeyen k\u00f6t\u00fcl\u00fc\u011f\u00fcn gitgide b\u00fcy\u00fcmesi onu zorlu bir yolculu\u011fa davet ediyordu. Yolculuk, d\u00fcnyan\u0131n en y\u00fcksek da\u011f\u0131 olan Tapaa Da\u011f\u0131\u2019nayd\u0131. Da\u011f hakk\u0131nda yay\u0131lan \u015fehir efsaneleri, Ayzalin\u2019i daha \u00e7ok tedirgin ederek g\u00f6z\u00fcn\u00fc korkutmay\u0131 ba\u015farm\u0131\u015ft\u0131. Art\u0131k vermesi gereken \u00f6nemli bir karar vard\u0131. Tapaa Da\u011f\u0131\u2019na tek ba\u015f\u0131na m\u0131 gitmeliydi? Yoksa tan\u0131d\u0131\u011f\u0131 en iyi sava\u015f\u00e7\u0131lar\u0131 bu yolculu\u011fa davet mi etmeliydi? Bu kitapta birden fazla kahraman\u0131n g\u00f6z\u00fcnden birden fazla olayla kar\u015f\u0131la\u015f\u0131p onlarla beraber zorlu bir maceraya at\u0131lacaks\u0131n\u0131z. Buram buram fantastik kokan bu kitap, \u00f6zlem duydu\u011funuz fantastik d\u00fcnyay\u0131 doruklar\u0131na kadar ya\u015fatacak siz okurlara. <\/p>\n","protected":false},"excerpt":{"rendered":"<p>Fantastik evrende ya\u015fayan tek bir b\u00fcy\u00fcc\u00fc olsayd\u0131n\u0131z ve d\u00fcnyan\u0131n bilinmeyen b\u00fcy\u00fck bir tehlikeyle kar\u015f\u0131 kar\u015f\u0131ya oldu\u011funu bilseydiniz ne yapard\u0131n\u0131z? Y\u00fczy\u0131llar boyunca s\u00fcren bar\u0131\u015f\u0131n sona erdi\u011fini g\u00f6steren<span class=\"excerpt-hellip\"> [\u2026]<\/span><\/p>\n","protected":false},"featured_media":0,"template":"","meta":{"_monsterinsights_skip_tracking":false,"_monsterinsights_sitenote_active":false,"_monsterinsights_sitenote_note":"","_monsterinsights_sitenote_category":0},"product_brand":[],"product_cat":[12291,14777],"product_tag":[],"class_list":{"0":"post-746797","1":"product","2":"type-product","3":"status-publish","5":"product_cat-edebiyat","6":"product_cat-fantastik","7":"pa_cilt-ciltsiz","8":"pa_tur-kitap","9":"pa_yayinevi-perseus","10":"pa_yazar-faruk-calis","12":"first","13":"instock","14":"sale","15":"shipping-taxable","16":"purchasable","17":"product-type-simple"},"_links":{"self":[{"href":"https:\/\/roveyayinevi.com.tr\/index.php\/wp-json\/wp\/v2\/product\/746797","targetHints":{"allow":["GET"]}}],"collection":[{"href":"https:\/\/roveyayinevi.com.tr\/index.php\/wp-json\/wp\/v2\/product"}],"about":[{"href":"https:\/\/roveyayinevi.com.tr\/index.php\/wp-json\/wp\/v2\/types\/product"}],"wp:attachment":[{"href":"https:\/\/roveyayinevi.com.tr\/index.php\/wp-json\/wp\/v2\/media?parent=746797"}],"wp:term":[{"taxonomy":"product_brand","embeddable":true,"href":"https:\/\/roveyayinevi.com.tr\/index.php\/wp-json\/wp\/v2\/product_brand?post=746797"},{"taxonomy":"product_cat","embeddable":true,"href":"https:\/\/roveyayinevi.com.tr\/index.php\/wp-json\/wp\/v2\/product_cat?post=746797"},{"taxonomy":"product_tag","embeddable":true,"href":"https:\/\/roveyayinevi.com.tr\/index.php\/wp-json\/wp\/v2\/product_tag?post=746797"}],"curies":[{"name":"wp","href":"https:\/\/api.w.org\/{rel}","templated":true}]}}