{"id":746795,"date":"2025-08-28T02:50:58","date_gmt":"2025-08-27T23:50:58","guid":{"rendered":"https:\/\/roveyayinevi.com.tr\/index.php\/urun\/alinin-fotograf-makinesi\/"},"modified":"2026-04-16T02:59:02","modified_gmt":"2026-04-15T23:59:02","slug":"alinin-fotograf-makinesi","status":"publish","type":"product","link":"https:\/\/roveyayinevi.com.tr\/index.php\/urun\/alinin-fotograf-makinesi\/","title":{"rendered":"Ali&#8217;nin Foto\u011fraf Makinesi"},"content":{"rendered":"<p>Selam, ben Ali!M\u0131rm\u0131r\u2019la tan\u0131\u015ft\u0131n\u0131z m\u0131? O benim kedim. O\u2019nu \u00e7ok seviyorum. En sevdi\u011fim \u015feylerden biri de onun foto\u011fraflar\u0131n\u0131 \u00e7ekmek. Yemek yerken o kadar komik olur ki, g\u00f6rmelisiniz! Bal\u0131\u011f\u0131m\u0131z Mimi\u2019yle oynarken de\u2026 birlikte \u00e7ok e\u011flenceli zamanlar ge\u00e7iriyoruz. Bu anlar\u0131n hep foto\u011fraflar\u0131n\u0131 \u00e7ekiyorum.  Foto\u011fraflar\u0131m\u0131z\u0131 saklamak i\u00e7in g\u00fczel bir alb\u00fcm yapt\u0131m. Foto\u011fraflar\u0131 yerle\u015ftirirken bana yard\u0131m eder misin? Belki bir alb\u00fcm de sana yapar\u0131z ne dersin? Sen en \u00e7ok neleri seversin?<\/p>\n","protected":false},"excerpt":{"rendered":"<p>Selam, ben Ali!M\u0131rm\u0131r\u2019la tan\u0131\u015ft\u0131n\u0131z m\u0131? O benim kedim. O\u2019nu \u00e7ok seviyorum. En sevdi\u011fim \u015feylerden biri de onun foto\u011fraflar\u0131n\u0131 \u00e7ekmek. Yemek yerken o kadar komik olur ki,<span class=\"excerpt-hellip\"> [\u2026]<\/span><\/p>\n","protected":false},"featured_media":0,"template":"","meta":{"_monsterinsights_skip_tracking":false,"_monsterinsights_sitenote_active":false,"_monsterinsights_sitenote_note":"","_monsterinsights_sitenote_category":0},"product_brand":[],"product_cat":[12274,12631],"product_tag":[],"class_list":{"0":"post-746795","1":"product","2":"type-product","3":"status-publish","5":"product_cat-cocuk-ve-genclik-kitaplari","6":"product_cat-diger-cocuk-ve-genclik-kitaplari","7":"pa_cilt-ciltsiz","8":"pa_tur-kitap","9":"pa_yayinevi-ucan-kitap","10":"pa_yazar-seyma-kara","12":"first","13":"instock","14":"sale","15":"shipping-taxable","16":"purchasable","17":"product-type-simple"},"_links":{"self":[{"href":"https:\/\/roveyayinevi.com.tr\/index.php\/wp-json\/wp\/v2\/product\/746795","targetHints":{"allow":["GET"]}}],"collection":[{"href":"https:\/\/roveyayinevi.com.tr\/index.php\/wp-json\/wp\/v2\/product"}],"about":[{"href":"https:\/\/roveyayinevi.com.tr\/index.php\/wp-json\/wp\/v2\/types\/product"}],"wp:attachment":[{"href":"https:\/\/roveyayinevi.com.tr\/index.php\/wp-json\/wp\/v2\/media?parent=746795"}],"wp:term":[{"taxonomy":"product_brand","embeddable":true,"href":"https:\/\/roveyayinevi.com.tr\/index.php\/wp-json\/wp\/v2\/product_brand?post=746795"},{"taxonomy":"product_cat","embeddable":true,"href":"https:\/\/roveyayinevi.com.tr\/index.php\/wp-json\/wp\/v2\/product_cat?post=746795"},{"taxonomy":"product_tag","embeddable":true,"href":"https:\/\/roveyayinevi.com.tr\/index.php\/wp-json\/wp\/v2\/product_tag?post=746795"}],"curies":[{"name":"wp","href":"https:\/\/api.w.org\/{rel}","templated":true}]}}