{"id":746785,"date":"2025-08-28T02:50:44","date_gmt":"2025-08-27T23:50:44","guid":{"rendered":"https:\/\/roveyayinevi.com.tr\/index.php\/urun\/hacker-her-sey-kardesim-icin\/"},"modified":"2026-04-16T02:59:02","modified_gmt":"2026-04-15T23:59:02","slug":"hacker-her-sey-kardesim-icin","status":"publish","type":"product","link":"https:\/\/roveyayinevi.com.tr\/index.php\/urun\/hacker-her-sey-kardesim-icin\/","title":{"rendered":"Hacker &#8211; Her \u015eey Karde\u015fim \u0130\u00e7in"},"content":{"rendered":"<p>Tek arkada\u015f\u0131n\u0131z\u0131n sanal oldu\u011fu ve b\u00fcy\u00fck teknoloji \u015firketlerinin g\u0131da, sa\u011fl\u0131k ve e\u011flenceye eri\u015fimi kontrol etti\u011fi bir d\u00fcnya hayal edin. Buras\u0131 Jess&#8217;in d\u00fcnyas\u0131. Jess on d\u00f6rt ya\u015f\u0131na geldi\u011finde ilk kez di\u011fer \u00e7ocuklarla birlikte okula gider. Yat\u0131l\u0131 okulda b\u00fcy\u00fck sorunlar ya\u015fayan Jess, eve d\u00f6nd\u00fc\u011f\u00fcnde, k\u0131z karde\u015fi Chloe&#8217;nin hayat kurtaran ila\u00e7lar\u0131n\u0131n her zamankinden daha pahal\u0131 h\u00e2le geldi\u011fini g\u00f6r\u00fcr. Yard\u0131m etmeye karar veren Jess, b\u00fcy\u00fck tehlike i\u00e7eren bir plan yapar. Karde\u015fi Chloe&#8217;nin hayatta kalmas\u0131 buna plana ba\u011fl\u0131d\u0131r.Haydi, Jess&#8217;in sanal d\u00fcnyas\u0131ndaki tehlikeli ve gizemli maceras\u0131na ad\u0131m atal\u0131m.<\/p>\n","protected":false},"excerpt":{"rendered":"<p>Tek arkada\u015f\u0131n\u0131z\u0131n sanal oldu\u011fu ve b\u00fcy\u00fck teknoloji \u015firketlerinin g\u0131da, sa\u011fl\u0131k ve e\u011flenceye eri\u015fimi kontrol etti\u011fi bir d\u00fcnya hayal edin. Buras\u0131 Jess&#8217;in d\u00fcnyas\u0131. Jess on d\u00f6rt ya\u015f\u0131na<span class=\"excerpt-hellip\"> [\u2026]<\/span><\/p>\n","protected":false},"featured_media":0,"template":"","meta":{"_monsterinsights_skip_tracking":false,"_monsterinsights_sitenote_active":false,"_monsterinsights_sitenote_note":"","_monsterinsights_sitenote_category":0},"product_brand":[],"product_cat":[12291,12711],"product_tag":[],"class_list":{"0":"post-746785","1":"product","2":"type-product","3":"status-publish","5":"product_cat-edebiyat","6":"product_cat-roman-oyku","7":"pa_cilt-ciltsiz","8":"pa_tur-kitap","9":"pa_yayinevi-genc-timas","10":"pa_yazar-ele-fountain","12":"first","13":"instock","14":"sale","15":"shipping-taxable","16":"purchasable","17":"product-type-simple"},"_links":{"self":[{"href":"https:\/\/roveyayinevi.com.tr\/index.php\/wp-json\/wp\/v2\/product\/746785","targetHints":{"allow":["GET"]}}],"collection":[{"href":"https:\/\/roveyayinevi.com.tr\/index.php\/wp-json\/wp\/v2\/product"}],"about":[{"href":"https:\/\/roveyayinevi.com.tr\/index.php\/wp-json\/wp\/v2\/types\/product"}],"wp:attachment":[{"href":"https:\/\/roveyayinevi.com.tr\/index.php\/wp-json\/wp\/v2\/media?parent=746785"}],"wp:term":[{"taxonomy":"product_brand","embeddable":true,"href":"https:\/\/roveyayinevi.com.tr\/index.php\/wp-json\/wp\/v2\/product_brand?post=746785"},{"taxonomy":"product_cat","embeddable":true,"href":"https:\/\/roveyayinevi.com.tr\/index.php\/wp-json\/wp\/v2\/product_cat?post=746785"},{"taxonomy":"product_tag","embeddable":true,"href":"https:\/\/roveyayinevi.com.tr\/index.php\/wp-json\/wp\/v2\/product_tag?post=746785"}],"curies":[{"name":"wp","href":"https:\/\/api.w.org\/{rel}","templated":true}]}}