{"id":746774,"date":"2025-08-28T02:50:30","date_gmt":"2025-08-27T23:50:30","guid":{"rendered":"https:\/\/roveyayinevi.com.tr\/index.php\/urun\/bizans-tarihi-agathias-kronigi-552-559\/"},"modified":"2026-04-16T02:59:02","modified_gmt":"2026-04-15T23:59:02","slug":"bizans-tarihi-agathias-kronigi-552-559","status":"publish","type":"product","link":"https:\/\/roveyayinevi.com.tr\/index.php\/urun\/bizans-tarihi-agathias-kronigi-552-559\/","title":{"rendered":"Bizans Tarihi: Agathias Kroni\u011fi (552-559)"},"content":{"rendered":"<p>6. y\u00fczy\u0131l Bizans Tarih\u00e7isi ve Hukuk\u00e7usu Myrinal\u0131 Agathias; Prokopios, Menandros ve Theophylaktos gibi b\u00fcy\u00fck tarih\u00e7ilerden olu\u015fan zincirin \u00f6nemli bir halkas\u0131d\u0131r. Agathias, en temelde Bizans \u0130mparatoru I. Justinianus, nam\u0131di\u011fer B\u00fcy\u00fck J\u00fcstinyen d\u00f6nemini (527-565) ve olaylar\u0131n\u0131 anlat\u0131r. Ancak d\u00fczenli yapt\u0131\u011f\u0131 geri d\u00f6n\u00fc\u015fler sayesinde eski olaylar ile kendi d\u00f6nemi aras\u0131nda de\u011ferli saptama ve k\u0131yaslamalar sunar. Bir\u00e7ok kavim, ki\u015fi, imparator, kral, asker ve komutandan bahseder ve bu ki\u015filer hakk\u0131nda sahip oldu\u011fu t\u00fcm bilgiyi sunmay\u0131 boynunun borcu bilir.\u2022 530\u2019lu y\u0131llarda Romal\u0131lar, Gotlar, Franklar ve Germenler aras\u0131nda vuku bulan m\u00fccadeleler&#8230;\u2022 Bizans Kumandan\u0131 Narses\u2019in Franklar ve Alamanlarla olan ili\u015fkileri&#8230;\u2022 Lazlar ve Sasanilerle m\u00fccadeleler&#8230;\u2022 Agathias\u2019\u0131n hukuk\u00e7u kimli\u011fi ile bir mahkeme olay\u0131n\u0131 de\u011ferlendirmesi&#8230;\u2022 Ba\u015fkent Konstantinopolis\u2019te meydana gelen do\u011fal afetler&#8230;\u2022 Hun kavimleriyle Bizans aras\u0131ndaki m\u00fccadeleler&#8230;6. y\u00fczy\u0131ldan 21. y\u00fczy\u0131la orijinal dili olan Yunancas\u0131 ve \u0130ngilizce terc\u00fcmesi ula\u015fan Bizans Tarihi: Agathias Kroni\u011fi, H\u00fcseyin U\u00e7ar taraf\u0131ndan kar\u015f\u0131la\u015ft\u0131rmal\u0131 olarak incelendi ve T\u00fcrk\u00e7eye kazand\u0131r\u0131ld\u0131. Agathias\u2019\u0131n adaletli, vicdanl\u0131 ve titiz tarih\u00e7ilik s\u00fczgecinden ge\u00e7en t\u00fcm olaylar literat\u00fcrde Prokopius\u2019un b\u0131rakt\u0131\u011f\u0131 bo\u015fluklar\u0131 dolduruyor. Agathias yaln\u0131zca vaka nakletmekle kalmay\u0131p ayn\u0131 zamanda tarih\u00e7ilik mesle\u011findeki etik kurallara da vurgu yap\u0131yor. B\u00f6ylece tarih\u00e7inin hi\u00e7bir zaman ger\u00e7ekleri \u00f6rtbas etmemesi, durumu iyile\u015ftirmeye \u00e7al\u0131\u015fmamas\u0131, ger\u00e7ekleri oldu\u011fu gibi yans\u0131tmas\u0131 gerekti\u011fi mesajlar\u0131n\u0131 iletiyor.Elinizdeki kitap sizi 6. y\u00fczy\u0131l Do\u011fu Roma \u0130mparatorlu\u011fu\u2019na do\u011fru bir zaman yolculu\u011funa \u00e7\u0131karacak.<\/p>\n","protected":false},"excerpt":{"rendered":"<p>6. y\u00fczy\u0131l Bizans Tarih\u00e7isi ve Hukuk\u00e7usu Myrinal\u0131 Agathias; Prokopios, Menandros ve Theophylaktos gibi b\u00fcy\u00fck tarih\u00e7ilerden olu\u015fan zincirin \u00f6nemli bir halkas\u0131d\u0131r. Agathias, en temelde Bizans \u0130mparatoru I.<span class=\"excerpt-hellip\"> [\u2026]<\/span><\/p>\n","protected":false},"featured_media":0,"template":"","meta":{"_monsterinsights_skip_tracking":false,"_monsterinsights_sitenote_active":false,"_monsterinsights_sitenote_note":"","_monsterinsights_sitenote_category":0},"product_brand":[],"product_cat":[12305,12304],"product_tag":[],"class_list":{"0":"post-746774","1":"product","2":"type-product","3":"status-publish","5":"product_cat-dunya-tarihi","6":"product_cat-tarih","7":"pa_cilt-ciltsiz","8":"pa_tur-kitap","9":"pa_yayinevi-timas-yayinlari","10":"pa_yazar-myrinali-agathias","12":"first","13":"instock","14":"sale","15":"shipping-taxable","16":"purchasable","17":"product-type-simple"},"_links":{"self":[{"href":"https:\/\/roveyayinevi.com.tr\/index.php\/wp-json\/wp\/v2\/product\/746774","targetHints":{"allow":["GET"]}}],"collection":[{"href":"https:\/\/roveyayinevi.com.tr\/index.php\/wp-json\/wp\/v2\/product"}],"about":[{"href":"https:\/\/roveyayinevi.com.tr\/index.php\/wp-json\/wp\/v2\/types\/product"}],"wp:attachment":[{"href":"https:\/\/roveyayinevi.com.tr\/index.php\/wp-json\/wp\/v2\/media?parent=746774"}],"wp:term":[{"taxonomy":"product_brand","embeddable":true,"href":"https:\/\/roveyayinevi.com.tr\/index.php\/wp-json\/wp\/v2\/product_brand?post=746774"},{"taxonomy":"product_cat","embeddable":true,"href":"https:\/\/roveyayinevi.com.tr\/index.php\/wp-json\/wp\/v2\/product_cat?post=746774"},{"taxonomy":"product_tag","embeddable":true,"href":"https:\/\/roveyayinevi.com.tr\/index.php\/wp-json\/wp\/v2\/product_tag?post=746774"}],"curies":[{"name":"wp","href":"https:\/\/api.w.org\/{rel}","templated":true}]}}