{"id":746759,"date":"2025-08-28T02:50:10","date_gmt":"2025-08-27T23:50:10","guid":{"rendered":"https:\/\/roveyayinevi.com.tr\/index.php\/urun\/bahcedeki-bakire\/"},"modified":"2026-04-05T03:03:24","modified_gmt":"2026-04-05T00:03:24","slug":"bahcedeki-bakire","status":"publish","type":"product","link":"https:\/\/roveyayinevi.com.tr\/index.php\/urun\/bahcedeki-bakire\/","title":{"rendered":"Bah\u00e7edeki Bakire"},"content":{"rendered":"<p>Frederica D\u00f6rtl\u00fcs\u00fc\u2019n\u00fcn ilk kitab\u0131 Bah\u00e7edeki Bakire bizi 1953 yaz\u0131na g\u00f6t\u00fcr\u00fcr. II. Elizabeth\u2019in tahta \u00e7\u0131kmas\u0131 vesilesiyle Blesford, Yorkshire\u2019da \u201cBakire Krali\u00e7e\u201d I. Elizabeth onuruna bir tiyatro oyunu sahneye konmaktad\u0131r. Potter ailesinin yak\u0131n dostu Alexander\u2019\u0131n yazd\u0131\u011f\u0131 oyunun ba\u015frol\u00fcn\u00fc ailenin on yedi ya\u015f\u0131ndaki k\u0131z\u0131 Frederica oynamak i\u00e7in can atar ve kendini hem sahnenin hem de hayat\u0131n ortas\u0131nda bulur. Bah\u00e7edeki Bakire, Yaln\u0131z Frederica\u2019n\u0131n de\u011fil, tutkular\u0131n\u0131n pe\u015finden giden di\u011fer karde\u015fleri Stephanie ve Marcus\u2019un da hik\u00e2yesini anlat\u0131yor ve okuru her birinin unutulmaz ve kendilerine \u00f6zg\u00fc deneyimlerine tan\u0131k olmaya davet ediyor.   A. S. Byatt\u2019\u0131n \u00f6yk\u00fc ve romanlar\u0131ndan a\u015fina oldu\u011fumuz \u00e7ok katmanl\u0131l\u0131\u011f\u0131 bar\u0131nd\u0131ran romanda cinsellik, delilik, umut ve umutsuzluk, ba\u015far\u0131 ve ba\u015far\u0131s\u0131zl\u0131k gibi kimi zaman birbirine e\u015flik eden kimi zaman birbirine z\u0131t temalar i\u00e7 i\u00e7e ge\u00e7iyor.     \u201cB\u00fcy\u00fck, karma\u015f\u0131k, azimli; enerji ve fikirlerle dolup ta\u015f\u0131yor&#8230; ola\u011fan\u00fcst\u00fc bir ba\u015far\u0131.\u201d   Iris Murdoch <\/p>\n","protected":false},"excerpt":{"rendered":"<p>Frederica D\u00f6rtl\u00fcs\u00fc\u2019n\u00fcn ilk kitab\u0131 Bah\u00e7edeki Bakire bizi 1953 yaz\u0131na g\u00f6t\u00fcr\u00fcr. II. Elizabeth\u2019in tahta \u00e7\u0131kmas\u0131 vesilesiyle Blesford, Yorkshire\u2019da \u201cBakire Krali\u00e7e\u201d I. Elizabeth onuruna bir tiyatro oyunu sahneye<span class=\"excerpt-hellip\"> [\u2026]<\/span><\/p>\n","protected":false},"featured_media":0,"template":"","meta":{"_monsterinsights_skip_tracking":false,"_monsterinsights_sitenote_active":false,"_monsterinsights_sitenote_note":"","_monsterinsights_sitenote_category":0},"product_brand":[],"product_cat":[12777,12291],"product_tag":[],"class_list":{"0":"post-746759","1":"product","2":"type-product","3":"status-publish","5":"product_cat-deneme","6":"product_cat-edebiyat","7":"pa_cilt-ciltsiz","8":"pa_tur-kitap","9":"pa_yayinevi-everest-yayinlari","10":"pa_yazar-a-s-byatt","12":"first","13":"instock","14":"sale","15":"shipping-taxable","16":"purchasable","17":"product-type-simple"},"_links":{"self":[{"href":"https:\/\/roveyayinevi.com.tr\/index.php\/wp-json\/wp\/v2\/product\/746759","targetHints":{"allow":["GET"]}}],"collection":[{"href":"https:\/\/roveyayinevi.com.tr\/index.php\/wp-json\/wp\/v2\/product"}],"about":[{"href":"https:\/\/roveyayinevi.com.tr\/index.php\/wp-json\/wp\/v2\/types\/product"}],"wp:attachment":[{"href":"https:\/\/roveyayinevi.com.tr\/index.php\/wp-json\/wp\/v2\/media?parent=746759"}],"wp:term":[{"taxonomy":"product_brand","embeddable":true,"href":"https:\/\/roveyayinevi.com.tr\/index.php\/wp-json\/wp\/v2\/product_brand?post=746759"},{"taxonomy":"product_cat","embeddable":true,"href":"https:\/\/roveyayinevi.com.tr\/index.php\/wp-json\/wp\/v2\/product_cat?post=746759"},{"taxonomy":"product_tag","embeddable":true,"href":"https:\/\/roveyayinevi.com.tr\/index.php\/wp-json\/wp\/v2\/product_tag?post=746759"}],"curies":[{"name":"wp","href":"https:\/\/api.w.org\/{rel}","templated":true}]}}