{"id":746749,"date":"2025-08-28T02:49:55","date_gmt":"2025-08-27T23:49:55","guid":{"rendered":"https:\/\/roveyayinevi.com.tr\/index.php\/urun\/gecenin-ortasi\/"},"modified":"2026-04-16T02:59:01","modified_gmt":"2026-04-15T23:59:01","slug":"gecenin-ortasi","status":"publish","type":"product","link":"https:\/\/roveyayinevi.com.tr\/index.php\/urun\/gecenin-ortasi\/","title":{"rendered":"Gecenin Ortas\u0131"},"content":{"rendered":"<p>ilk a\u015fkson nefesunutulmaz bir ge\u00e7mi\u015f G\u00fcnah dolu bir ge\u00e7mi\u015fe sahip Jackson Knight, kimlik de\u011fi\u015ftirip \u00fclkenin di\u011fer ucuna ta\u015f\u0131nd\u0131\u011f\u0131 zaman bir karar al\u0131r: Art\u0131k daha iyi biri olacak ve k\u00f6t\u00fc al\u0131\u015fkanl\u0131klar\u0131n\u0131 yeni d\u00fczenine ta\u015f\u0131mayacakt\u0131r. Ancak kom\u015fusunun g\u00fczel yard\u0131mc\u0131s\u0131n\u0131 g\u00f6rd\u00fc\u011f\u00fc an t\u00fcm planlar\u0131 de\u011fi\u015fir.S\u00f6z konusu yard\u0131mc\u0131 Ryn Middleton; huysuz k\u0131z\u0131, daha da huysuz k\u00f6pe\u011fi ve bask\u0131c\u0131 eski kocas\u0131yla u\u011fra\u015ft\u0131\u011f\u0131 s\u0131k\u0131c\u0131 g\u00fcnlere al\u0131\u015fm\u0131\u015ft\u0131r. Bir anda hayat\u0131na giren Jackson i\u00e7in haz\u0131r de\u011fildir. Fakat kar\u015f\u0131 koyman\u0131n imk\u00e2ns\u0131z oldu\u011fu bu yak\u0131\u015f\u0131kl\u0131 adam\u0131n ilgisini komik ve inan\u0131lmaz bulur. Yo\u011fun m\u00fczakerelerin ard\u0131ndan, Jackson&#8217;\u0131n evlilik teklifini daha ilk randevular\u0131nda kabul eder.Jackson, r\u00fcyalar\u0131n\u0131n kad\u0131n\u0131yla birlikte olmak i\u00e7in sava\u015f\u0131rken ikiz karde\u015fi Jillian\u2019la da u\u011fra\u015fmak zorunda kal\u0131r. Ge\u00e7mi\u015fine tutunmaya \u00e7al\u0131\u015fan kederli Jillian, kalbini \u00e7alan doktor ve ona yeni bir kalp veren \u00e7avu\u015f aras\u0131nda tercih yapabilecek midir?Ayd\u0131nl\u0131k g\u00fcnler i\u00e7in hissedilen umudun \u00f6tesinde karanl\u0131\u011f\u0131n kasveti, ger\u00e7e\u011fin yan\u0131lsamas\u0131 ve ak\u0131ldan \u00e7\u0131kmayan bir ge\u00e7mi\u015f vard\u0131r.Ya\u015fayanlar af ister. L\u00e2kin \u00f6l\u00fcler intikam pe\u015finde.<\/p>\n","protected":false},"excerpt":{"rendered":"<p>ilk a\u015fkson nefesunutulmaz bir ge\u00e7mi\u015f G\u00fcnah dolu bir ge\u00e7mi\u015fe sahip Jackson Knight, kimlik de\u011fi\u015ftirip \u00fclkenin di\u011fer ucuna ta\u015f\u0131nd\u0131\u011f\u0131 zaman bir karar al\u0131r: Art\u0131k daha iyi biri<span class=\"excerpt-hellip\"> [\u2026]<\/span><\/p>\n","protected":false},"featured_media":0,"template":"","meta":{"_monsterinsights_skip_tracking":false,"_monsterinsights_sitenote_active":false,"_monsterinsights_sitenote_note":"","_monsterinsights_sitenote_category":0},"product_brand":[],"product_cat":[12291,12711],"product_tag":[],"class_list":{"0":"post-746749","1":"product","2":"type-product","3":"status-publish","5":"product_cat-edebiyat","6":"product_cat-roman-oyku","7":"pa_cilt-ciltsiz","8":"pa_tur-kitap","9":"pa_yayinevi-nemesis-kitap","10":"pa_yazar-jewel-e-ann","12":"first","13":"instock","14":"sale","15":"shipping-taxable","16":"purchasable","17":"product-type-simple"},"_links":{"self":[{"href":"https:\/\/roveyayinevi.com.tr\/index.php\/wp-json\/wp\/v2\/product\/746749","targetHints":{"allow":["GET"]}}],"collection":[{"href":"https:\/\/roveyayinevi.com.tr\/index.php\/wp-json\/wp\/v2\/product"}],"about":[{"href":"https:\/\/roveyayinevi.com.tr\/index.php\/wp-json\/wp\/v2\/types\/product"}],"wp:attachment":[{"href":"https:\/\/roveyayinevi.com.tr\/index.php\/wp-json\/wp\/v2\/media?parent=746749"}],"wp:term":[{"taxonomy":"product_brand","embeddable":true,"href":"https:\/\/roveyayinevi.com.tr\/index.php\/wp-json\/wp\/v2\/product_brand?post=746749"},{"taxonomy":"product_cat","embeddable":true,"href":"https:\/\/roveyayinevi.com.tr\/index.php\/wp-json\/wp\/v2\/product_cat?post=746749"},{"taxonomy":"product_tag","embeddable":true,"href":"https:\/\/roveyayinevi.com.tr\/index.php\/wp-json\/wp\/v2\/product_tag?post=746749"}],"curies":[{"name":"wp","href":"https:\/\/api.w.org\/{rel}","templated":true}]}}