{"id":746731,"date":"2025-08-28T02:49:32","date_gmt":"2025-08-27T23:49:32","guid":{"rendered":"https:\/\/roveyayinevi.com.tr\/index.php\/urun\/eskenci-destani\/"},"modified":"2026-04-16T02:59:01","modified_gmt":"2026-04-15T23:59:01","slug":"eskenci-destani","status":"publish","type":"product","link":"https:\/\/roveyayinevi.com.tr\/index.php\/urun\/eskenci-destani\/","title":{"rendered":"Eskenci Destan\u0131"},"content":{"rendered":"<p>\u0130nsan kendini do\u011fan\u0131n \u00fcst\u00fcnde g\u00f6rmemeli, do\u011fayla uyum sa\u011flad\u0131\u011f\u0131m\u0131zda daha mutlu olabiliriz. Sa\u011fl\u0131kl\u0131 bir \u00e7evrede ya\u015fama hakk\u0131 i\u00e7in m\u00fccadele etmek, \u00e7ocuklara ya\u015fanabilir bir \u00e7evre b\u0131rakmak, i\u00e7ilebilir su b\u0131rakmak, ekilebilir toprak b\u0131rakmak; ya\u015fam d\u00f6ng\u00fcs\u00fcn\u00fcn devam\u0131 i\u00e7in modern insan\u0131n sorumlulu\u011fu olmal\u0131d\u0131r. Do\u011fal kaynaklar\u0131 yok ederek kazan\u00e7 sa\u011flayan kapitalistler, d\u00fcnyam\u0131z ve insanl\u0131k ad\u0131na su\u00e7 i\u015flemektedir. DURDURMALIYIZ. ESKENC\u0130 D\u0130REN\u0130\u015e\u00c7\u0130LER\u0130NE&#8230; <\/p>\n","protected":false},"excerpt":{"rendered":"<p>\u0130nsan kendini do\u011fan\u0131n \u00fcst\u00fcnde g\u00f6rmemeli, do\u011fayla uyum sa\u011flad\u0131\u011f\u0131m\u0131zda daha mutlu olabiliriz. Sa\u011fl\u0131kl\u0131 bir \u00e7evrede ya\u015fama hakk\u0131 i\u00e7in m\u00fccadele etmek, \u00e7ocuklara ya\u015fanabilir bir \u00e7evre b\u0131rakmak, i\u00e7ilebilir su<span class=\"excerpt-hellip\"> [\u2026]<\/span><\/p>\n","protected":false},"featured_media":0,"template":"","meta":{"_monsterinsights_skip_tracking":false,"_monsterinsights_sitenote_active":false,"_monsterinsights_sitenote_note":"","_monsterinsights_sitenote_category":0},"product_brand":[],"product_cat":[52477],"product_tag":[],"class_list":{"0":"post-746731","1":"product","2":"type-product","3":"status-publish","5":"product_cat-arastirma","6":"pa_cilt-ciltsiz","7":"pa_tur-kitap","8":"pa_yayinevi-karina-yayinevi","9":"pa_yazar-asuman-fazlioglu","11":"first","12":"instock","13":"sale","14":"shipping-taxable","15":"purchasable","16":"product-type-simple"},"_links":{"self":[{"href":"https:\/\/roveyayinevi.com.tr\/index.php\/wp-json\/wp\/v2\/product\/746731","targetHints":{"allow":["GET"]}}],"collection":[{"href":"https:\/\/roveyayinevi.com.tr\/index.php\/wp-json\/wp\/v2\/product"}],"about":[{"href":"https:\/\/roveyayinevi.com.tr\/index.php\/wp-json\/wp\/v2\/types\/product"}],"wp:attachment":[{"href":"https:\/\/roveyayinevi.com.tr\/index.php\/wp-json\/wp\/v2\/media?parent=746731"}],"wp:term":[{"taxonomy":"product_brand","embeddable":true,"href":"https:\/\/roveyayinevi.com.tr\/index.php\/wp-json\/wp\/v2\/product_brand?post=746731"},{"taxonomy":"product_cat","embeddable":true,"href":"https:\/\/roveyayinevi.com.tr\/index.php\/wp-json\/wp\/v2\/product_cat?post=746731"},{"taxonomy":"product_tag","embeddable":true,"href":"https:\/\/roveyayinevi.com.tr\/index.php\/wp-json\/wp\/v2\/product_tag?post=746731"}],"curies":[{"name":"wp","href":"https:\/\/api.w.org\/{rel}","templated":true}]}}