{"id":746719,"date":"2025-08-28T02:49:16","date_gmt":"2025-08-27T23:49:16","guid":{"rendered":"https:\/\/roveyayinevi.com.tr\/index.php\/urun\/dogru-konusmak-suc-mu\/"},"modified":"2026-04-16T02:59:00","modified_gmt":"2026-04-15T23:59:00","slug":"dogru-konusmak-suc-mu","status":"publish","type":"product","link":"https:\/\/roveyayinevi.com.tr\/index.php\/urun\/dogru-konusmak-suc-mu\/","title":{"rendered":"Do\u011fru Konu\u015fmak Su\u00e7 Mu?"},"content":{"rendered":"<p>&#8220;Ey sadece ibadetlerle, dualarla, zikirlerle, salih amellerle me\u015fgul olan; ancak, \u00e7evresindeki k\u00f6t\u00fcl\u00fcklere, i\u015flenen haramlara, g\u00fcnahlara, isyanlara g\u00f6z yuman, engel olmayan, ses \u00e7\u0131karmayan, bana ne-neme laz\u0131m diyen; bunlar da yetmezmi\u015f\u00e7esine bunlara sebep olanlara destek veren gafil M\u00fcsl\u00fcmanlar! H\u00e2l\u00e2 uyanmayacak m\u0131s\u0131n\u0131z? Ba\u015f\u0131m\u0131za ar\u015f-\u0131 \u00e2l\u00e2dan ta\u015f ya\u011fmas\u0131n\u0131 m\u0131 bela ve musibetlerin kap\u0131m\u0131z\u0131 \u00e7almas\u0131n\u0131 m\u0131 bekleyeceksiniz?&#8221; Nuri Bereket, &#8220;Yeniden M\u00fc&#8217;min Olmak&#8221; adl\u0131 ilk eserinin ard\u0131ndan, yery\u00fcz\u00fcnden k\u00fcfr\u00fc ve \u015firki yok edinceye, k\u00f6k\u00fcn\u00fc kaz\u0131y\u0131ncaya kadar m\u00fccadeleye devam etmeyi \u015fiar edinen bir anlay\u0131\u015fla kaleme ald\u0131\u011f\u0131, ismiyle m\u00fcsemma, &#8220;Do\u011fru Konu\u015fmak Su\u00e7 Mu?&#8221; adl\u0131 yeni kitab\u0131nda y\u00fcreklice, yaln\u0131zca do\u011frular\u0131 s\u00f6yl\u00fcyor, menfaati u\u011fruna k\u00f6t\u00fcl\u00fckleri \u00f6rten insanlara inat&#8230; Bu d\u00fcnya ve ahiret hayat\u0131m\u0131z\u0131 hay\u0131rl\u0131 k\u0131lmak i\u00e7in gelin kulak verelim onun sesine, hidayet ve imandan nasiplenmeye&#8230;<\/p>\n","protected":false},"excerpt":{"rendered":"<p>&#8220;Ey sadece ibadetlerle, dualarla, zikirlerle, salih amellerle me\u015fgul olan; ancak, \u00e7evresindeki k\u00f6t\u00fcl\u00fcklere, i\u015flenen haramlara, g\u00fcnahlara, isyanlara g\u00f6z yuman, engel olmayan, ses \u00e7\u0131karmayan, bana ne-neme laz\u0131m diyen;<span class=\"excerpt-hellip\"> [\u2026]<\/span><\/p>\n","protected":false},"featured_media":0,"template":"","meta":{"_monsterinsights_skip_tracking":false,"_monsterinsights_sitenote_active":false,"_monsterinsights_sitenote_note":"","_monsterinsights_sitenote_category":0},"product_brand":[],"product_cat":[12718,12719],"product_tag":[],"class_list":{"0":"post-746719","1":"product","2":"type-product","3":"status-publish","5":"product_cat-din","6":"product_cat-islam","7":"pa_cilt-ciltsiz","8":"pa_tur-kitap","9":"pa_yayinevi-karina-yayinevi","10":"pa_yazar-nuri-bereket","12":"first","13":"instock","14":"sale","15":"shipping-taxable","16":"purchasable","17":"product-type-simple"},"_links":{"self":[{"href":"https:\/\/roveyayinevi.com.tr\/index.php\/wp-json\/wp\/v2\/product\/746719","targetHints":{"allow":["GET"]}}],"collection":[{"href":"https:\/\/roveyayinevi.com.tr\/index.php\/wp-json\/wp\/v2\/product"}],"about":[{"href":"https:\/\/roveyayinevi.com.tr\/index.php\/wp-json\/wp\/v2\/types\/product"}],"wp:attachment":[{"href":"https:\/\/roveyayinevi.com.tr\/index.php\/wp-json\/wp\/v2\/media?parent=746719"}],"wp:term":[{"taxonomy":"product_brand","embeddable":true,"href":"https:\/\/roveyayinevi.com.tr\/index.php\/wp-json\/wp\/v2\/product_brand?post=746719"},{"taxonomy":"product_cat","embeddable":true,"href":"https:\/\/roveyayinevi.com.tr\/index.php\/wp-json\/wp\/v2\/product_cat?post=746719"},{"taxonomy":"product_tag","embeddable":true,"href":"https:\/\/roveyayinevi.com.tr\/index.php\/wp-json\/wp\/v2\/product_tag?post=746719"}],"curies":[{"name":"wp","href":"https:\/\/api.w.org\/{rel}","templated":true}]}}