{"id":746715,"date":"2025-08-28T02:49:11","date_gmt":"2025-08-27T23:49:11","guid":{"rendered":"https:\/\/roveyayinevi.com.tr\/index.php\/urun\/iktisadi-ve-idari-bilimlerde-guncel-gelisme-ve-trendler\/"},"modified":"2026-04-16T02:59:00","modified_gmt":"2026-04-15T23:59:00","slug":"iktisadi-ve-idari-bilimlerde-guncel-gelisme-ve-trendler","status":"publish","type":"product","link":"https:\/\/roveyayinevi.com.tr\/index.php\/urun\/iktisadi-ve-idari-bilimlerde-guncel-gelisme-ve-trendler\/","title":{"rendered":"\u0130ktisadi ve \u0130dari Bilimlerde G\u00fcncel Geli\u015fme ve Trendler"},"content":{"rendered":"<p>1.      B\u00d6L\u00dcM COVID-19 PANDEM\u0130S\u0130N\u0130N \u0130\u015eLETMELER\u0130N SERMAYE YAPISINA ETK\u0130S\u0130: B\u0130ST\u2019TE \u0130\u015eLEM G\u00d6REN METAL ANA SANAY\u0130 \u0130\u015eLETMELER\u0130NDEN KANITLAR   2.      B\u00d6L\u00dcM ORGAN\u0130ZASYONLARDA DE\u011e\u0130\u015e\u0130M\u0130N D\u0130J\u0130TALLE\u015eMES\u0130   3.      B\u00d6L\u00dcM DEN\u0130Z G\u00dcC\u00dcN\u00dcN ULUSAL G\u00dc\u00c7 \u0130\u00c7\u0130NDEK\u0130 YER\u0130 ve K\u00dcRESEL REKABETE ETK\u0130S\u0130   4.      B\u00d6L\u00dcM \u0130MALAT SEKT\u00d6R\u00dcNDE ETK\u0130NL\u0130K \u00d6L\u00c7\u00dcM\u00dc: VER\u0130 ZARFLAMA ANAL\u0130Z\u0130 \u0130LE B\u0130R UYGULAMA   5.      B\u00d6L\u00dcM KURUMSAL NAK\u0130T VARLIKLARIN F\u0130NANSAL BEL\u0130RLEY\u0130C\u0130LER\u0130: B\u0130ST&#8217;TE UYGULAMA   6.      B\u00d6L\u00dcM ENKAZ Y\u00d6NET\u0130M\u0130 7.      B\u00d6L\u00dcM G\u00dcNE\u015e ENERJ\u0130S\u0130 VE EKONOM\u0130K B\u00dcY\u00dcME \u0130L\u0130\u015eK\u0130S\u0130: G\u00dcNE\u015e ENERJ\u0130S\u0130 \u00dcRET\u0130M\u0130NDE \u00d6NDE \u0130LK BE\u015e \u00dcLKE \u0130\u00c7\u0130N PANEL KANT\u0130L REGRESYON ANAL\u0130Z\u0130   8.      B\u00d6L\u00dcM GAYR\u0130MENKUL ALANINDA VER\u0130 MADENC\u0130L\u0130\u011e\u0130 \u0130LE MAK\u0130NE \u00d6\u011eRENMES\u0130 ALGOR\u0130TMALARININ KULLANIMI: TRABZON VE ORDU \u0130L\u0130NDEK\u0130 DA\u0130RE F\u0130YATLARINA Y\u00d6NEL\u0130K B\u0130R \u00c7ALI\u015eMA   9.      B\u00d6L\u00dcM T\u00dcRK OTOMOT\u0130V SANAY\u0130NDE END\u00dcSTR\u0130 \u0130\u00c7\u0130 T\u0130CARET VE DO\u011eRUDAN YABANCI YATIRIM \u0130L\u0130\u015eK\u0130S\u0130   10.      B\u00d6L\u00dcM T\u00dcRK\u0130YE\u2019DE CEZA \u0130NFAZ KURUMLARINDA D\u0130J\u0130TAL D\u00d6N\u00dc\u015e\u00dcM   11.      B\u00d6L\u00dcM D\u0130N OLGUSUNUN VERG\u0130 UYUMU \u00dcZER\u0130NDEK\u0130 ETK\u0130S\u0130 <\/p>\n","protected":false},"excerpt":{"rendered":"<p>1. B\u00d6L\u00dcM COVID-19 PANDEM\u0130S\u0130N\u0130N \u0130\u015eLETMELER\u0130N SERMAYE YAPISINA ETK\u0130S\u0130: B\u0130ST\u2019TE \u0130\u015eLEM G\u00d6REN METAL ANA SANAY\u0130 \u0130\u015eLETMELER\u0130NDEN KANITLAR 2. B\u00d6L\u00dcM ORGAN\u0130ZASYONLARDA DE\u011e\u0130\u015e\u0130M\u0130N D\u0130J\u0130TALLE\u015eMES\u0130 3. B\u00d6L\u00dcM DEN\u0130Z G\u00dcC\u00dcN\u00dcN ULUSAL<span class=\"excerpt-hellip\"> [\u2026]<\/span><\/p>\n","protected":false},"featured_media":0,"template":"","meta":{"_monsterinsights_skip_tracking":false,"_monsterinsights_sitenote_active":false,"_monsterinsights_sitenote_note":"","_monsterinsights_sitenote_category":0},"product_brand":[],"product_cat":[12573,12566],"product_tag":[],"class_list":{"0":"post-746715","1":"product","2":"type-product","3":"status-publish","5":"product_cat-akademik-kitaplar","6":"product_cat-egitim","7":"pa_cilt-ciltsiz","8":"pa_tur-kitap","9":"pa_yayinevi-gazi-kitabevi","10":"pa_yazar-kolektif","12":"first","13":"instock","14":"sale","15":"shipping-taxable","16":"purchasable","17":"product-type-simple"},"_links":{"self":[{"href":"https:\/\/roveyayinevi.com.tr\/index.php\/wp-json\/wp\/v2\/product\/746715","targetHints":{"allow":["GET"]}}],"collection":[{"href":"https:\/\/roveyayinevi.com.tr\/index.php\/wp-json\/wp\/v2\/product"}],"about":[{"href":"https:\/\/roveyayinevi.com.tr\/index.php\/wp-json\/wp\/v2\/types\/product"}],"wp:attachment":[{"href":"https:\/\/roveyayinevi.com.tr\/index.php\/wp-json\/wp\/v2\/media?parent=746715"}],"wp:term":[{"taxonomy":"product_brand","embeddable":true,"href":"https:\/\/roveyayinevi.com.tr\/index.php\/wp-json\/wp\/v2\/product_brand?post=746715"},{"taxonomy":"product_cat","embeddable":true,"href":"https:\/\/roveyayinevi.com.tr\/index.php\/wp-json\/wp\/v2\/product_cat?post=746715"},{"taxonomy":"product_tag","embeddable":true,"href":"https:\/\/roveyayinevi.com.tr\/index.php\/wp-json\/wp\/v2\/product_tag?post=746715"}],"curies":[{"name":"wp","href":"https:\/\/api.w.org\/{rel}","templated":true}]}}