{"id":746711,"date":"2025-08-28T02:49:07","date_gmt":"2025-08-27T23:49:07","guid":{"rendered":"https:\/\/roveyayinevi.com.tr\/index.php\/urun\/gorme-engellilerde-yuruyus\/"},"modified":"2026-04-16T02:59:00","modified_gmt":"2026-04-15T23:59:00","slug":"gorme-engellilerde-yuruyus","status":"publish","type":"product","link":"https:\/\/roveyayinevi.com.tr\/index.php\/urun\/gorme-engellilerde-yuruyus\/","title":{"rendered":"G\u00f6rme Engellilerde Y\u00fcr\u00fcy\u00fc\u015f"},"content":{"rendered":"<p>B\u00d6L\u00dcM 1 Tan\u0131mlamalar ve S\u0131n\u0131fland\u0131rma G\u00f6rme Engelli Bireylerde Tan\u0131mlamalar G\u00f6rme Engelli Bireylerin Ortak \u00d6zellikleri G\u00f6rme Engelli Bireylerde Geli\u015fim S\u00fcre\u00e7leri \u00d6zet Kaynaklar   B\u00d6L\u00dcM 2 Y\u00fcr\u00fcy\u00fc\u015f Y\u00fcr\u00fcy\u00fcz Analizi Y\u00fcr\u00fcy\u00fc\u015f D\u00f6ng\u00fcs\u00fc Y\u00fcr\u00fcy\u00fc\u015f Safhalar\u0131 \u00d6zet Kaynaklar G\u00f6rme Engellilerde Y\u00fcr\u00fcy\u00fc\u015f Analizi B\u00d6L\u00dcM 3 Y\u00fcr\u00fcme G\u00f6rme Engellilerde Y\u00fcr\u00fcme \u0130naktivite ve G\u00f6rme Engelliler Yard\u0131ml\u0131 Y\u00fcr\u00fcy\u00fc\u015f G\u00f6rme Engellilerde Y\u00fcr\u00fcy\u00fc\u015f K\u0131s\u0131t\u0131n\u0131n Toplumsal Yans\u0131malar\u0131 Ara\u015ft\u0131rmalar Ne Aktar\u0131yor?  Plantar bas\u0131n\u00e7 (Ayak taban bas\u0131nc\u0131) <\/p>\n","protected":false},"excerpt":{"rendered":"<p>B\u00d6L\u00dcM 1 Tan\u0131mlamalar ve S\u0131n\u0131fland\u0131rma G\u00f6rme Engelli Bireylerde Tan\u0131mlamalar G\u00f6rme Engelli Bireylerin Ortak \u00d6zellikleri G\u00f6rme Engelli Bireylerde Geli\u015fim S\u00fcre\u00e7leri \u00d6zet Kaynaklar B\u00d6L\u00dcM 2 Y\u00fcr\u00fcy\u00fc\u015f Y\u00fcr\u00fcy\u00fcz Analizi<span class=\"excerpt-hellip\"> [\u2026]<\/span><\/p>\n","protected":false},"featured_media":0,"template":"","meta":{"_monsterinsights_skip_tracking":false,"_monsterinsights_sitenote_active":false,"_monsterinsights_sitenote_note":"","_monsterinsights_sitenote_category":0},"product_brand":[],"product_cat":[12573,12566],"product_tag":[],"class_list":{"0":"post-746711","1":"product","2":"type-product","3":"status-publish","5":"product_cat-akademik-kitaplar","6":"product_cat-egitim","7":"pa_cilt-ciltsiz","8":"pa_tur-kitap","9":"pa_yayinevi-gazi-kitabevi","10":"pa_yazar-elif-cengizel-cagdas-ozgur-cengizel","12":"first","13":"instock","14":"sale","15":"shipping-taxable","16":"purchasable","17":"product-type-simple"},"_links":{"self":[{"href":"https:\/\/roveyayinevi.com.tr\/index.php\/wp-json\/wp\/v2\/product\/746711","targetHints":{"allow":["GET"]}}],"collection":[{"href":"https:\/\/roveyayinevi.com.tr\/index.php\/wp-json\/wp\/v2\/product"}],"about":[{"href":"https:\/\/roveyayinevi.com.tr\/index.php\/wp-json\/wp\/v2\/types\/product"}],"wp:attachment":[{"href":"https:\/\/roveyayinevi.com.tr\/index.php\/wp-json\/wp\/v2\/media?parent=746711"}],"wp:term":[{"taxonomy":"product_brand","embeddable":true,"href":"https:\/\/roveyayinevi.com.tr\/index.php\/wp-json\/wp\/v2\/product_brand?post=746711"},{"taxonomy":"product_cat","embeddable":true,"href":"https:\/\/roveyayinevi.com.tr\/index.php\/wp-json\/wp\/v2\/product_cat?post=746711"},{"taxonomy":"product_tag","embeddable":true,"href":"https:\/\/roveyayinevi.com.tr\/index.php\/wp-json\/wp\/v2\/product_tag?post=746711"}],"curies":[{"name":"wp","href":"https:\/\/api.w.org\/{rel}","templated":true}]}}

Görme Engellilerde Yürüyüş

<p>BÖLÜM 1 Tanımlamalar ve Sınıflandırma Görme Engelli Bireylerde Tanımlamalar Görme Engelli Bireylerin Ortak Özellikleri Görme Engelli Bireylerde Gelişim Süreçleri Özet Kaynaklar   BÖLÜM 2 Yürüyüş Yürüyüz Analizi Yürüyüş Döngüsü Yürüyüş Safhaları Özet Kaynaklar Görme Engellilerde Yürüyüş Analizi BÖLÜM 3 Yürüme Görme Engellilerde Yürüme İnaktivite ve Görme Engelliler Yardımlı Yürüyüş Görme Engellilerde Yürüyüş Kısıtının Toplumsal Yansımaları Araştırmalar Ne Aktarıyor?  Plantar basınç (Ayak taban basıncı) </p>

<p>BÖLÜM 1 Tanımlamalar ve Sınıflandırma Görme Engelli Bireylerde Tanımlamalar Görme Engelli Bireylerin Ortak Özellikleri Görme Engelli Bireylerde Gelişim Süreçleri Özet Kaynaklar BÖLÜM 2 Yürüyüş Yürüyüz Analizi<span class="excerpt-hellip"> […]</span></p>
