{"id":746709,"date":"2025-08-28T02:49:05","date_gmt":"2025-08-27T23:49:05","guid":{"rendered":"https:\/\/roveyayinevi.com.tr\/index.php\/urun\/buyuk-savas\/"},"modified":"2026-04-16T02:59:00","modified_gmt":"2026-04-15T23:59:00","slug":"buyuk-savas","status":"publish","type":"product","link":"https:\/\/roveyayinevi.com.tr\/index.php\/urun\/buyuk-savas\/","title":{"rendered":"B\u00fcy\u00fck Sava\u015f"},"content":{"rendered":"<p>Y\u00fczlerce kaynaktan ve yerli, yabanc\u0131 ar\u015fiv belgelerinden g\u00fcn \u0131\u015f\u0131\u011f\u0131na \u00e7\u0131kan ger\u00e7ekler&#8230; 20. y\u00fczy\u0131la girildi\u011finde Osmanl\u0131 Devleti e\u011fitim, \u00fcretim, mali ve idari sorunlar\u0131n\u0131 a\u015famam\u0131\u015ft\u0131. Kapit\u00fclasyonlar ve D\u00fcyun-u Umumiye \u00fclkeyi Avrupal\u0131 devletlerin s\u00f6m\u00fcrgesi haline getirmi\u015fti. B\u00fcy\u00fck Sava\u015f\u2019\u0131n (1914- 1918) ba\u015flamas\u0131yla birlikte, y\u00f6netimde bulunan \u0130ttihat\u00e7\u0131lar tek \u00e7\u0131k\u0131\u015f yolunun Almanya ile ittifak yapmak oldu\u011funa karar verdiler. Ordu gerekli donan\u0131mdan yoksun oldu\u011fu i\u00e7in Osmanl\u0131 y\u00f6netimi Almanya\u2019dan bor\u00e7lanarak sava\u015fa kat\u0131ld\u0131. Buna kar\u015f\u0131l\u0131k Almanya da Osmanl\u0131 Devleti \u00fczerinden M\u00fcttefiklere kar\u015f\u0131 yeni cepheler a\u00e7arak, sava\u015fta kendi elini g\u00fc\u00e7lendirmeyi hedefledi. Osmanl\u0131 Devleti\u2019nin, yanl\u0131\u015f kararlar ve ki\u015fisel ihtiraslar sonucu girdi\u011fi bu sava\u015f, b\u00fcy\u00fck toprak kay\u0131plar\u0131yla sonu\u00e7land\u0131. B\u00f6ylece, zaten iyice zay\u0131flam\u0131\u015f olan imparatorlu\u011fun tamamen par\u00e7alanmas\u0131n\u0131n yolu a\u00e7\u0131lm\u0131\u015f oldu. \u00dclkeyi bu karanl\u0131k tablodan kurtaracak ki\u015fi, sava\u015f s\u0131ras\u0131nda \u0130stanbul\u2019a ula\u015fmaya \u00e7al\u0131\u015fan M\u00fcttefikleri \u00c7anakkale Bo\u011faz\u0131\u2019nda ba\u015far\u0131yla durduran Mustafa Kemal olacakt\u0131. Ara\u015ft\u0131rmac\u0131 Turan Ak\u0131nc\u0131, B\u00fcy\u00fck Sava\u015f\u2019ta Osmanl\u0131\u2019n\u0131n \u00e7arp\u0131\u015ft\u0131\u011f\u0131 sekiz cephede ya\u015fananlar\u0131 y\u00fczlerce kaynaktan ve ar\u015fiv belgelerinden derleyerek g\u00fcn \u0131\u015f\u0131\u011f\u0131na \u00e7\u0131kar\u0131yor.<\/p>\n","protected":false},"excerpt":{"rendered":"<p>Y\u00fczlerce kaynaktan ve yerli, yabanc\u0131 ar\u015fiv belgelerinden g\u00fcn \u0131\u015f\u0131\u011f\u0131na \u00e7\u0131kan ger\u00e7ekler&#8230; 20. y\u00fczy\u0131la girildi\u011finde Osmanl\u0131 Devleti e\u011fitim, \u00fcretim, mali ve idari sorunlar\u0131n\u0131 a\u015famam\u0131\u015ft\u0131. Kapit\u00fclasyonlar ve D\u00fcyun-u<span class=\"excerpt-hellip\"> [\u2026]<\/span><\/p>\n","protected":false},"featured_media":0,"template":"","meta":{"_monsterinsights_skip_tracking":false,"_monsterinsights_sitenote_active":false,"_monsterinsights_sitenote_note":"","_monsterinsights_sitenote_category":0},"product_brand":[],"product_cat":[12370,12304],"product_tag":[],"class_list":{"0":"post-746709","1":"product","2":"type-product","3":"status-publish","5":"product_cat-arastirma-inceleme","6":"product_cat-tarih","7":"pa_cilt-ciltsiz","8":"pa_tur-kitap","9":"pa_yayinevi-remzi-kitabevi","10":"pa_yazar-turan-akinci","12":"first","13":"instock","14":"sale","15":"shipping-taxable","16":"purchasable","17":"product-type-simple"},"_links":{"self":[{"href":"https:\/\/roveyayinevi.com.tr\/index.php\/wp-json\/wp\/v2\/product\/746709","targetHints":{"allow":["GET"]}}],"collection":[{"href":"https:\/\/roveyayinevi.com.tr\/index.php\/wp-json\/wp\/v2\/product"}],"about":[{"href":"https:\/\/roveyayinevi.com.tr\/index.php\/wp-json\/wp\/v2\/types\/product"}],"wp:attachment":[{"href":"https:\/\/roveyayinevi.com.tr\/index.php\/wp-json\/wp\/v2\/media?parent=746709"}],"wp:term":[{"taxonomy":"product_brand","embeddable":true,"href":"https:\/\/roveyayinevi.com.tr\/index.php\/wp-json\/wp\/v2\/product_brand?post=746709"},{"taxonomy":"product_cat","embeddable":true,"href":"https:\/\/roveyayinevi.com.tr\/index.php\/wp-json\/wp\/v2\/product_cat?post=746709"},{"taxonomy":"product_tag","embeddable":true,"href":"https:\/\/roveyayinevi.com.tr\/index.php\/wp-json\/wp\/v2\/product_tag?post=746709"}],"curies":[{"name":"wp","href":"https:\/\/api.w.org\/{rel}","templated":true}]}}