{"id":746702,"date":"2025-08-28T02:48:53","date_gmt":"2025-08-27T23:48:53","guid":{"rendered":"https:\/\/roveyayinevi.com.tr\/index.php\/urun\/100-yilinda-cumhuriyetin-populer-kultur-haritasi-1-1923-1950\/"},"modified":"2026-04-16T02:59:00","modified_gmt":"2026-04-15T23:59:00","slug":"100-yilinda-cumhuriyetin-populer-kultur-haritasi-1-1923-1950","status":"publish","type":"product","link":"https:\/\/roveyayinevi.com.tr\/index.php\/urun\/100-yilinda-cumhuriyetin-populer-kultur-haritasi-1-1923-1950\/","title":{"rendered":"100. Y\u0131l\u0131nda Cumhuriyet\u2019in Pop\u00fcler K\u00fclt\u00fcr Haritas\u0131 -1 (1923-1950)"},"content":{"rendered":"<p>\u00dc\u00e7 ciltte tamamlanacak 100. Y\u0131l\u0131nda Cumhuriyet\u2019in Pop\u00fcler K\u00fclt\u00fcr Haritas\u0131\u2019n\u0131n ilk cildi 1923-1950 aras\u0131n\u0131n izlerini s\u00fcr\u00fcyor. Derya Bengi ile Erdir Zat\u2019\u0131n birlikte kaleme ald\u0131\u011f\u0131 kitapta T\u00fcrkiye Cumhuriyeti\u2019nin ilk d\u00f6neminin olay ve olgular\u0131 A\u2019dan Z\u2019ye 250 ba\u015fl\u0131kla, gazete ve dergi ar\u015fivlerinin g\u00f6z\u00fc, g\u00f6zl\u00fc\u011f\u00fc, edebiyat\u0131n, m\u00fczi\u011fin, sineman\u0131n sesi, solu\u011fuyla resmige\u00e7it yap\u0131yor. Kitab\u0131n ad\u0131 Yan\u0131k \u00d6mer\u2019den\u2026 Sadettin Kaynak\u2019\u0131n s\u00f6z\u00fc ve bestesiyle, Safiye Ayla\u2019n\u0131n sesiyle \u201cYan\u0131k \u00d6mer her sava\u015ftan bir yara ta\u015f\u0131yor \/ Yi\u011fit \u00d6mer \u00f6v\u00fcnmeden ya\u015f\u0131yor\u201d dizelerinden. Her Sava\u015ftan Bir Yara, erken Cumhuriyet\u2019ten, tek parti d\u00f6neminden, Atat\u00fcrk\u2019l\u00fc, \u0130n\u00f6n\u00fc\u2019l\u00fc y\u0131llardan hik\u00e2yelerle, hat\u0131ralarla yo\u011fruluyor. G\u00fcndelik ya\u015famda nelerin, nas\u0131l, neden, ne h\u0131zla de\u011fi\u015fti\u011fini, pop\u00fcler k\u00fclt\u00fcr\u00fcn, \u015fimdiki zaman folklorunun parmak izlerinden saptay\u0131p \u00f6l\u00e7meye \u00e7al\u0131\u015f\u0131rken, 13 milyonluk kapal\u0131 bir toplumun z\u00fcmre ve fertlerini imparatorluktan ulus devlete, Hilafet\u2019ten Cumhuriyet\u2019e ge\u00e7en gen\u00e7 bir \u00fclkenin, ama ayn\u0131 zamanda \u201c20. y\u00fczy\u0131l \u00fclkesi\u201dnin vatanda\u015flar\u0131 olarak ele al\u0131yor. <\/p>\n","protected":false},"excerpt":{"rendered":"<p>\u00dc\u00e7 ciltte tamamlanacak 100. Y\u0131l\u0131nda Cumhuriyet\u2019in Pop\u00fcler K\u00fclt\u00fcr Haritas\u0131\u2019n\u0131n ilk cildi 1923-1950 aras\u0131n\u0131n izlerini s\u00fcr\u00fcyor. Derya Bengi ile Erdir Zat\u2019\u0131n birlikte kaleme ald\u0131\u011f\u0131 kitapta T\u00fcrkiye Cumhuriyeti\u2019nin<span class=\"excerpt-hellip\"> [\u2026]<\/span><\/p>\n","protected":false},"featured_media":0,"template":"","meta":{"_monsterinsights_skip_tracking":false,"_monsterinsights_sitenote_active":false,"_monsterinsights_sitenote_note":"","_monsterinsights_sitenote_category":0},"product_brand":[],"product_cat":[12304,13493],"product_tag":[],"class_list":{"0":"post-746702","1":"product","2":"type-product","3":"status-publish","5":"product_cat-tarih","6":"product_cat-turkiye-ve-cumhuriyet-tarihi","7":"pa_cilt-ciltsiz","8":"pa_tur-kitap","9":"pa_yayinevi-yapi-kredi-yayinlari","10":"pa_yazar-derya-bengi-erdir-zat","12":"first","13":"instock","14":"sale","15":"shipping-taxable","16":"purchasable","17":"product-type-simple"},"_links":{"self":[{"href":"https:\/\/roveyayinevi.com.tr\/index.php\/wp-json\/wp\/v2\/product\/746702","targetHints":{"allow":["GET"]}}],"collection":[{"href":"https:\/\/roveyayinevi.com.tr\/index.php\/wp-json\/wp\/v2\/product"}],"about":[{"href":"https:\/\/roveyayinevi.com.tr\/index.php\/wp-json\/wp\/v2\/types\/product"}],"wp:attachment":[{"href":"https:\/\/roveyayinevi.com.tr\/index.php\/wp-json\/wp\/v2\/media?parent=746702"}],"wp:term":[{"taxonomy":"product_brand","embeddable":true,"href":"https:\/\/roveyayinevi.com.tr\/index.php\/wp-json\/wp\/v2\/product_brand?post=746702"},{"taxonomy":"product_cat","embeddable":true,"href":"https:\/\/roveyayinevi.com.tr\/index.php\/wp-json\/wp\/v2\/product_cat?post=746702"},{"taxonomy":"product_tag","embeddable":true,"href":"https:\/\/roveyayinevi.com.tr\/index.php\/wp-json\/wp\/v2\/product_tag?post=746702"}],"curies":[{"name":"wp","href":"https:\/\/api.w.org\/{rel}","templated":true}]}}