{"id":746691,"date":"2025-08-28T02:48:35","date_gmt":"2025-08-27T23:48:35","guid":{"rendered":"https:\/\/roveyayinevi.com.tr\/index.php\/urun\/miras-10\/"},"modified":"2026-04-16T02:59:00","modified_gmt":"2026-04-15T23:59:00","slug":"miras-10","status":"publish","type":"product","link":"https:\/\/roveyayinevi.com.tr\/index.php\/urun\/miras-10\/","title":{"rendered":"Miras"},"content":{"rendered":"<p>Miras, Esendal\u2019\u0131n 1924-25 y\u0131llar\u0131nda Meslek gazetesinde tefrika edilmi\u015f bir aile roman\u0131. Gazete kapan\u0131nca yar\u0131m kalan roman y\u0131llar sonra, ancak 1988\u2019de kitap halinde \u00e7\u0131km\u0131\u015ft\u0131. Bu bask\u0131da tefrika yeniden g\u00fcn\u00fcm\u00fcz harflerine aktar\u0131ld\u0131. Esendal\u2019\u0131n ya\u015fam\u0131ndan izler ta\u015f\u0131yan Miras\u2019ta II. Me\u015frutiyet \u00f6ncesi d\u00f6nemde toplumsal, ekonomik, k\u00fclt\u00fcrel, ahlaki \u00e7\u00f6k\u00fc\u015f\u00fc ve \u00e7\u00fcr\u00fcy\u00fc\u015f\u00fc Silahtar Ali Pa\u015fa Kona\u011f\u0131 simgeler. Halit Ziya\u2019n\u0131n K\u0131r\u0131k Hayatlar ile M\u00e2i ve Siyah romanlar\u0131n\u0131 and\u0131ran Miras, menfaat ili\u015fkileri, aile kavgalar\u0131 ve siyasi \u00e7at\u0131\u015fmalarla y\u00fckl\u00fcd\u00fcr. Atiye Han\u0131m\u2019\u0131n Sarayk\u00f6y\u2019deki de\u011firmenini sat\u0131n almak i\u00e7in \u0130stanbul\u2019a gelen As\u0131m bir yandan o s\u0131rada gizli bir dernek olan \u0130ttihat ve Terakki\u2019yle ili\u015fki kurmu\u015f, bir yandan da Y\u00fcksekkald\u0131r\u0131m, Kuru\u00e7e\u015fme, \u00c7iftecevizler ve Ayastefanos semtlerindeki aileler aras\u0131nda bir dizi miras kavgas\u0131, k\u0131skan\u00e7l\u0131k ve entrika aras\u0131nda kalm\u0131\u015ft\u0131r. Konak bo\u015fald\u0131k\u00e7a ne hazin bir hal al\u0131yordu! Bo\u015f ve perdesiz kalan odalarda, \u00f6rt\u00fcs\u00fcz minderlerden keskin bir k\u00fcf kokusu inti\u015far ediyor, bo\u015f dairelerinde h\u00fcz\u00fcnengiz k\u0131\u015f r\u00fczg\u00e2rlar\u0131 \u00f6t\u00fcyordu. Bir a\u011fac\u0131n dal\u0131 b\u00fcy\u00fcy\u00fcp bir pencereyi k\u0131r\u0131yor, bir telde as\u0131lm\u0131\u015f sallanan bir par\u00e7a soba borusu b\u00fct\u00fcn k\u0131\u015f kaplamaya vurup duruyordu. Nihayet, bo\u015f kalan konakta cinler periler mek\u00e2n tutmu\u015flard\u0131. Ta\u015f odada a\u011flayan ke\u00e7iler, tekir kediler; mabeyin aral\u0131\u011f\u0131nda ye\u015fil sar\u0131kl\u0131 emirler; b\u00fcy\u00fck harem sofas\u0131nda c\u00fcceler g\u00f6r\u00fcnd\u00fc\u011f\u00fc rivayet olunuyor ve b\u00fcy\u00fck han\u0131m\u0131n y\u0131kand\u0131\u011f\u0131 yerde gece mumlar yand\u0131\u011f\u0131 temin olunuyordu. Bunlara o kadar inan\u0131l\u0131yordu ki, konakta son kalan aile efrad\u0131 \u2013\u015eefik Bey, biraderi ve validesiyle bir iki ihtiyar dad\u0131dan ve bac\u0131dan ibaretti\u2013 geceleri odalar\u0131ndan \u00e7\u0131kam\u0131yorlard\u0131. \u015eefik Bey, bo\u015f taraflara gitmeye g\u00fcnd\u00fcz bile korkard\u0131. <\/p>\n","protected":false},"excerpt":{"rendered":"<p>Miras, Esendal\u2019\u0131n 1924-25 y\u0131llar\u0131nda Meslek gazetesinde tefrika edilmi\u015f bir aile roman\u0131. Gazete kapan\u0131nca yar\u0131m kalan roman y\u0131llar sonra, ancak 1988\u2019de kitap halinde \u00e7\u0131km\u0131\u015ft\u0131. Bu bask\u0131da tefrika<span class=\"excerpt-hellip\"> [\u2026]<\/span><\/p>\n","protected":false},"featured_media":0,"template":"","meta":{"_monsterinsights_skip_tracking":false,"_monsterinsights_sitenote_active":false,"_monsterinsights_sitenote_note":"","_monsterinsights_sitenote_category":0},"product_brand":[],"product_cat":[12291,12711],"product_tag":[],"class_list":{"0":"post-746691","1":"product","2":"type-product","3":"status-publish","5":"product_cat-edebiyat","6":"product_cat-roman-oyku","7":"pa_cilt-ciltsiz","8":"pa_tur-kitap","9":"pa_yayinevi-yapi-kredi-yayinlari","10":"pa_yazar-memduh-sevket-esendal","12":"first","13":"instock","14":"sale","15":"shipping-taxable","16":"purchasable","17":"product-type-simple"},"_links":{"self":[{"href":"https:\/\/roveyayinevi.com.tr\/index.php\/wp-json\/wp\/v2\/product\/746691","targetHints":{"allow":["GET"]}}],"collection":[{"href":"https:\/\/roveyayinevi.com.tr\/index.php\/wp-json\/wp\/v2\/product"}],"about":[{"href":"https:\/\/roveyayinevi.com.tr\/index.php\/wp-json\/wp\/v2\/types\/product"}],"wp:attachment":[{"href":"https:\/\/roveyayinevi.com.tr\/index.php\/wp-json\/wp\/v2\/media?parent=746691"}],"wp:term":[{"taxonomy":"product_brand","embeddable":true,"href":"https:\/\/roveyayinevi.com.tr\/index.php\/wp-json\/wp\/v2\/product_brand?post=746691"},{"taxonomy":"product_cat","embeddable":true,"href":"https:\/\/roveyayinevi.com.tr\/index.php\/wp-json\/wp\/v2\/product_cat?post=746691"},{"taxonomy":"product_tag","embeddable":true,"href":"https:\/\/roveyayinevi.com.tr\/index.php\/wp-json\/wp\/v2\/product_tag?post=746691"}],"curies":[{"name":"wp","href":"https:\/\/api.w.org\/{rel}","templated":true}]}}