{"id":746690,"date":"2025-08-28T02:48:34","date_gmt":"2025-08-27T23:48:34","guid":{"rendered":"https:\/\/roveyayinevi.com.tr\/index.php\/urun\/agri-dagi-masallari\/"},"modified":"2025-09-13T19:10:52","modified_gmt":"2025-09-13T16:10:52","slug":"agri-dagi-masallari","status":"publish","type":"product","link":"https:\/\/roveyayinevi.com.tr\/index.php\/urun\/agri-dagi-masallari\/","title":{"rendered":"A\u011fr\u0131 Da\u011f\u0131 Masallar\u0131"},"content":{"rendered":"<p>Merak i\u00e7inde sordum: \u201cKimsin, bu insanlar da kim, burada ne i\u015finiz var?\u201d Ku\u015f, cevap verdi: \u201cBen Nuha. O ya\u015fl\u0131 adam Nuh peygamber. O gemideki insanlar ve hayvanlar d\u0131\u015f\u0131nda tufandan kurtulan olmad\u0131. G\u00fcnlerdir gemiyi oturtacak bir kara par\u00e7as\u0131 aray\u0131p durduk. Nihayet senin g\u00f6\u011fs\u00fcn\u00fc bulduk. Art\u0131k canl\u0131lar senin g\u00f6\u011fs\u00fcnde d\u00fcnyaya yay\u0131lacak ve sen, b\u00fct\u00fcn canl\u0131lar\u0131n tufandan sonraki ilk evi olarak an\u0131lacaks\u0131n. Ama ben de merak ettim, sen kimsin?\u201d Ona \u015f\u00f6yle cevap verdim: \u201cBen, ba\u015f\u0131 dumanl\u0131, tepesi karl\u0131 koca A\u011fr\u0131 Da\u011f\u0131\u2019y\u0131m. Bu da bana yaslanan karde\u015fim, K\u00fc\u00e7\u00fck A\u011fr\u0131 Da\u011f\u0131. \u0130\u015fte o g\u00fcn, bu g\u00fcnd\u00fcr Nuha ku\u015fu ile yolumuz hi\u00e7 ayr\u0131lmad\u0131.\u201d D\u00fcnyada sular \u00e7ekilip de yeni bir d\u00fczen kuruldu\u011funda ba\u015flar, Nuha&#8217;n\u0131n hik\u00e2yesi. O iki k\u0131z karde\u015fin i\u00e7inde beliren nefretin, mucizevi bi\u00e7imde sevgiye d\u00f6n\u00fc\u015fmesinin hik\u00e2yesi bu. De\u011fil mi ki sevginin kendisi de bir mucizedir zaten. Gelin bu mucizeyi, A\u011fr\u0131 Da\u011f\u0131&#8217;n\u0131n size g\u00f6nderdi\u011fi mektuptan okuyal\u0131m: S\u00f6ylediklerimin hepsi sizin iyili\u011finiz i\u00e7indir. \u0130yi belleyin! \u0130yilikleri, g\u00fczellikleri, sevgiyi, merhameti \u00e7o\u011falt\u0131n. K\u00f6t\u00fcl\u00fckleri ancak o zaman yok edebilirsiniz. Ben, size inan\u0131yorum. Siz de kendinize ve birbirinize inan\u0131n! D\u00fcnya, bu \u00f6\u011f\u00fctleri dinleyen \u00e7ocuklarla daha g\u00fczel olacak. Ve ben, sizleri gururla izleyece\u011fim. Sevgiyle ve umutla kal\u0131n \u00e7ocuklar\u0131m\u2026 Sizi \u00e7ok seven A\u011fr\u0131 Da\u011f\u0131 <\/p>\n","protected":false},"excerpt":{"rendered":"<p>Merak i\u00e7inde sordum: \u201cKimsin, bu insanlar da kim, burada ne i\u015finiz var?\u201d Ku\u015f, cevap verdi: \u201cBen Nuha. O ya\u015fl\u0131 adam Nuh peygamber. O gemideki insanlar ve<span class=\"excerpt-hellip\"> [\u2026]<\/span><\/p>\n","protected":false},"featured_media":0,"template":"","meta":{"_monsterinsights_skip_tracking":false,"_monsterinsights_sitenote_active":false,"_monsterinsights_sitenote_note":"","_monsterinsights_sitenote_category":0},"product_brand":[],"product_cat":[12274,12523],"product_tag":[],"class_list":{"0":"post-746690","1":"product","2":"type-product","3":"status-publish","5":"product_cat-cocuk-ve-genclik-kitaplari","6":"product_cat-masallar","7":"pa_cilt-ciltsiz","8":"pa_tur-kitap","9":"pa_yayinevi-us-yayinlari","10":"pa_yazar-ibrahim-altun-zafer-carboga","12":"first","13":"instock","14":"sale","15":"shipping-taxable","16":"purchasable","17":"product-type-simple"},"_links":{"self":[{"href":"https:\/\/roveyayinevi.com.tr\/index.php\/wp-json\/wp\/v2\/product\/746690","targetHints":{"allow":["GET"]}}],"collection":[{"href":"https:\/\/roveyayinevi.com.tr\/index.php\/wp-json\/wp\/v2\/product"}],"about":[{"href":"https:\/\/roveyayinevi.com.tr\/index.php\/wp-json\/wp\/v2\/types\/product"}],"wp:attachment":[{"href":"https:\/\/roveyayinevi.com.tr\/index.php\/wp-json\/wp\/v2\/media?parent=746690"}],"wp:term":[{"taxonomy":"product_brand","embeddable":true,"href":"https:\/\/roveyayinevi.com.tr\/index.php\/wp-json\/wp\/v2\/product_brand?post=746690"},{"taxonomy":"product_cat","embeddable":true,"href":"https:\/\/roveyayinevi.com.tr\/index.php\/wp-json\/wp\/v2\/product_cat?post=746690"},{"taxonomy":"product_tag","embeddable":true,"href":"https:\/\/roveyayinevi.com.tr\/index.php\/wp-json\/wp\/v2\/product_tag?post=746690"}],"curies":[{"name":"wp","href":"https:\/\/api.w.org\/{rel}","templated":true}]}}