{"id":746673,"date":"2025-08-28T02:48:08","date_gmt":"2025-08-27T23:48:08","guid":{"rendered":"https:\/\/roveyayinevi.com.tr\/index.php\/urun\/sayilarla-yaratici-boyama-doga\/"},"modified":"2026-04-16T02:58:59","modified_gmt":"2026-04-15T23:58:59","slug":"sayilarla-yaratici-boyama-doga","status":"publish","type":"product","link":"https:\/\/roveyayinevi.com.tr\/index.php\/urun\/sayilarla-yaratici-boyama-doga\/","title":{"rendered":"Say\u0131larla Yarat\u0131c\u0131 Boyama &#8211; Do\u011fa"},"content":{"rendered":"<p>Say\u0131lar\u0131 renklerine g\u00f6re boya, e\u011flen! \u0130stersen sahnelere kendi \u00e7izimlerini de ekleyebilirsin. Dikkat ve odaklanmay\u0131 art\u0131ran yarat\u0131c\u0131 boyama sayfalar\u0131, \u00e7ocuklar\u0131 g\u00f6rsel alg\u0131 becerilerini geli\u015ftirecek e\u011flenceli bir yolculu\u011fa \u00e7\u0131kar\u0131yor. <\/p>\n","protected":false},"excerpt":{"rendered":"<p>Say\u0131lar\u0131 renklerine g\u00f6re boya, e\u011flen! \u0130stersen sahnelere kendi \u00e7izimlerini de ekleyebilirsin. Dikkat ve odaklanmay\u0131 art\u0131ran yarat\u0131c\u0131 boyama sayfalar\u0131, \u00e7ocuklar\u0131 g\u00f6rsel alg\u0131 becerilerini geli\u015ftirecek e\u011flenceli bir yolculu\u011fa<span class=\"excerpt-hellip\"> [\u2026]<\/span><\/p>\n","protected":false},"featured_media":0,"template":"","meta":{"_monsterinsights_skip_tracking":false,"_monsterinsights_sitenote_active":false,"_monsterinsights_sitenote_note":"","_monsterinsights_sitenote_category":0},"product_brand":[],"product_cat":[12644,12274],"product_tag":[],"class_list":{"0":"post-746673","1":"product","2":"type-product","3":"status-publish","5":"product_cat-boyama-kitaplari","6":"product_cat-cocuk-ve-genclik-kitaplari","7":"pa_cilt-ciltsiz","8":"pa_tur-kitap","9":"pa_yayinevi-is-bankasi-kultur-yayinlari","10":"pa_yazar-kolektif","12":"first","13":"instock","14":"sale","15":"shipping-taxable","16":"purchasable","17":"product-type-simple"},"_links":{"self":[{"href":"https:\/\/roveyayinevi.com.tr\/index.php\/wp-json\/wp\/v2\/product\/746673","targetHints":{"allow":["GET"]}}],"collection":[{"href":"https:\/\/roveyayinevi.com.tr\/index.php\/wp-json\/wp\/v2\/product"}],"about":[{"href":"https:\/\/roveyayinevi.com.tr\/index.php\/wp-json\/wp\/v2\/types\/product"}],"wp:attachment":[{"href":"https:\/\/roveyayinevi.com.tr\/index.php\/wp-json\/wp\/v2\/media?parent=746673"}],"wp:term":[{"taxonomy":"product_brand","embeddable":true,"href":"https:\/\/roveyayinevi.com.tr\/index.php\/wp-json\/wp\/v2\/product_brand?post=746673"},{"taxonomy":"product_cat","embeddable":true,"href":"https:\/\/roveyayinevi.com.tr\/index.php\/wp-json\/wp\/v2\/product_cat?post=746673"},{"taxonomy":"product_tag","embeddable":true,"href":"https:\/\/roveyayinevi.com.tr\/index.php\/wp-json\/wp\/v2\/product_tag?post=746673"}],"curies":[{"name":"wp","href":"https:\/\/api.w.org\/{rel}","templated":true}]}}