{"id":746669,"date":"2025-08-28T02:48:03","date_gmt":"2025-08-27T23:48:03","guid":{"rendered":"https:\/\/roveyayinevi.com.tr\/index.php\/urun\/evine-hos-geldin-minik-kedi\/"},"modified":"2026-04-16T02:58:59","modified_gmt":"2026-04-15T23:58:59","slug":"evine-hos-geldin-minik-kedi","status":"publish","type":"product","link":"https:\/\/roveyayinevi.com.tr\/index.php\/urun\/evine-hos-geldin-minik-kedi\/","title":{"rendered":"Evine Ho\u015f Geldin Minik Kedi"},"content":{"rendered":"<p>\u0130dil yavru bir kedi sahiplenece\u011fi i\u00e7in heyecanl\u0131 ve mutluydu. Ancak bir kedinin sorumlulu\u011funu almak kolay de\u011fildi. \u0130dil\u2019in kedilerle ilgili \u00f6\u011frenmesi gereken ne kadar \u00e7ok \u015fey vard\u0131: \u2022 Yavru bir kedi ka\u00e7 ayl\u0131kken annesinden ayr\u0131labilir?\u2022 Kedilerin bak\u0131m\u0131 nas\u0131l yap\u0131l\u0131r? \u2022 Kediler neden f\u0131r\u00e7alanmal\u0131d\u0131r? <\/p>\n","protected":false},"excerpt":{"rendered":"<p>\u0130dil yavru bir kedi sahiplenece\u011fi i\u00e7in heyecanl\u0131 ve mutluydu. Ancak bir kedinin sorumlulu\u011funu almak kolay de\u011fildi. \u0130dil\u2019in kedilerle ilgili \u00f6\u011frenmesi gereken ne kadar \u00e7ok \u015fey vard\u0131:<span class=\"excerpt-hellip\"> [\u2026]<\/span><\/p>\n","protected":false},"featured_media":0,"template":"","meta":{"_monsterinsights_skip_tracking":false,"_monsterinsights_sitenote_active":false,"_monsterinsights_sitenote_note":"","_monsterinsights_sitenote_category":0},"product_brand":[],"product_cat":[12274,12518],"product_tag":[],"class_list":{"0":"post-746669","1":"product","2":"type-product","3":"status-publish","5":"product_cat-cocuk-ve-genclik-kitaplari","6":"product_cat-okul-oncesi-kitaplar","7":"pa_cilt-ciltsiz","8":"pa_tur-kitap","9":"pa_yayinevi-is-bankasi-kultur-yayinlari","10":"pa_yazar-susa-hammerle","12":"first","13":"instock","14":"sale","15":"shipping-taxable","16":"purchasable","17":"product-type-simple"},"_links":{"self":[{"href":"https:\/\/roveyayinevi.com.tr\/index.php\/wp-json\/wp\/v2\/product\/746669","targetHints":{"allow":["GET"]}}],"collection":[{"href":"https:\/\/roveyayinevi.com.tr\/index.php\/wp-json\/wp\/v2\/product"}],"about":[{"href":"https:\/\/roveyayinevi.com.tr\/index.php\/wp-json\/wp\/v2\/types\/product"}],"wp:attachment":[{"href":"https:\/\/roveyayinevi.com.tr\/index.php\/wp-json\/wp\/v2\/media?parent=746669"}],"wp:term":[{"taxonomy":"product_brand","embeddable":true,"href":"https:\/\/roveyayinevi.com.tr\/index.php\/wp-json\/wp\/v2\/product_brand?post=746669"},{"taxonomy":"product_cat","embeddable":true,"href":"https:\/\/roveyayinevi.com.tr\/index.php\/wp-json\/wp\/v2\/product_cat?post=746669"},{"taxonomy":"product_tag","embeddable":true,"href":"https:\/\/roveyayinevi.com.tr\/index.php\/wp-json\/wp\/v2\/product_tag?post=746669"}],"curies":[{"name":"wp","href":"https:\/\/api.w.org\/{rel}","templated":true}]}}