{"id":746665,"date":"2025-08-28T02:47:58","date_gmt":"2025-08-27T23:47:58","guid":{"rendered":"https:\/\/roveyayinevi.com.tr\/index.php\/urun\/cigin-astronotlar\/"},"modified":"2026-04-16T02:58:59","modified_gmt":"2026-04-15T23:58:59","slug":"cigin-astronotlar","status":"publish","type":"product","link":"https:\/\/roveyayinevi.com.tr\/index.php\/urun\/cigin-astronotlar\/","title":{"rendered":"\u00c7\u0131g\u0131n Astronotlar"},"content":{"rendered":"<p>\u00c7ocuk edebiyat\u0131m\u0131z\u0131n sevilen kalemlerinden \u00d6mer A\u00e7\u0131k, \u00c7a\u011fla Yi\u011fit\u2019le beraber e\u011flenceli bir diziye imza at\u0131yor. Ne\u015feli, k\u0131p\u0131r k\u0131p\u0131r, yerinde duramayan Umut\u2019la tan\u0131\u015ft\u0131r\u0131yor bizi. Umut\u2019un hayalleri, \u00f6\u011frenme hevesi ve merak\u0131yla evde ve okulda ya\u015fad\u0131\u011f\u0131 renkli ser\u00fcvenleri g\u00fcl\u00fcmseyerek okuyoruz Umut merakl\u0131 bir \u00e7ocuk. En \u00e7ok da uzayla ilgili \u015feyleri \u00f6\u011frenmeye hevesli.Uzayda neden yer\u00e7ekimi yok? Gezegenler neden \u00e7arp\u0131\u015fm\u0131yor? G\u00fcne\u015f s\u00f6nerse ne olur? Okullar\u0131na gelen uzay t\u0131r\u0131n\u0131 b\u00fcy\u00fck bir heyecanla kar\u015f\u0131l\u0131yor Umut. Y\u0131ld\u0131zlar, g\u00f6kadalar ve gezegenlerin b\u00fcy\u00fcs\u00fcne babas\u0131yla birlikte yapt\u0131\u011f\u0131 astronot k\u0131yafeti de eklenince, Umut\u2019un uzay maceras\u0131 keyifli bir yolculu\u011fa d\u00f6n\u00fc\u015f\u00fcyor.<\/p>\n","protected":false},"excerpt":{"rendered":"<p>\u00c7ocuk edebiyat\u0131m\u0131z\u0131n sevilen kalemlerinden \u00d6mer A\u00e7\u0131k, \u00c7a\u011fla Yi\u011fit\u2019le beraber e\u011flenceli bir diziye imza at\u0131yor. Ne\u015feli, k\u0131p\u0131r k\u0131p\u0131r, yerinde duramayan Umut\u2019la tan\u0131\u015ft\u0131r\u0131yor bizi. Umut\u2019un hayalleri, \u00f6\u011frenme hevesi<span class=\"excerpt-hellip\"> [\u2026]<\/span><\/p>\n","protected":false},"featured_media":0,"template":"","meta":{"_monsterinsights_skip_tracking":false,"_monsterinsights_sitenote_active":false,"_monsterinsights_sitenote_note":"","_monsterinsights_sitenote_category":0},"product_brand":[],"product_cat":[12274,12284],"product_tag":[],"class_list":{"0":"post-746665","1":"product","2":"type-product","3":"status-publish","5":"product_cat-cocuk-ve-genclik-kitaplari","6":"product_cat-hikayeler","7":"pa_cilt-ciltsiz","8":"pa_tur-kitap","9":"pa_yayinevi-uyurgezer-kitap","10":"pa_yazar-omer-acik","12":"first","13":"instock","14":"sale","15":"shipping-taxable","16":"purchasable","17":"product-type-simple"},"_links":{"self":[{"href":"https:\/\/roveyayinevi.com.tr\/index.php\/wp-json\/wp\/v2\/product\/746665","targetHints":{"allow":["GET"]}}],"collection":[{"href":"https:\/\/roveyayinevi.com.tr\/index.php\/wp-json\/wp\/v2\/product"}],"about":[{"href":"https:\/\/roveyayinevi.com.tr\/index.php\/wp-json\/wp\/v2\/types\/product"}],"wp:attachment":[{"href":"https:\/\/roveyayinevi.com.tr\/index.php\/wp-json\/wp\/v2\/media?parent=746665"}],"wp:term":[{"taxonomy":"product_brand","embeddable":true,"href":"https:\/\/roveyayinevi.com.tr\/index.php\/wp-json\/wp\/v2\/product_brand?post=746665"},{"taxonomy":"product_cat","embeddable":true,"href":"https:\/\/roveyayinevi.com.tr\/index.php\/wp-json\/wp\/v2\/product_cat?post=746665"},{"taxonomy":"product_tag","embeddable":true,"href":"https:\/\/roveyayinevi.com.tr\/index.php\/wp-json\/wp\/v2\/product_tag?post=746665"}],"curies":[{"name":"wp","href":"https:\/\/api.w.org\/{rel}","templated":true}]}}