{"id":746658,"date":"2025-08-28T02:47:48","date_gmt":"2025-08-27T23:47:48","guid":{"rendered":"https:\/\/roveyayinevi.com.tr\/index.php\/urun\/hayir-mi-gardas\/"},"modified":"2026-04-16T02:58:59","modified_gmt":"2026-04-15T23:58:59","slug":"hayir-mi-gardas","status":"publish","type":"product","link":"https:\/\/roveyayinevi.com.tr\/index.php\/urun\/hayir-mi-gardas\/","title":{"rendered":"Hay\u0131r M\u0131 Garda\u015f?"},"content":{"rendered":"<p>Taksi bir ula\u015f\u0131m arac\u0131d\u0131r, taksici de o ula\u015f\u0131m arac\u0131n\u0131n kaptan\u0131. Evet, en basit tan\u0131m\u0131 bu ama yetmez. Biraz derine inmek laz\u0131m. Taksici, sadece ula\u015f\u0131m\u0131n\u0131z\u0131 sa\u011flayan bir ta\u015f\u0131mac\u0131 m\u0131? Elbette hay\u0131r. Taksicinin b\u00fcnyesinde bar\u0131nd\u0131rd\u0131\u011f\u0131 meslekler saymakla bitmez.   \u201cTaksi \u015fof\u00f6r\u00fc, sizin gece vakti g\u00fcvenebilece\u011finiz en yak\u0131n\u0131n\u0131zd\u0131r. Dert orta\u011f\u0131n\u0131z, s\u0131rda\u015f\u0131n\u0131z, psikolo\u011funuzdur. Taksi \u015fof\u00f6r\u00fc ayn\u0131 zamanda bilmese de do\u011fa\u00e7lama yapan t\u0131bbi uygulay\u0131c\u0131d\u0131r. Arac\u0131nda do\u011fum yapt\u0131ranlar bile var. Siyaset bilimcidir; \u00fclkenin siyasi nabz\u0131n\u0131 tutar. Ekonomisttir; \u00fclkenin ekonomik durumunu analiz eder. Kamuoyu ara\u015ft\u0131rmac\u0131s\u0131d\u0131r; hangi siyasi partinin se\u00e7imlerde kazanabilece\u011fini arac\u0131na binen yolcu profiline g\u00f6re analiz eder. Otomobilden anlar; ara\u00e7 alacaklar i\u00e7in hangi ara\u00e7 iyi, hangi ara\u00e7 k\u00f6t\u00fc bilgi aktar\u0131r, \u00f6neride bulunur.\u201d diye ustal\u0131kla anlatm\u0131\u015f yazar. Taksilerin tarih\u00e7esini anlatt\u0131ktan sonra taksicilerin yol hik\u00e2yelerini bulu\u015fturmu\u015f bizlerle. Baz\u0131lar\u0131n\u0131 k\u0131zarak baz\u0131lar\u0131n\u0131 h\u00fcz\u00fcnlenerek ama en \u00e7ok da e\u011flenerek okuyaca\u011f\u0131n\u0131z birbirinden g\u00fczel hik\u00e2yelerin bulundu\u011fu bu kitap hem y\u00fcz\u00fcn\u00fczde g\u00fczel bir tebess\u00fcm b\u0131rakacak hem de bak\u0131\u015f a\u00e7\u0131n\u0131z\u0131 de\u011fi\u015ftirecek. Yazar\u0131m\u0131z\u0131n iste\u011fiyle diyaloglardaki \u00fcsluba dokunmad\u0131k. Sizler de okurken daha samimi hissedebilin diye\u2026 <\/p>\n","protected":false},"excerpt":{"rendered":"<p>Taksi bir ula\u015f\u0131m arac\u0131d\u0131r, taksici de o ula\u015f\u0131m arac\u0131n\u0131n kaptan\u0131. Evet, en basit tan\u0131m\u0131 bu ama yetmez. Biraz derine inmek laz\u0131m. Taksici, sadece ula\u015f\u0131m\u0131n\u0131z\u0131 sa\u011flayan bir<span class=\"excerpt-hellip\"> [\u2026]<\/span><\/p>\n","protected":false},"featured_media":0,"template":"","meta":{"_monsterinsights_skip_tracking":false,"_monsterinsights_sitenote_active":false,"_monsterinsights_sitenote_note":"","_monsterinsights_sitenote_category":0},"product_brand":[],"product_cat":[12291,12711],"product_tag":[],"class_list":{"0":"post-746658","1":"product","2":"type-product","3":"status-publish","5":"product_cat-edebiyat","6":"product_cat-roman-oyku","7":"pa_cilt-ciltsiz","8":"pa_tur-kitap","9":"pa_yayinevi-fa-yayinlari","10":"pa_yazar-macit-inozu","12":"first","13":"instock","14":"sale","15":"shipping-taxable","16":"purchasable","17":"product-type-simple"},"_links":{"self":[{"href":"https:\/\/roveyayinevi.com.tr\/index.php\/wp-json\/wp\/v2\/product\/746658","targetHints":{"allow":["GET"]}}],"collection":[{"href":"https:\/\/roveyayinevi.com.tr\/index.php\/wp-json\/wp\/v2\/product"}],"about":[{"href":"https:\/\/roveyayinevi.com.tr\/index.php\/wp-json\/wp\/v2\/types\/product"}],"wp:attachment":[{"href":"https:\/\/roveyayinevi.com.tr\/index.php\/wp-json\/wp\/v2\/media?parent=746658"}],"wp:term":[{"taxonomy":"product_brand","embeddable":true,"href":"https:\/\/roveyayinevi.com.tr\/index.php\/wp-json\/wp\/v2\/product_brand?post=746658"},{"taxonomy":"product_cat","embeddable":true,"href":"https:\/\/roveyayinevi.com.tr\/index.php\/wp-json\/wp\/v2\/product_cat?post=746658"},{"taxonomy":"product_tag","embeddable":true,"href":"https:\/\/roveyayinevi.com.tr\/index.php\/wp-json\/wp\/v2\/product_tag?post=746658"}],"curies":[{"name":"wp","href":"https:\/\/api.w.org\/{rel}","templated":true}]}}