{"id":746629,"date":"2025-08-28T02:46:38","date_gmt":"2025-08-27T23:46:38","guid":{"rendered":"https:\/\/roveyayinevi.com.tr\/index.php\/urun\/ressam-vasifin-gizli-asklar-tarihi\/"},"modified":"2026-04-16T02:58:58","modified_gmt":"2026-04-15T23:58:58","slug":"ressam-vasifin-gizli-asklar-tarihi","status":"publish","type":"product","link":"https:\/\/roveyayinevi.com.tr\/index.php\/urun\/ressam-vasifin-gizli-asklar-tarihi\/","title":{"rendered":"Ressam Vas\u0131f\u2019\u0131n Gizli A\u015fklar Tarihi"},"content":{"rendered":"<p>\u201cYunan heykellerine benzeyen v\u00fccudunda dola\u015fan ellerimiz \u00e7o\u011fald\u0131k\u00e7a Jean kendinden ge\u00e7er, k\u0131vran\u0131\u015flar\u0131 bizi de en tatl\u0131 g\u00fcnahlar\u0131n bah\u00e7esine davet ederdi. Pe\u015f pe\u015fe i\u00e7ti\u011fimiz \u015faraplar\u0131n tesiriyle bu sahnelerin sonu pek fena biterdi. K\u0131\u015fk\u0131rt\u0131c\u0131 temaslarla \u00e7\u0131lg\u0131na d\u00f6nen uzviyetin tahakk\u00fcm\u00fcne teslim olurduk. Akl\u0131n g\u00fcc\u00fcn\u00fc kaybetti\u011fi bu zevk karnaval\u0131nda v\u00fccutlar\u0131m\u0131z ate\u015fin t\u00fcm renkleriyle kavrulur, ba\u015fka bir \u015fey haline gelir, adeta bir metamorfoz ge\u00e7irirdi. \u2018Vas\u0131f, sanat\u00e7\u0131 i\u00e7in s\u0131n\u0131r yoktur,\u2019 derdi Georgette, \u2018v\u00fccutlar\u0131m\u0131z\u0131n her yeri, her santimi hayattan zevk almak i\u00e7in d\u00fcnyaya gelmi\u015ftir, kendini bunlardan mahrum b\u0131rakan biri asla sanat\u0131n en y\u00fcce kat\u0131na \u00e7\u0131kamaz. \u00c7\u00fcnk\u00fc ald\u0131\u011f\u0131m\u0131z her damla zevkin \u00f6denmesi gereken bir bedeli vard\u0131r. Sanat\u00e7\u0131 bu bedeli boyayla, \u00e7izgiyle \u00e7al\u0131\u015farak \u00f6der.\u2019\u201d   \u0130mparatorlu\u011fun son g\u00fcnlerinde Paris\u2019te Georgette\u2019in at\u00f6lyesinde resmi, \u0131\u015f\u0131\u011f\u0131 ve renkleri yeniden \u00f6\u011frenirken bedenini ve hazz\u0131n s\u0131n\u0131rs\u0131zl\u0131\u011f\u0131n\u0131 ke\u015ffetmi\u015f gen\u00e7 bir ressam&#8230; Ali Salih Pa\u015fa\u2019n\u0131n ye\u011feni, Nazmi Ziya\u2019n\u0131n, \u00c7all\u0131\u2019n\u0131n yak\u0131n dostu&#8230; \u00c7aml\u0131ca\u2019daki aile kona\u011f\u0131nda \u00fcnl\u00fc Gritchenko\u2019yu a\u011f\u0131rlam\u0131\u015f&#8230; M\u00fctareke \u0130stanbul\u2019unun karma\u015fas\u0131nda \u0130ngiliz kumandan Jackson\u2019la g\u00fcnlerini tuvalin ba\u015f\u0131nda ge\u00e7irmi\u015f&#8230; Gen\u00e7 Cumhuriyet\u2019in devrimleri ard\u0131 ard\u0131na gelirken ailesinin son kalan fertlerini kaybetmi\u015f&#8230; 6-7 Eyl\u00fcl\u2019\u00fc, 60 Darbesi\u2019ni ya\u015fam\u0131\u015f&#8230; T\u00fcrkiye\u2019nin resim tarihine yak\u0131ndan tan\u0131kl\u0131k etmi\u015f&#8230; Hazla ac\u0131n\u0131n birbirine doland\u0131\u011f\u0131 uzun bir yaln\u0131zl\u0131\u011f\u0131n, gizli kalm\u0131\u015f a\u015fklar\u0131n, bir t\u00fcrl\u00fc yakalanamayan \u015f\u00f6hretin hik\u00e2yesi&#8230; Ressam Vas\u0131f Ekrem Yelda\u2019n\u0131n kendi a\u011fz\u0131ndan dinledi\u011fimiz hayat\u0131, samimi itiraflar\u0131 ve bitmeyen resim tutkusu&#8230;   1967 sonbahar\u0131nda gen\u00e7 bir gazetecinin unutulmu\u015f bir ressamla g\u00fcnler s\u00fcren s\u00f6yle\u015fisinin kay\u0131tlar\u0131&#8230; Hi\u00e7 yay\u0131mlanamam\u0131\u015f bu s\u00f6yle\u015fi y\u0131llar s\u00fcren hukuk m\u00fccadelesinden sonra elinizdeki kitapla okuyucusuyla bulu\u015fuyor. <\/p>\n","protected":false},"excerpt":{"rendered":"<p>\u201cYunan heykellerine benzeyen v\u00fccudunda dola\u015fan ellerimiz \u00e7o\u011fald\u0131k\u00e7a Jean kendinden ge\u00e7er, k\u0131vran\u0131\u015flar\u0131 bizi de en tatl\u0131 g\u00fcnahlar\u0131n bah\u00e7esine davet ederdi. Pe\u015f pe\u015fe i\u00e7ti\u011fimiz \u015faraplar\u0131n tesiriyle bu sahnelerin<span class=\"excerpt-hellip\"> [\u2026]<\/span><\/p>\n","protected":false},"featured_media":0,"template":"","meta":{"_monsterinsights_skip_tracking":false,"_monsterinsights_sitenote_active":false,"_monsterinsights_sitenote_note":"","_monsterinsights_sitenote_category":0},"product_brand":[],"product_cat":[18545,12291],"product_tag":[],"class_list":{"0":"post-746629","1":"product","2":"type-product","3":"status-publish","5":"product_cat-anlati","6":"product_cat-edebiyat","7":"pa_cilt-ciltsiz","8":"pa_tur-kitap","9":"pa_yayinevi-can-yayinlari","10":"pa_yazar-murat-gulsoy","12":"first","13":"instock","14":"sale","15":"shipping-taxable","16":"purchasable","17":"product-type-simple"},"_links":{"self":[{"href":"https:\/\/roveyayinevi.com.tr\/index.php\/wp-json\/wp\/v2\/product\/746629","targetHints":{"allow":["GET"]}}],"collection":[{"href":"https:\/\/roveyayinevi.com.tr\/index.php\/wp-json\/wp\/v2\/product"}],"about":[{"href":"https:\/\/roveyayinevi.com.tr\/index.php\/wp-json\/wp\/v2\/types\/product"}],"wp:attachment":[{"href":"https:\/\/roveyayinevi.com.tr\/index.php\/wp-json\/wp\/v2\/media?parent=746629"}],"wp:term":[{"taxonomy":"product_brand","embeddable":true,"href":"https:\/\/roveyayinevi.com.tr\/index.php\/wp-json\/wp\/v2\/product_brand?post=746629"},{"taxonomy":"product_cat","embeddable":true,"href":"https:\/\/roveyayinevi.com.tr\/index.php\/wp-json\/wp\/v2\/product_cat?post=746629"},{"taxonomy":"product_tag","embeddable":true,"href":"https:\/\/roveyayinevi.com.tr\/index.php\/wp-json\/wp\/v2\/product_tag?post=746629"}],"curies":[{"name":"wp","href":"https:\/\/api.w.org\/{rel}","templated":true}]}}