{"id":746627,"date":"2025-08-28T02:46:35","date_gmt":"2025-08-27T23:46:35","guid":{"rendered":"https:\/\/roveyayinevi.com.tr\/index.php\/urun\/ayasli-ile-kiracilari-2\/"},"modified":"2026-04-16T02:58:58","modified_gmt":"2026-04-15T23:58:58","slug":"ayasli-ile-kiracilari-2","status":"publish","type":"product","link":"https:\/\/roveyayinevi.com.tr\/index.php\/urun\/ayasli-ile-kiracilari-2\/","title":{"rendered":"Aya\u015fl\u0131 ile Kirac\u0131lar\u0131"},"content":{"rendered":"<p>Aya\u015fl\u0131 ile Kirac\u0131lar\u0131 adl\u0131 b\u00fcy\u00fck roman\u0131, yeni kurulan Ankara\u2019n\u0131n havas\u0131nda memleketteki seviye ve zihniyet farklar\u0131n\u0131 kuvvetle g\u00f6steren bir eserdir. Bu hi\u00e7 m\u00fctearr\u0131z g\u00f6r\u00fcnmeden her s\u00f6ylemek istedi\u011fini s\u00f6yleyen realizme bug\u00fcnk\u00fc edebiyat\u0131m\u0131z en canl\u0131 taraflar\u0131ndan birini bor\u00e7ludur.   Ahmet Hamdi Tanp\u0131nar \u00dclkenin ortas\u0131nda bir \u015fehir, \u015fehrin ortas\u0131nda bir apartman.   Aya\u015fl\u0131 \u0130brahim Efendi ve kimi aylarca kalan kimi gecelik de\u011fi\u015fen kirac\u0131lar\u0131. Aralar\u0131nda halim selim tipler de var \u00e7apk\u0131nlar da, ya\u015fl\u0131lar da var g\u00fcn boyu a\u011flayan \u00e7ocuklar da, doland\u0131r\u0131c\u0131lar da var kendi ya\u011f\u0131nda kavrulanlar da\u2026 Memleketin d\u00f6rt bir yan\u0131ndan gelip h\u00fck\u00fcmet kap\u0131s\u0131nda derdine deva arayanlar, hakk\u0131 olan\u0131 alabilmek i\u00e7in dilek\u00e7e \u00fcst\u00fcne dilek\u00e7e yazanlar.   Bitmeyen dertler, dedikodular, k\u00fc\u00e7\u00fck hesaplar, tatl\u0131 sohbetler, \u00f6l\u00fcmler, kal\u0131mlar, e\u011flenceler, fl\u00f6rtler, a\u015fklar\u2026 Aya\u015fl\u0131\u2019n\u0131n evi tam bir c\u00fcmb\u00fc\u015f\u2026   Memduh \u015eevket Esendal\u2019\u0131n hayattayken yay\u0131mlatabildi\u011fi tek roman\u0131 olan bu eser, yazar\u0131n ifadesiyle \u201cbug\u00fcnk\u00fc cemiyetimizin \u015fiddetli bir tenkidi.\u201d   Aya\u015fl\u0131 ile Kirac\u0131lar\u0131, 1930\u2019lar\u0131n gen\u00e7 cumhuriyetinden e\u011flenceli, ibretlik manzaralar sunan, bir romandan al\u0131nabilecek bir\u00e7ok tad\u0131 tam k\u0131vam\u0131nda veren bir roman. Memduh \u015eevket Esendal, T\u00fcrk\u00e7enin en canl\u0131 rengi\u2026 <\/p>\n","protected":false},"excerpt":{"rendered":"<p>Aya\u015fl\u0131 ile Kirac\u0131lar\u0131 adl\u0131 b\u00fcy\u00fck roman\u0131, yeni kurulan Ankara\u2019n\u0131n havas\u0131nda memleketteki seviye ve zihniyet farklar\u0131n\u0131 kuvvetle g\u00f6steren bir eserdir. Bu hi\u00e7 m\u00fctearr\u0131z g\u00f6r\u00fcnmeden her s\u00f6ylemek istedi\u011fini<span class=\"excerpt-hellip\"> [\u2026]<\/span><\/p>\n","protected":false},"featured_media":0,"template":"","meta":{"_monsterinsights_skip_tracking":false,"_monsterinsights_sitenote_active":false,"_monsterinsights_sitenote_note":"","_monsterinsights_sitenote_category":0},"product_brand":[],"product_cat":[12291,12711],"product_tag":[],"class_list":{"0":"post-746627","1":"product","2":"type-product","3":"status-publish","5":"product_cat-edebiyat","6":"product_cat-roman-oyku","7":"pa_cilt-ciltsiz","8":"pa_tur-kitap","9":"pa_yayinevi-can-yayinlari","10":"pa_yazar-memduh-sevket-esendal","12":"first","13":"instock","14":"sale","15":"shipping-taxable","16":"purchasable","17":"product-type-simple"},"_links":{"self":[{"href":"https:\/\/roveyayinevi.com.tr\/index.php\/wp-json\/wp\/v2\/product\/746627","targetHints":{"allow":["GET"]}}],"collection":[{"href":"https:\/\/roveyayinevi.com.tr\/index.php\/wp-json\/wp\/v2\/product"}],"about":[{"href":"https:\/\/roveyayinevi.com.tr\/index.php\/wp-json\/wp\/v2\/types\/product"}],"wp:attachment":[{"href":"https:\/\/roveyayinevi.com.tr\/index.php\/wp-json\/wp\/v2\/media?parent=746627"}],"wp:term":[{"taxonomy":"product_brand","embeddable":true,"href":"https:\/\/roveyayinevi.com.tr\/index.php\/wp-json\/wp\/v2\/product_brand?post=746627"},{"taxonomy":"product_cat","embeddable":true,"href":"https:\/\/roveyayinevi.com.tr\/index.php\/wp-json\/wp\/v2\/product_cat?post=746627"},{"taxonomy":"product_tag","embeddable":true,"href":"https:\/\/roveyayinevi.com.tr\/index.php\/wp-json\/wp\/v2\/product_tag?post=746627"}],"curies":[{"name":"wp","href":"https:\/\/api.w.org\/{rel}","templated":true}]}}