{"id":746612,"date":"2025-08-28T02:46:13","date_gmt":"2025-08-27T23:46:13","guid":{"rendered":"https:\/\/roveyayinevi.com.tr\/index.php\/urun\/aile-ve-cocugun-medya-sarmali\/"},"modified":"2026-04-16T02:58:58","modified_gmt":"2026-04-15T23:58:58","slug":"aile-ve-cocugun-medya-sarmali","status":"publish","type":"product","link":"https:\/\/roveyayinevi.com.tr\/index.php\/urun\/aile-ve-cocugun-medya-sarmali\/","title":{"rendered":"Aile ve \u00c7ocu\u011fun Medya Sarmal\u0131"},"content":{"rendered":"<p>Modern \u00e7ocuklu\u011fun tam anlam\u0131yla sarmala d\u00f6n\u00fc\u015fmesi g\u00f6rsel medyalarla g\u00fcndeme geldi. \u00c7ocuk ve medya d\u00fcnyas\u0131 yaz\u0131l\u0131, g\u00f6rsel-i\u015fitsel, elektronik ve dijital medya ara\u00e7lar\u0131na eri\u015fim bak\u0131m\u0131ndan e\u015fitsizlikler d\u00fcnyas\u0131d\u0131r. Yeni ku\u015faklar ekran kar\u015f\u0131s\u0131nda b\u00fcy\u00fcmektedir. \u00c7eyrek y\u00fczy\u0131ld\u0131r aile, \u00e7ocuk, medya ili\u015fkilerinde en belirgin ve t\u00fcketilen merkez konumundaki televizyon, yerini yeni nesil dijital medyalara b\u0131rakmaktad\u0131r.     Yeni \u00e7ocuklu\u011fun medya ile ili\u015fkilerinin ba\u015fat sorumlular\u0131 aras\u0131nda aile, e\u011fitim sistemi, medya, devlet ve k\u00fcresel medya d\u00fczeni say\u0131labilir. \u00d6ncelikle bireyi ve toplumu medyan\u0131n olumlu etkilerinden yararland\u0131rmak ve olumsuz etkilerinden korumak amac\u0131yla medya e\u011fitimi hayata ge\u00e7irilmesi gereken en etkin s\u00fcre\u00e7tir. Medya e\u011fitiminde \u00f6nceli\u011fin temel okuryazarl\u0131\u011fa verilece\u011fi, geleneksel okuryazarl\u0131k, g\u00f6rsel-i\u015fitsel okuryazarl\u0131k, dijital okuryazarl\u0131k ve medya okuryazarl\u0131\u011f\u0131n\u0131n \u00e7oklu okuryazarl\u0131\u011f\u0131 kapsayacak \u015fekilde planlanmas\u0131 gerekir. Bu ama\u00e7la, temel okuryazarl\u0131kla kazan\u0131lan yaz\u0131l\u0131 okuma k\u00fclt\u00fcr\u00fc yan\u0131nda g\u00f6rsel okuma k\u00fclt\u00fcr\u00fcn\u00fcn edinilmesini sa\u011flayacak, erken \u00e7ocukluktan ba\u015flayarak yaz\u0131l\u0131 ve g\u00f6rsel okuma k\u00fclt\u00fcr\u00fcn\u00fc ger\u00e7ekle\u015ftirecek \u00fclke \u00f6l\u00e7ekli \u00e7ok y\u00f6nl\u00fc bir programa ihtiya\u00e7 vard\u0131r.      Mustafa Ruhi \u015eirin, Aile ve \u00c7ocu\u011fun Medya Sarmal\u0131 &#8211; Televizyondan Dijital Medyaya Modern \u00c7ocuklu\u011fun G\u00f6r\u00fcn\u00fcmleri\u2019nde aile, \u00e7ocuk, medya ili\u015fkisini ve yeti\u015fkin medyas\u0131n\u0131n t\u00fcketti\u011fi yeni \u00e7ocuklu\u011fu yorumluyor. <\/p>\n","protected":false},"excerpt":{"rendered":"<p>Modern \u00e7ocuklu\u011fun tam anlam\u0131yla sarmala d\u00f6n\u00fc\u015fmesi g\u00f6rsel medyalarla g\u00fcndeme geldi. \u00c7ocuk ve medya d\u00fcnyas\u0131 yaz\u0131l\u0131, g\u00f6rsel-i\u015fitsel, elektronik ve dijital medya ara\u00e7lar\u0131na eri\u015fim bak\u0131m\u0131ndan e\u015fitsizlikler d\u00fcnyas\u0131d\u0131r. Yeni<span class=\"excerpt-hellip\"> [\u2026]<\/span><\/p>\n","protected":false},"featured_media":0,"template":"","meta":{"_monsterinsights_skip_tracking":false,"_monsterinsights_sitenote_active":false,"_monsterinsights_sitenote_note":"","_monsterinsights_sitenote_category":0},"product_brand":[],"product_cat":[12274,12631],"product_tag":[],"class_list":{"0":"post-746612","1":"product","2":"type-product","3":"status-publish","5":"product_cat-cocuk-ve-genclik-kitaplari","6":"product_cat-diger-cocuk-ve-genclik-kitaplari","7":"pa_cilt-ciltsiz","8":"pa_tur-kitap","9":"pa_yayinevi-ucan-at","10":"pa_yazar-mustafa-ruhi-sirin","12":"first","13":"instock","14":"sale","15":"shipping-taxable","16":"purchasable","17":"product-type-simple"},"_links":{"self":[{"href":"https:\/\/roveyayinevi.com.tr\/index.php\/wp-json\/wp\/v2\/product\/746612","targetHints":{"allow":["GET"]}}],"collection":[{"href":"https:\/\/roveyayinevi.com.tr\/index.php\/wp-json\/wp\/v2\/product"}],"about":[{"href":"https:\/\/roveyayinevi.com.tr\/index.php\/wp-json\/wp\/v2\/types\/product"}],"wp:attachment":[{"href":"https:\/\/roveyayinevi.com.tr\/index.php\/wp-json\/wp\/v2\/media?parent=746612"}],"wp:term":[{"taxonomy":"product_brand","embeddable":true,"href":"https:\/\/roveyayinevi.com.tr\/index.php\/wp-json\/wp\/v2\/product_brand?post=746612"},{"taxonomy":"product_cat","embeddable":true,"href":"https:\/\/roveyayinevi.com.tr\/index.php\/wp-json\/wp\/v2\/product_cat?post=746612"},{"taxonomy":"product_tag","embeddable":true,"href":"https:\/\/roveyayinevi.com.tr\/index.php\/wp-json\/wp\/v2\/product_tag?post=746612"}],"curies":[{"name":"wp","href":"https:\/\/api.w.org\/{rel}","templated":true}]}}