{"id":746607,"date":"2025-08-28T02:46:07","date_gmt":"2025-08-27T23:46:07","guid":{"rendered":"https:\/\/roveyayinevi.com.tr\/index.php\/urun\/bekir-kucukay-ile-zaman-yolculugu\/"},"modified":"2026-04-12T03:02:35","modified_gmt":"2026-04-12T00:02:35","slug":"bekir-kucukay-ile-zaman-yolculugu","status":"publish","type":"product","link":"https:\/\/roveyayinevi.com.tr\/index.php\/urun\/bekir-kucukay-ile-zaman-yolculugu\/","title":{"rendered":"Bekir K\u00fc\u00e7\u00fckay \u0130le Zaman Yolculu\u011fu"},"content":{"rendered":"<p>Temmuz 2014&#8217;de, Bilkent\u2019te ger\u00e7ekle\u015fen 8. T\u00fcrkiye Klasik Gitar Bulu\u015fmas\u0131\u2019ndaki s\u00f6yle\u015filerden birinde, Ka\u011fan Korad&#8217;\u0131n Bekir K\u00fc\u00e7\u00fckay\u2019la bir an\u0131s\u0131n\u0131 anlat\u0131rken kulland\u0131\u011f\u0131 &#8220;B\u00fcy\u00fck patlamadan beri&#8230;&#8221; ifadesi hi\u00e7 ak\u0131llardan \u00e7\u0131kmaz. Bu ifade, Bekir K\u00fc\u00e7\u00fckay\u2019\u0131n uzun y\u0131llar \u00f6ncesine dayanan \u00e7al\u0131\u015fmalar\u0131na, \u00e7o\u011fu kez yapt\u0131\u011f\u0131 i\u015flerle, verdi\u011fi konserlerle ilk olmas\u0131na ve kendinden sonrakilere \u00f6nc\u00fcl\u00fck etmesine bir g\u00f6nderme idi. T\u00fcrkiye&#8217;de klasik gitar ve klasik gitar\u0131n \u00f6nemli isimleri ile ilgili kitaplar yaz\u0131lmaya ba\u015flanacaksa Ka\u011fan Korad&#8217;\u0131n deyi\u015fiyle &#8220;B\u00fcy\u00fck patlamadan&#8221; ba\u015flanmal\u0131yd\u0131. Yani Bekir K\u00fc\u00e7\u00fckay&#8217;dan&#8230; Bu kitap bir biyografi kitab\u0131d\u0131r ve \u00fclkemizin en iyi klasik gitar icrac\u0131lar\u0131ndan biri olan Bekir K\u00fc\u00e7\u00fckay\u2019\u0131n ya\u015fam\u0131 ile gitar kariyeri birlikte ele al\u0131nm\u0131\u015ft\u0131r. 1958 y\u0131l\u0131nda Ankara\u2019da do\u011fan Bekir K\u00fc\u00e7\u00fckay, baba taraf\u0131ndan akordeon, tulum ve kemen\u00e7e \u00e7alan Artvinli m\u00fczisyen atalara sahiptir. \u00c7alg\u0131lara olan ilgisi, \u00e7ocuklukta mandolin ile ba\u015flar ve ilerleyen y\u0131llarda, cura, ba\u011flama, keman ile devam eder. Sonunda \u00f6nce gitar\u0131n her t\u00fcr\u00fcyle ve nihayetinde de klasik gitar ile nirvanaya ula\u015f\u0131r. Babas\u0131n\u0131n \u201ch\u00e2kim\u201d olmas\u0131 ve tayin gere\u011fi \u00fclkenin bir\u00e7ok \u015fehrinde g\u00f6rev yapmas\u0131 nedeniyle, Bekir K\u00fc\u00e7\u00fckay\u2019\u0131n \u00e7ocuklu\u011fu \u00e7ok de\u011fi\u015fik \u015fehirlerde ge\u00e7er. Ya\u015fad\u0131\u011f\u0131 \u015fehirlerin ve y\u00f6relerin m\u00fczik k\u00fclt\u00fcr\u00fc, ilerleyen y\u0131llarda onun bestelerinde ve d\u00fczenlemelerinde kendini g\u00f6sterecektir. Kitapta kronolojik bir s\u0131rayla 6 b\u00f6l\u00fcme yer verilmi\u015ftir: &#8211;        1958-1975: \u00c7ocukluk ve Gen\u00e7lik Y\u0131llar\u0131-        1975-1977: Pop M\u00fczik D\u00f6nemi-        1977-1980: \u00dcniversite Y\u0131llar\u0131 ve Caz M\u00fczik D\u00f6nemi-        1976-1980: Klasik Gitarla Tan\u0131\u015fma ve \u0130lk \u00c7al\u0131\u015fmalar-        1980-1988 Y\u0131llar\u0131: K\u0131r\u0131lma Noktas\u0131ndan Sonra-        1988\u2019den Sonra: \u0130stanbul D\u00f6nemi Kitap bir yandan Bekir K\u00fc\u00e7\u00fckay\u2019\u0131n ya\u015fam\u0131n\u0131 ve kariyer basamaklar\u0131n\u0131 nas\u0131l ve hangi zorluklarla ba\u015f ederek \u00e7\u0131kt\u0131\u011f\u0131n\u0131, bir yandan da yukar\u0131daki d\u00f6nemlere ili\u015fkin olaylar\u0131 \u00fclke, kurumlar, ki\u015filer ve m\u00fczik k\u00fclt\u00fcr\u00fc ger\u00e7ekli\u011finde g\u00f6zler \u00f6n\u00fcne sermektedir.  Prof. Dr. S\u00fcleyman TarmanM\u00fczik E\u011fitimi Yay\u0131nlar\u0131 Gn.Yay.Y\u00f6n veBekir K\u00fc\u00e7\u00fckay\u2019\u0131n ilk resmi gitar \u00f6\u011frencisi<\/p>\n","protected":false},"excerpt":{"rendered":"<p>Temmuz 2014&#8217;de, Bilkent\u2019te ger\u00e7ekle\u015fen 8. T\u00fcrkiye Klasik Gitar Bulu\u015fmas\u0131\u2019ndaki s\u00f6yle\u015filerden birinde, Ka\u011fan Korad&#8217;\u0131n Bekir K\u00fc\u00e7\u00fckay\u2019la bir an\u0131s\u0131n\u0131 anlat\u0131rken kulland\u0131\u011f\u0131 &#8220;B\u00fcy\u00fck patlamadan beri&#8230;&#8221; ifadesi hi\u00e7 ak\u0131llardan \u00e7\u0131kmaz.<span class=\"excerpt-hellip\"> [\u2026]<\/span><\/p>\n","protected":false},"featured_media":0,"template":"","meta":{"_monsterinsights_skip_tracking":false,"_monsterinsights_sitenote_active":false,"_monsterinsights_sitenote_note":"","_monsterinsights_sitenote_category":0},"product_brand":[],"product_cat":[14009,12291],"product_tag":[],"class_list":{"0":"post-746607","1":"product","2":"type-product","3":"status-publish","5":"product_cat-biyografi-otobiyografi-edebiyat","6":"product_cat-edebiyat","7":"pa_cilt-ciltsiz","8":"pa_tur-kitap","9":"pa_yayinevi-muzik-egitimi-yayinlari","10":"pa_yazar-rabia-tasalti","12":"first","13":"instock","14":"sale","15":"shipping-taxable","16":"purchasable","17":"product-type-simple"},"_links":{"self":[{"href":"https:\/\/roveyayinevi.com.tr\/index.php\/wp-json\/wp\/v2\/product\/746607","targetHints":{"allow":["GET"]}}],"collection":[{"href":"https:\/\/roveyayinevi.com.tr\/index.php\/wp-json\/wp\/v2\/product"}],"about":[{"href":"https:\/\/roveyayinevi.com.tr\/index.php\/wp-json\/wp\/v2\/types\/product"}],"wp:attachment":[{"href":"https:\/\/roveyayinevi.com.tr\/index.php\/wp-json\/wp\/v2\/media?parent=746607"}],"wp:term":[{"taxonomy":"product_brand","embeddable":true,"href":"https:\/\/roveyayinevi.com.tr\/index.php\/wp-json\/wp\/v2\/product_brand?post=746607"},{"taxonomy":"product_cat","embeddable":true,"href":"https:\/\/roveyayinevi.com.tr\/index.php\/wp-json\/wp\/v2\/product_cat?post=746607"},{"taxonomy":"product_tag","embeddable":true,"href":"https:\/\/roveyayinevi.com.tr\/index.php\/wp-json\/wp\/v2\/product_tag?post=746607"}],"curies":[{"name":"wp","href":"https:\/\/api.w.org\/{rel}","templated":true}]}}