{"id":746604,"date":"2025-08-28T02:46:03","date_gmt":"2025-08-27T23:46:03","guid":{"rendered":"https:\/\/roveyayinevi.com.tr\/index.php\/urun\/dakikalar-icinde-gelecek\/"},"modified":"2026-04-16T02:58:58","modified_gmt":"2026-04-15T23:58:58","slug":"dakikalar-icinde-gelecek","status":"publish","type":"product","link":"https:\/\/roveyayinevi.com.tr\/index.php\/urun\/dakikalar-icinde-gelecek\/","title":{"rendered":"Dakikalar \u0130\u00e7inde Gelecek"},"content":{"rendered":"<p>GELECEKTE \u0130NSANLI\u011eI NELER BEKL\u0130YOR? Nas\u0131l ya\u015fayacak, \u00e7al\u0131\u015facak ve e\u011flenece\u011fiz? Hangi yeni teknolojiler geli\u015ftirilecek? \u0130nsanlar evrimle\u015fecek mi, belki de sonsuza kadar ya\u015fayacak m\u0131? Yoksa bizi ve hatta t\u00fcm evreni sona erdirebilecek tehditlerle mi kar\u015f\u0131 kar\u015f\u0131yay\u0131z? Uzayda ya\u015fam m\u00fcmk\u00fcn olacak m\u0131? Robotlar hayat\u0131m\u0131zda ne kadar yer alacak? Robotlar\u0131n haklar\u0131 olacak m\u0131? Yapay zek\u00e2, insan zek\u00e2s\u0131n\u0131n kavrayamayaca\u011f\u0131 \u015fekillerde ya\u015fam bi\u00e7imimizi de\u011fi\u015ftirecek mi? Y\u00f6netim modelleri \u015fekil de\u011fi\u015ftirecek ve d\u00fcnya h\u00fck\u00fcmeti kurulacak m\u0131? Gelece\u011fi tahmin etmek, insans\u0131z hava ara\u00e7lar\u0131, k\u0131tl\u0131k, sava\u015f\u0131n de\u011fi\u015fen do\u011fas\u0131, siber tehditler, \u00f6l\u00fcms\u00fczl\u00fck aray\u0131\u015f\u0131, organ yeti\u015ftirme, post-insanlar, yapay zek\u00e2, insanl\u0131\u011fa y\u00f6nelik tehditler, uzay yolculu\u011fu, y\u00fczen \u015fehirler, zihin birle\u015ftirme, d\u00fcnyan\u0131n ve evrenin kaderi gibi 200 olgu, ke\u015fif, geli\u015fme ve 200 g\u00f6rsel ile bizi bekleyen gelecek\u2026 Dakikalar \u0130\u00e7inde Gelecek, kripto para birimleri, insans\u0131 robotlar, gen terapisi, gezegenleri kolonile\u015ftirmek ve yapay zek\u00e2ya kadar gelece\u011fe dair her \u015feyi k\u0131sa ve net bir \u015fekilde a\u00e7\u0131klayarak \u00fctopya veya felaket ekseninde gelecekte insanl\u0131\u011f\u0131 bekleyenlere dair keyifli bir okuma. <\/p>\n","protected":false},"excerpt":{"rendered":"<p>GELECEKTE \u0130NSANLI\u011eI NELER BEKL\u0130YOR? Nas\u0131l ya\u015fayacak, \u00e7al\u0131\u015facak ve e\u011flenece\u011fiz? Hangi yeni teknolojiler geli\u015ftirilecek? \u0130nsanlar evrimle\u015fecek mi, belki de sonsuza kadar ya\u015fayacak m\u0131? Yoksa bizi ve hatta<span class=\"excerpt-hellip\"> [\u2026]<\/span><\/p>\n","protected":false},"featured_media":0,"template":"","meta":{"_monsterinsights_skip_tracking":false,"_monsterinsights_sitenote_active":false,"_monsterinsights_sitenote_note":"","_monsterinsights_sitenote_category":0},"product_brand":[],"product_cat":[13005,13006],"product_tag":[],"class_list":{"0":"post-746604","1":"product","2":"type-product","3":"status-publish","5":"product_cat-bilim-muhendislik","6":"product_cat-populer-bilim","7":"pa_cilt-ciltsiz","8":"pa_tur-kitap","9":"pa_yayinevi-kronik-kitap","10":"pa_yazar-keith-mansfield","12":"first","13":"instock","14":"sale","15":"shipping-taxable","16":"purchasable","17":"product-type-simple"},"_links":{"self":[{"href":"https:\/\/roveyayinevi.com.tr\/index.php\/wp-json\/wp\/v2\/product\/746604","targetHints":{"allow":["GET"]}}],"collection":[{"href":"https:\/\/roveyayinevi.com.tr\/index.php\/wp-json\/wp\/v2\/product"}],"about":[{"href":"https:\/\/roveyayinevi.com.tr\/index.php\/wp-json\/wp\/v2\/types\/product"}],"wp:attachment":[{"href":"https:\/\/roveyayinevi.com.tr\/index.php\/wp-json\/wp\/v2\/media?parent=746604"}],"wp:term":[{"taxonomy":"product_brand","embeddable":true,"href":"https:\/\/roveyayinevi.com.tr\/index.php\/wp-json\/wp\/v2\/product_brand?post=746604"},{"taxonomy":"product_cat","embeddable":true,"href":"https:\/\/roveyayinevi.com.tr\/index.php\/wp-json\/wp\/v2\/product_cat?post=746604"},{"taxonomy":"product_tag","embeddable":true,"href":"https:\/\/roveyayinevi.com.tr\/index.php\/wp-json\/wp\/v2\/product_tag?post=746604"}],"curies":[{"name":"wp","href":"https:\/\/api.w.org\/{rel}","templated":true}]}}