{"id":746599,"date":"2025-08-28T02:45:57","date_gmt":"2025-08-27T23:45:57","guid":{"rendered":"https:\/\/roveyayinevi.com.tr\/index.php\/urun\/devlet-uzerine-2\/"},"modified":"2026-04-16T02:58:58","modified_gmt":"2026-04-15T23:58:58","slug":"devlet-uzerine-2","status":"publish","type":"product","link":"https:\/\/roveyayinevi.com.tr\/index.php\/urun\/devlet-uzerine-2\/","title":{"rendered":"Devlet \u00dczerine"},"content":{"rendered":"<p>Roma\u2019n\u0131n tan\u0131nm\u0131\u015f devlet adam\u0131, hatibi ve hukuk\u00e7usu Cicero Devlet \u00dczerine\u2019de (De Re Publica) devletin \u00f6z\u00fc ve i\u015fleyi\u015fi, devlet yap\u0131s\u0131n\u0131n devaml\u0131l\u0131\u011f\u0131, halk\u0131n bu yap\u0131 i\u00e7erisindeki konumu ve belirleyicili\u011fi \u00fczerine y\u00fczy\u0131llar ge\u00e7mesine ra\u011fmen g\u00fcncelli\u011fini koruyan fikirlerini sunuyor. Cicero, devleti yurtta\u015flar\u0131n i\u00e7inde seyretti\u011fi ve kaderini de kaptan\u0131n\u0131n belirledi\u011fi bir gemiye benzetir. Hava g\u00fcne\u015fliyken seyir almak kolay olabilir ama as\u0131l maharet devlet gemisini, f\u0131rt\u0131nal\u0131 havada alabora olmaktan kurtarmakt\u0131r. Halk, devletin iyi y\u00f6netilmesini istiyorsa iyi nitelikli adamlar\u0131 se\u00e7melidir. Cicero\u2019ya g\u00f6re idarenin ba\u015f\u0131na ge\u00e7ecek ki\u015finin ta\u015f\u0131mas\u0131 gereken ba\u015fl\u0131ca \u00f6zellikse erdemli olmakt\u0131r. Ne var ki i\u00e7inde bir\u00e7ok niteli\u011fi bar\u0131nd\u0131ran erdeme \u00f6yle herkeste rastlamak m\u00fcmk\u00fcn de\u011fildir. Servet ve \u015f\u00f6hret beraberinde bilgece ya\u015faman\u0131n s\u0131rr\u0131n\u0131 ve devleti iyi idare edilebilmenin bilgisini getirmez. \u00dcstelik, \u015f\u00f6hret ve g\u00fc\u00e7 insan\u0131 kibirle doldurur. Oysa insano\u011flunun, elindeki iktidara yar\u0131n da sahip olaca\u011f\u0131n\u0131n g\u00fcvencesi yoktur. Halbuki erdemli idareci gelip ge\u00e7ici nimetlerin g\u00f6z\u00fcne bir h\u0131rs perdesi indirmesine izin vermez ve kibre kap\u0131lmaz. Zaten Cicero\u2019nun da sordu\u011fu \u00fczere, devleti erdemin y\u00f6netmesinden daha muhte\u015fem ne olabilir?  Devlet \u00dczerine Rana G\u00fclcan Kahramanyol\u2019un Latince asl\u0131ndan yapm\u0131\u015f oldu\u011fu tam ve nitelikli \u00e7evirisinin yan\u0131 s\u0131ra a\u00e7\u0131klay\u0131c\u0131 notlar\u0131yla Kronik Klasikler serisinin yeni kitab\u0131. Iulius Caesar gibi g\u00fc\u00e7l\u00fc bir liderin bile kar\u015f\u0131s\u0131nda durmay\u0131 g\u00f6ze alabilmi\u015f bu siyaset adam\u0131n\u0131n, devlet idaresine ve devlet idarecisinin \u00f6zelliklerine ili\u015fkin fikirleri bug\u00fcn dahi niteli\u011finden bir \u015fey kaybetmi\u015f de\u011fil.<\/p>\n","protected":false},"excerpt":{"rendered":"<p>Roma\u2019n\u0131n tan\u0131nm\u0131\u015f devlet adam\u0131, hatibi ve hukuk\u00e7usu Cicero Devlet \u00dczerine\u2019de (De Re Publica) devletin \u00f6z\u00fc ve i\u015fleyi\u015fi, devlet yap\u0131s\u0131n\u0131n devaml\u0131l\u0131\u011f\u0131, halk\u0131n bu yap\u0131 i\u00e7erisindeki konumu ve<span class=\"excerpt-hellip\"> [\u2026]<\/span><\/p>\n","protected":false},"featured_media":0,"template":"","meta":{"_monsterinsights_skip_tracking":false,"_monsterinsights_sitenote_active":false,"_monsterinsights_sitenote_note":"","_monsterinsights_sitenote_category":0},"product_brand":[],"product_cat":[13059,12337],"product_tag":[],"class_list":{"0":"post-746599","1":"product","2":"type-product","3":"status-publish","5":"product_cat-diger-politika-siyaset","6":"product_cat-politika-siyaset","7":"pa_cilt-ciltsiz","8":"pa_tur-kitap","9":"pa_yayinevi-kronik-kitap","10":"pa_yazar-cicero","12":"first","13":"instock","14":"sale","15":"shipping-taxable","16":"purchasable","17":"product-type-simple"},"_links":{"self":[{"href":"https:\/\/roveyayinevi.com.tr\/index.php\/wp-json\/wp\/v2\/product\/746599","targetHints":{"allow":["GET"]}}],"collection":[{"href":"https:\/\/roveyayinevi.com.tr\/index.php\/wp-json\/wp\/v2\/product"}],"about":[{"href":"https:\/\/roveyayinevi.com.tr\/index.php\/wp-json\/wp\/v2\/types\/product"}],"wp:attachment":[{"href":"https:\/\/roveyayinevi.com.tr\/index.php\/wp-json\/wp\/v2\/media?parent=746599"}],"wp:term":[{"taxonomy":"product_brand","embeddable":true,"href":"https:\/\/roveyayinevi.com.tr\/index.php\/wp-json\/wp\/v2\/product_brand?post=746599"},{"taxonomy":"product_cat","embeddable":true,"href":"https:\/\/roveyayinevi.com.tr\/index.php\/wp-json\/wp\/v2\/product_cat?post=746599"},{"taxonomy":"product_tag","embeddable":true,"href":"https:\/\/roveyayinevi.com.tr\/index.php\/wp-json\/wp\/v2\/product_tag?post=746599"}],"curies":[{"name":"wp","href":"https:\/\/api.w.org\/{rel}","templated":true}]}}