{"id":746598,"date":"2025-08-28T02:45:56","date_gmt":"2025-08-27T23:45:56","guid":{"rendered":"https:\/\/roveyayinevi.com.tr\/index.php\/urun\/rothschild-hanedani\/"},"modified":"2026-04-16T02:58:58","modified_gmt":"2026-04-15T23:58:58","slug":"rothschild-hanedani","status":"publish","type":"product","link":"https:\/\/roveyayinevi.com.tr\/index.php\/urun\/rothschild-hanedani\/","title":{"rendered":"Rothschild Hanedan\u0131"},"content":{"rendered":"<p>D\u00dcNYANIN EN G\u00dc\u00c7L\u00dc A\u0130LES\u0130N\u0130N ETRAFINDAK\u0130 S\u0130S PERDES\u0130 KALKIYOR   \u201cRothschildlerin b\u00fcy\u00fcleyici hik\u00e2yelerinden daha \u00f6nce s\u0131k s\u0131k bahsedilmi\u015fti ama hi\u00e7biri bu kadar yetkin ayr\u0131nt\u0131larla anlat\u0131lmam\u0131\u015ft\u0131.\u201d The New York Times Book Review \u201cNiall Ferguson&#8217;\u0131n kitab\u0131, tahvil piyasas\u0131n\u0131n as\u0131l mucidi ve finans kapitalizminin y\u00f6nlendiren g\u00fc\u00e7ler hakk\u0131nda kuvvetli ve sinsi bir hik\u00e2yeye ilham veren bu k\u00f6kl\u00fc ailenin d\u00fcnyas\u0131n\u0131n parlak ve yetkili bir yeniden in\u015fas\u0131. Harika bir okuma vadeden metin.\u201d Harold James, Princeton \u00dcniversitesi Tarih B\u00f6l\u00fcm\u00fc   Me\u015fhur tarih\u00e7i Niall Ferguson\u2019\u0131n kaleminden d\u00fcnyan\u0131n en me\u015fhur ama ayn\u0131 zamanda en bilinmez ailelerinden birinin hikayesi: Rothschild Hanedan\u0131. Ferguson bu kitab\u0131nda mali g\u00fc\u00e7leri sebebiyle finans d\u00fcnyas\u0131n\u0131n ve modern d\u00f6nem Avrupa\u2019n\u0131n \u015fekillenmesinde dolayl\u0131 veya do\u011frudan yollarla etkili olmu\u015f Rothschild ailesinin tarihini b\u00fcy\u00fck bir maharet ve ustal\u0131kla anlat\u0131yor. Hem sundu\u011fu tarihi ger\u00e7eklerle Rothschildlerle ilgili efsaneleri \u00e7\u00fcr\u00fct\u00fcyor hem de ailenin ola\u011fan\u00fcst\u00fc ekonomik ba\u015far\u0131s\u0131n\u0131n ard\u0131ndaki s\u0131rlar\u0131 ortaya \u00e7\u0131kar\u0131yor. Ferguson elinizdeki kitab\u0131nda Rothschild ailesinin k\u00f6klerine inerek Frankfurtlu t\u00fcccar Mayer Amschel\u2019den itibaren belirsizliklerle dolu tarihi en ba\u015f\u0131ndan in\u015fa etmeye ba\u015fl\u0131yor. B\u00fcy\u00fck finans imparatorlu\u011funun kurulu\u015funu esas itibar\u0131yla o\u011ful Nathan Mayer&#8217;in 200 y\u0131l \u00f6nce \u0130ngiltere&#8217;ye gitmesi \u00fczerinden temellendiriyor. Mayer Amschel Rothschild\u2019in en yetenekli \u00e7ocu\u011fu olan Nathan i\u015flerini sa\u011flamla\u015ft\u0131rabilmek ve etki sahas\u0131n\u0131 geni\u015fletmek ad\u0131na be\u015f o\u011flunu Avrupa\u2019n\u0131n farkl\u0131 metropollerine yerle\u015ftiriyor. Her biri farkl\u0131 yetkinliklere sahip bu be\u015f o\u011ful ve baba k\u0131zlar\u0131, uzak akrabalar\u0131 ve yabanc\u0131lar\u0131 d\u0131\u015flay\u0131p birbirleriyle gayet yak\u0131n ili\u015fkilerde bulunarak, kurduklar\u0131 finans \u015firketi i\u00e7in daha \u00f6nce Avrupa \u00e7ap\u0131nda benzerine rastlanmayan bir ili\u015fkiler a\u011f\u0131 \u00f6r\u00fcyor. \u00d6yle ki daha on dokuzuncu y\u00fczy\u0131l\u0131n ilk \u00e7eyre\u011finde Rothschildler Avrupa&#8217;n\u0131n her yerine n\u00fcfuz etmi\u015f; uluslararas\u0131 tahvil piyasas\u0131na hakimiyetlerine alt\u0131na alm\u0131\u015f; pamuk, t\u00fct\u00fcn, \u015feker, bak\u0131r ve c\u0131va gibi emtialar\u0131n en \u00f6nemli t\u00fcccarlar\u0131 olmu\u015f, k\u0131ta genelinde \u00e7ok \u00f6nemli devlet adamlar\u0131 \u00fczerinde etkilerini kurmu\u015flard\u0131. Niall Ferguson\u2019\u0131n \u00f6zel ar\u015fivlerden yararlanarak kaleme ald\u0131\u011f\u0131 Rothschild ailesi monografisinin birinci cildi olan Rothschild Hanedan\u0131: Paran\u0131n Efendileri, 1798-1848 Rothschildlerin ilk y\u0131llar\u0131n\u0131 derinlemesine ele al\u0131yor ve ilgi \u00e7ekici anlat\u0131m\u0131yla, on dokuzuncu y\u00fczy\u0131l ba\u015f\u0131 Avrupa\u2019s\u0131n\u0131n finansal, siyasi ve asker\u00ee y\u00f6nlerine i\u00e7eriden hayranl\u0131k uyand\u0131r\u0131c\u0131 bir bak\u0131\u015f sunuyor. <\/p>\n","protected":false},"excerpt":{"rendered":"<p>D\u00dcNYANIN EN G\u00dc\u00c7L\u00dc A\u0130LES\u0130N\u0130N ETRAFINDAK\u0130 S\u0130S PERDES\u0130 KALKIYOR \u201cRothschildlerin b\u00fcy\u00fcleyici hik\u00e2yelerinden daha \u00f6nce s\u0131k s\u0131k bahsedilmi\u015fti ama hi\u00e7biri bu kadar yetkin ayr\u0131nt\u0131larla anlat\u0131lmam\u0131\u015ft\u0131.\u201d The New York<span class=\"excerpt-hellip\"> [\u2026]<\/span><\/p>\n","protected":false},"featured_media":0,"template":"","meta":{"_monsterinsights_skip_tracking":false,"_monsterinsights_sitenote_active":false,"_monsterinsights_sitenote_note":"","_monsterinsights_sitenote_category":0},"product_brand":[],"product_cat":[12305,12304],"product_tag":[],"class_list":{"0":"post-746598","1":"product","2":"type-product","3":"status-publish","5":"product_cat-dunya-tarihi","6":"product_cat-tarih","7":"pa_cilt-ciltsiz","8":"pa_tur-kitap","9":"pa_yayinevi-kronik-kitap","10":"pa_yazar-niall-ferguson","12":"first","13":"instock","14":"sale","15":"shipping-taxable","16":"purchasable","17":"product-type-simple"},"_links":{"self":[{"href":"https:\/\/roveyayinevi.com.tr\/index.php\/wp-json\/wp\/v2\/product\/746598","targetHints":{"allow":["GET"]}}],"collection":[{"href":"https:\/\/roveyayinevi.com.tr\/index.php\/wp-json\/wp\/v2\/product"}],"about":[{"href":"https:\/\/roveyayinevi.com.tr\/index.php\/wp-json\/wp\/v2\/types\/product"}],"wp:attachment":[{"href":"https:\/\/roveyayinevi.com.tr\/index.php\/wp-json\/wp\/v2\/media?parent=746598"}],"wp:term":[{"taxonomy":"product_brand","embeddable":true,"href":"https:\/\/roveyayinevi.com.tr\/index.php\/wp-json\/wp\/v2\/product_brand?post=746598"},{"taxonomy":"product_cat","embeddable":true,"href":"https:\/\/roveyayinevi.com.tr\/index.php\/wp-json\/wp\/v2\/product_cat?post=746598"},{"taxonomy":"product_tag","embeddable":true,"href":"https:\/\/roveyayinevi.com.tr\/index.php\/wp-json\/wp\/v2\/product_tag?post=746598"}],"curies":[{"name":"wp","href":"https:\/\/api.w.org\/{rel}","templated":true}]}}