{"id":746597,"date":"2025-08-28T02:45:55","date_gmt":"2025-08-27T23:45:55","guid":{"rendered":"https:\/\/roveyayinevi.com.tr\/index.php\/urun\/osmanliyi-yeniden-kesfetmek\/"},"modified":"2026-04-16T02:58:58","modified_gmt":"2026-04-15T23:58:58","slug":"osmanliyi-yeniden-kesfetmek","status":"publish","type":"product","link":"https:\/\/roveyayinevi.com.tr\/index.php\/urun\/osmanliyi-yeniden-kesfetmek\/","title":{"rendered":"Osmanl\u0131\u2019y\u0131 Yeniden Ke\u015ffetmek"},"content":{"rendered":"<p>&#8220;Osmanl\u0131\u2019y\u0131 Yeniden Ke\u015ffetmek kitab\u0131n\u0131n kaleme al\u0131nmas\u0131ndaki en \u00f6nemli nedenlerden birisi okuyucunun moda olan filmlerden, dizilerden, macera romanlar\u0131ndan edindi\u011fi bilgiyi ger\u00e7ek zannetmesiydi. Sahne ve g\u00f6steri sanatlar\u0131n\u0131n bu geli\u015fimi yeniden tersi bir efsanele\u015fme yaratt\u0131. D\u00fczeltmeler yapmak laz\u0131md\u0131.&#8221; \u0130lber Ortayl\u0131   Osmanl\u0131&#8217;y\u0131 d\u00fcnya tarihinde bu kadar \u00f6nemli bir imparatorluk h\u00e2line getiren neydi? \u0130stanbul Osmanl\u0131lar ve Avrupal\u0131lar i\u00e7in ne ifade ediyordu? Aile, Osmanl\u0131 toplumu i\u00e7in neden bu kadar \u00f6nemli bir kurumdu? Gelece\u011fin idar\u00ee ve asker\u00ee elitlerinin yan\u0131 s\u0131ra pek \u00e7ok sanat\u00e7\u0131n\u0131n yeti\u015fti\u011fi Enderun saray okulu nas\u0131l bir yerdi? Osmanl\u0131 saraylar\u0131n\u0131 \u00f6zel k\u0131lan neydi? Topkap\u0131 Saray\u0131 hem m\u00fctevaz\u0131 hem de ihti\u015faml\u0131 olmay\u0131 nas\u0131l ba\u015fard\u0131? Osmanl\u0131 sultanlar\u0131 ve pa\u015falar\u0131 g\u00fcnl\u00fck ya\u015famda ne yaparlard\u0131? Mimar Sinan&#8217;\u0131 b\u00f6yle bir deha, eserleri bug\u00fcn bile insanlara ilham vermeye devam eden ula\u015f\u0131lmaz sanat\u00e7\u0131 yapan \u015fey neydi? Fatih Sultan Mehmed&#8217;i di\u011fer Osmanl\u0131 imparatorlar\u0131ndan ay\u0131ran \u00f6zellikler nelerdi? B\u00fcy\u00fck Fatih, \u0130stanbul&#8217;un fethi s\u0131ras\u0131nda nas\u0131l bir strateji uygulad\u0131? Tarihle ilgilenen insanlar Osmanl\u0131 seyahatnamelerinden ne t\u00fcr bilgiler edinebiliyordu? Sultanahmet hangi anlamda d\u00fcnyan\u0131n merkezidir?   Ge\u00e7mi\u015ften gelece\u011fe tarih\u00ee geli\u015fmelere \u0131\u015f\u0131k tutarken, tarihin b\u0131rakt\u0131\u011f\u0131 izleri irdeleyen \u0130lber Ortayl\u0131 bu sefer okuru Osmanl\u0131&#8217;y\u0131; padi\u015fahlar\u0131, saraylar\u0131, y\u00f6netim \u015feklini, semtleri ve abidev\u00ee eserleri, \u0130stanbul\u2019u\u2026 k\u0131sacas\u0131 kendine \u00f6zg\u00fc kimli\u011fiyle Devlet-i Aliyye\u2019yi yeniden ke\u015ffetmeye davet ediyor&#8230; Almanca, Frans\u0131zca, Arap\u00e7a, Yunancan\u0131n da i\u00e7inde bulundu\u011fu 10&#8217;dan fazla dile \u00e7evrilen Osmanl\u0131&#8217;y\u0131 Yeniden Ke\u015ffetmek tarihle tan\u0131\u015fmak isteyip de nereden ba\u015flayaca\u011f\u0131na karar veremeyenler i\u00e7in ideal bir giri\u015f kitab\u0131! <\/p>\n","protected":false},"excerpt":{"rendered":"<p>&#8220;Osmanl\u0131\u2019y\u0131 Yeniden Ke\u015ffetmek kitab\u0131n\u0131n kaleme al\u0131nmas\u0131ndaki en \u00f6nemli nedenlerden birisi okuyucunun moda olan filmlerden, dizilerden, macera romanlar\u0131ndan edindi\u011fi bilgiyi ger\u00e7ek zannetmesiydi. Sahne ve g\u00f6steri sanatlar\u0131n\u0131n bu<span class=\"excerpt-hellip\"> [\u2026]<\/span><\/p>\n","protected":false},"featured_media":0,"template":"","meta":{"_monsterinsights_skip_tracking":false,"_monsterinsights_sitenote_active":false,"_monsterinsights_sitenote_note":"","_monsterinsights_sitenote_category":0},"product_brand":[],"product_cat":[13517,12304],"product_tag":[],"class_list":{"0":"post-746597","1":"product","2":"type-product","3":"status-publish","5":"product_cat-osmanli-tarihi","6":"product_cat-tarih","7":"pa_cilt-ciltsiz","8":"pa_tur-kitap","9":"pa_yayinevi-kronik-kitap","10":"pa_yazar-ilber-ortayli","12":"first","13":"instock","14":"sale","15":"shipping-taxable","16":"purchasable","17":"product-type-simple"},"_links":{"self":[{"href":"https:\/\/roveyayinevi.com.tr\/index.php\/wp-json\/wp\/v2\/product\/746597","targetHints":{"allow":["GET"]}}],"collection":[{"href":"https:\/\/roveyayinevi.com.tr\/index.php\/wp-json\/wp\/v2\/product"}],"about":[{"href":"https:\/\/roveyayinevi.com.tr\/index.php\/wp-json\/wp\/v2\/types\/product"}],"wp:attachment":[{"href":"https:\/\/roveyayinevi.com.tr\/index.php\/wp-json\/wp\/v2\/media?parent=746597"}],"wp:term":[{"taxonomy":"product_brand","embeddable":true,"href":"https:\/\/roveyayinevi.com.tr\/index.php\/wp-json\/wp\/v2\/product_brand?post=746597"},{"taxonomy":"product_cat","embeddable":true,"href":"https:\/\/roveyayinevi.com.tr\/index.php\/wp-json\/wp\/v2\/product_cat?post=746597"},{"taxonomy":"product_tag","embeddable":true,"href":"https:\/\/roveyayinevi.com.tr\/index.php\/wp-json\/wp\/v2\/product_tag?post=746597"}],"curies":[{"name":"wp","href":"https:\/\/api.w.org\/{rel}","templated":true}]}}