{"id":746596,"date":"2025-08-28T02:45:54","date_gmt":"2025-08-27T23:45:54","guid":{"rendered":"https:\/\/roveyayinevi.com.tr\/index.php\/urun\/ikinci-dunya-savasi-infografik-ciltli\/"},"modified":"2026-04-16T02:58:58","modified_gmt":"2026-04-15T23:58:58","slug":"ikinci-dunya-savasi-infografik-ciltli","status":"publish","type":"product","link":"https:\/\/roveyayinevi.com.tr\/index.php\/urun\/ikinci-dunya-savasi-infografik-ciltli\/","title":{"rendered":"\u0130kinci D\u00fcnya Sava\u015f\u0131: \u0130nfografik (C\u0130LTL\u0130)"},"content":{"rendered":"<p>\u0130K\u0130NC\u0130 D\u00dcNYA SAVA\u015eI DAHA \u00d6NCE H\u0130\u00c7 B\u00d6YLE ANLATILMADI ZEK\u0130CE TASARLANAN GRAF\u0130KLER, D\u0130YAGRAMLAR VE TABLOLARLA ALI\u015eILDIK ANLATIM KALIPLARINI YIKAN \u0130K\u0130NC\u0130 D\u00dcNYA SAVA\u015eI: \u0130NFOGRAF\u0130K, OKUYUCUYA VER\u0130LERE DAYALI G\u00d6RSEL B\u0130R \u015e\u00d6LEN SUNUYOR.   \u2022 Y\u00dcZLERCE \u00c7\u0130Z\u0130M \u2022 150\u2019DEN FAZLA GRAF\u0130K \u2022 TAKT\u0130K HAR\u0130TALAR \u2022 B\u0130NLERCE \u0130STAT\u0130ST\u0130K \u2022 G\u00dc\u00c7 DENGELER\u0130N\u0130 ANLATAN TABLOLAR \u2022 S\u0130YAS\u00ce, ASKER\u00ce VE EKONOM\u0130K \u0130L\u0130\u015eK\u0130LERE DA\u0130R D\u0130YAGRAMLAR   \u0130kinci D\u00fcnya Sava\u015f\u0131\u2019na dair elimizdeki veriler, ortaya \u00e7\u0131kan yeni belgelerle birlikte g\u00fcn ge\u00e7tik\u00e7e art\u0131yor. Bu verilerin tasnifindeki eksiklikler ise sava\u015f\u0131n ve sava\u015fa yol a\u00e7an s\u00fcrecin anla\u015f\u0131lmas\u0131nda yeni zorluklar\u0131 beraberinde getiriyor. \u0130K\u0130NC\u0130 D\u00dcNYA SAVA\u015eI: \u0130NFOGRAF\u0130K, okurlar\u0131n bu veri okyanusunda kaybolmas\u0131n\u0131n \u00f6n\u00fcne ge\u00e7meyi hedefliyor.   Sava\u015f y\u0131llar\u0131n\u0131n yan\u0131 s\u0131ra, harbin \u00f6ncesi ve sonras\u0131n\u0131n da mercek alt\u0131na al\u0131nd\u0131\u011f\u0131 kapsaml\u0131 verilerle haz\u0131rlanan, birbirinden farkl\u0131 renkli tablolar ve grafiklerle sunulan ve yay\u0131mlanmas\u0131n\u0131n ard\u0131ndan pek \u00e7ok dile terc\u00fcme edilen \u0130K\u0130NC\u0130 D\u00dcNYA SAVA\u015eI: \u0130NFOGRAF\u0130K, T\u00fcrk okurlar\u0131n \u0130kinci D\u00fcnya Sava\u015f\u0131\u2019na kat\u0131lan \u00fclkelerin asker\u00ee, ekonomik ve sair alanlardaki verilerini kapsaml\u0131 bir \u015fekilde inceleyebilecekleri ilk ve tek \u00e7al\u0131\u015fma olma niteli\u011fini ta\u015f\u0131yor.   \u201cGer\u00e7ek bir ba\u015fyap\u0131t\u2026 \u0130kinci D\u00fcnya Sava\u015f\u0131 merakl\u0131lar\u0131n\u0131n kitapl\u0131\u011f\u0131nda bulunmas\u0131 gereken muhte\u015fem bir kitap.\u201d \u2013 THE ARMOURER \u201cOlduk\u00e7a g\u00fczel \u015fekilde sunulan nefis bir eser\u2026 Onca karma\u015f\u0131k detay\u0131 anlatabilmek ad\u0131na yarat\u0131c\u0131 ve benzersiz yollar bulunmu\u015f. Okura ba\u015f\u0131ndan sonuna estetik bir tatmin sunuyor.\u201d \u2013 BRITAIN AT WAR \u201cHayran olunas\u0131\u2026 Veri g\u00f6rselle\u015ftirmenin en harika hali. Eme\u011fi ge\u00e7en herkes i\u00e7in muazzam bir ba\u015far\u0131.\u201d \u2013 GEOGRAPHICAL  <\/p>\n","protected":false},"excerpt":{"rendered":"<p>\u0130K\u0130NC\u0130 D\u00dcNYA SAVA\u015eI DAHA \u00d6NCE H\u0130\u00c7 B\u00d6YLE ANLATILMADI ZEK\u0130CE TASARLANAN GRAF\u0130KLER, D\u0130YAGRAMLAR VE TABLOLARLA ALI\u015eILDIK ANLATIM KALIPLARINI YIKAN \u0130K\u0130NC\u0130 D\u00dcNYA SAVA\u015eI: \u0130NFOGRAF\u0130K, OKUYUCUYA VER\u0130LERE DAYALI G\u00d6RSEL<span class=\"excerpt-hellip\"> [\u2026]<\/span><\/p>\n","protected":false},"featured_media":0,"template":"","meta":{"_monsterinsights_skip_tracking":false,"_monsterinsights_sitenote_active":false,"_monsterinsights_sitenote_note":"","_monsterinsights_sitenote_category":0},"product_brand":[],"product_cat":[12312,12304],"product_tag":[],"class_list":{"0":"post-746596","1":"product","2":"type-product","3":"status-publish","5":"product_cat-diger","6":"product_cat-tarih","7":"pa_cilt-ciltli","8":"pa_tur-kitap","9":"pa_yayinevi-kronik-kitap","10":"pa_yazar-kolektif","12":"first","13":"instock","14":"sale","15":"shipping-taxable","16":"purchasable","17":"product-type-simple"},"_links":{"self":[{"href":"https:\/\/roveyayinevi.com.tr\/index.php\/wp-json\/wp\/v2\/product\/746596","targetHints":{"allow":["GET"]}}],"collection":[{"href":"https:\/\/roveyayinevi.com.tr\/index.php\/wp-json\/wp\/v2\/product"}],"about":[{"href":"https:\/\/roveyayinevi.com.tr\/index.php\/wp-json\/wp\/v2\/types\/product"}],"wp:attachment":[{"href":"https:\/\/roveyayinevi.com.tr\/index.php\/wp-json\/wp\/v2\/media?parent=746596"}],"wp:term":[{"taxonomy":"product_brand","embeddable":true,"href":"https:\/\/roveyayinevi.com.tr\/index.php\/wp-json\/wp\/v2\/product_brand?post=746596"},{"taxonomy":"product_cat","embeddable":true,"href":"https:\/\/roveyayinevi.com.tr\/index.php\/wp-json\/wp\/v2\/product_cat?post=746596"},{"taxonomy":"product_tag","embeddable":true,"href":"https:\/\/roveyayinevi.com.tr\/index.php\/wp-json\/wp\/v2\/product_tag?post=746596"}],"curies":[{"name":"wp","href":"https:\/\/api.w.org\/{rel}","templated":true}]}}