{"id":746592,"date":"2025-08-28T02:45:50","date_gmt":"2025-08-27T23:45:50","guid":{"rendered":"https:\/\/roveyayinevi.com.tr\/index.php\/urun\/tanrilarin-cagrisi-dionysos\/"},"modified":"2026-03-23T03:03:03","modified_gmt":"2026-03-23T00:03:03","slug":"tanrilarin-cagrisi-dionysos","status":"publish","type":"product","link":"https:\/\/roveyayinevi.com.tr\/index.php\/urun\/tanrilarin-cagrisi-dionysos\/","title":{"rendered":"Tanr\u0131lar\u0131n \u00c7a\u011fr\u0131s\u0131 &#8211; Dionysos"},"content":{"rendered":"<p>\u201cM\u0130TOLOJ\u0130N\u0130N AYNI ZAMANDA KEND\u0130 \u0130\u00c7\u0130M\u0130ZDE YA\u015eANAN S\u00dcRE\u00c7LERLE \u0130LG\u0130L\u0130 OLDU\u011eUNU KE\u015eFETMEK GEREK.\u201d \u2013 JOSEPH CAMPBELL   Mitoloji, ge\u00e7mi\u015ften g\u00fcn\u00fcm\u00fcze uzanan uydurma \u00f6yk\u00fcler de\u011fildir. \u0130nsan\u0131n kendi i\u00e7inde ya\u015fad\u0131\u011f\u0131 s\u00fcre\u00e7lerle ve psikolojiyle de ilgilidir. Dionysos\u2019u bir \u015farap ve e\u011flence tanr\u0131s\u0131 olarak tarif etmek, tanr\u0131lardan gelen \u00e7a\u011fr\u0131n\u0131n \u00f6n\u00fcn\u00fc kesmek olur. Dionysos, insan ad\u0131na, insana ait olan her \u015feyin hatta insanl\u0131k onurunun savunucusudur ayn\u0131 zamanda. Bask\u0131c\u0131 cinsiyet\u00e7ili\u011fe kar\u015f\u0131 koyman\u0131n sembol\u00fcd\u00fcr. Dionysos olmak her zaman yenilenmek ve yinelenmektir de&#8230; Dionysos olmak ya\u015fam\u0131 her y\u00f6n\u00fcyle sonuna kadar hissederek ya\u015famakt\u0131r. Haz ve ac\u0131, insan\u0131n bu d\u00fcnyada ya\u015fad\u0131\u011f\u0131n\u0131 ona kan\u0131tlayan, varolu\u015funu do\u011frulayan ve amac\u0131n\u0131 hat\u0131rlatan duygulard\u0131r. Ac\u0131n\u0131n ve hazz\u0131n tanr\u0131s\u0131 Dionysos\u2019un \u00e7a\u011f\u0131m\u0131z\u0131n insan\u0131na s\u00f6yleyece\u011fi \u00e7ok \u015fey var. <\/p>\n","protected":false},"excerpt":{"rendered":"<p>\u201cM\u0130TOLOJ\u0130N\u0130N AYNI ZAMANDA KEND\u0130 \u0130\u00c7\u0130M\u0130ZDE YA\u015eANAN S\u00dcRE\u00c7LERLE \u0130LG\u0130L\u0130 OLDU\u011eUNU KE\u015eFETMEK GEREK.\u201d \u2013 JOSEPH CAMPBELL Mitoloji, ge\u00e7mi\u015ften g\u00fcn\u00fcm\u00fcze uzanan uydurma \u00f6yk\u00fcler de\u011fildir. \u0130nsan\u0131n kendi i\u00e7inde ya\u015fad\u0131\u011f\u0131 s\u00fcre\u00e7lerle<span class=\"excerpt-hellip\"> [\u2026]<\/span><\/p>\n","protected":false},"featured_media":0,"template":"","meta":{"_monsterinsights_skip_tracking":false,"_monsterinsights_sitenote_active":false,"_monsterinsights_sitenote_note":"","_monsterinsights_sitenote_category":0},"product_brand":[],"product_cat":[12718,12858],"product_tag":[],"class_list":{"0":"post-746592","1":"product","2":"type-product","3":"status-publish","5":"product_cat-din","6":"product_cat-mitolojiler","7":"pa_cilt-ciltsiz","8":"pa_tur-kitap","9":"pa_yayinevi-destek-yayinlari","10":"pa_yazar-erhan-altunay","12":"first","13":"instock","14":"sale","15":"shipping-taxable","16":"purchasable","17":"product-type-simple"},"_links":{"self":[{"href":"https:\/\/roveyayinevi.com.tr\/index.php\/wp-json\/wp\/v2\/product\/746592","targetHints":{"allow":["GET"]}}],"collection":[{"href":"https:\/\/roveyayinevi.com.tr\/index.php\/wp-json\/wp\/v2\/product"}],"about":[{"href":"https:\/\/roveyayinevi.com.tr\/index.php\/wp-json\/wp\/v2\/types\/product"}],"wp:attachment":[{"href":"https:\/\/roveyayinevi.com.tr\/index.php\/wp-json\/wp\/v2\/media?parent=746592"}],"wp:term":[{"taxonomy":"product_brand","embeddable":true,"href":"https:\/\/roveyayinevi.com.tr\/index.php\/wp-json\/wp\/v2\/product_brand?post=746592"},{"taxonomy":"product_cat","embeddable":true,"href":"https:\/\/roveyayinevi.com.tr\/index.php\/wp-json\/wp\/v2\/product_cat?post=746592"},{"taxonomy":"product_tag","embeddable":true,"href":"https:\/\/roveyayinevi.com.tr\/index.php\/wp-json\/wp\/v2\/product_tag?post=746592"}],"curies":[{"name":"wp","href":"https:\/\/api.w.org\/{rel}","templated":true}]}}