{"id":746589,"date":"2025-08-28T02:45:47","date_gmt":"2025-08-27T23:45:47","guid":{"rendered":"https:\/\/roveyayinevi.com.tr\/index.php\/urun\/heidegger-ben-firlatilmis-olanaktir\/"},"modified":"2026-04-16T02:58:58","modified_gmt":"2026-04-15T23:58:58","slug":"heidegger-ben-firlatilmis-olanaktir","status":"publish","type":"product","link":"https:\/\/roveyayinevi.com.tr\/index.php\/urun\/heidegger-ben-firlatilmis-olanaktir\/","title":{"rendered":"Heidegger\u2013Ben F\u0131rlat\u0131lm\u0131\u015f Olanakt\u0131r"},"content":{"rendered":"<p>Felsefe d\u00fc\u015f\u00fcnme ile de\u011fil ruh haliyle ba\u015flar.   \u201cVarl\u0131k nedir?\u201d diye soran Heidegger ard\u0131ndan kendisini hi\u00e7bir kelimenin giremeyece\u011fi en karanl\u0131k noktaya f\u0131rlat\u0131r, sorusunun cevab\u0131n\u0131 orada bekler. Hi\u00e7li\u011fe \u00e7ak\u0131ld\u0131\u011f\u0131nda var olmaktan duydu\u011fu kayg\u0131 \u00f6yle g\u00fc\u00e7l\u00fc bir \u0131\u015f\u0131\u011fa d\u00f6n\u00fc\u015f\u00fcr ki t\u00fcm sakl\u0131 kalanlar\u0131 ayd\u0131nlat\u0131r. Modern insan\u0131n problemlerine antik\u00e7a\u011f\u0131n zihniyle yakla\u015fan Heidegger, kutsallar\u0131n, emin olunanlar\u0131n asl\u0131nda en az bilinenler oldu\u011funu ortaya serer. Ne yapsak i\u00e7inden \u00e7\u0131kamad\u0131\u011f\u0131m\u0131z problemleri, hayata dair b\u00fcy\u00fck sorular\u0131 kendi kendilerini \u00e7\u00f6z\u00fcmlemeleri ve a\u00e7\u0131\u011fa \u00e7\u0131karmalar\u0131 i\u00e7in serbest b\u0131rakmay\u0131 \u00f6\u011fretir. Kelimelerle oyun oynar gibi yazd\u0131\u011f\u0131 eserleriyle sanki a\u00e7\u0131klamak de\u011fil de hat\u0131rlatmak isteyen Heidegger, ba\u015fta insan olarak kendimizle ard\u0131ndan ili\u015fki kurdu\u011fumuz her \u015feyle olan ba\u011f\u0131m\u0131z\u0131 biz fark\u0131na varmadan geri d\u00f6n\u00fclemez bi\u00e7imde sarsar. <\/p>\n","protected":false},"excerpt":{"rendered":"<p>Felsefe d\u00fc\u015f\u00fcnme ile de\u011fil ruh haliyle ba\u015flar. \u201cVarl\u0131k nedir?\u201d diye soran Heidegger ard\u0131ndan kendisini hi\u00e7bir kelimenin giremeyece\u011fi en karanl\u0131k noktaya f\u0131rlat\u0131r, sorusunun cevab\u0131n\u0131 orada bekler. Hi\u00e7li\u011fe<span class=\"excerpt-hellip\"> [\u2026]<\/span><\/p>\n","protected":false},"featured_media":0,"template":"","meta":{"_monsterinsights_skip_tracking":false,"_monsterinsights_sitenote_active":false,"_monsterinsights_sitenote_note":"","_monsterinsights_sitenote_category":0},"product_brand":[],"product_cat":[12389,12388],"product_tag":[],"class_list":{"0":"post-746589","1":"product","2":"type-product","3":"status-publish","5":"product_cat-diger-felsefe","6":"product_cat-felsefe","7":"pa_cilt-ciltsiz","8":"pa_tur-kitap","9":"pa_yayinevi-destek-yayinlari","10":"pa_yazar-beril-sen","12":"first","13":"instock","14":"sale","15":"shipping-taxable","16":"purchasable","17":"product-type-simple"},"_links":{"self":[{"href":"https:\/\/roveyayinevi.com.tr\/index.php\/wp-json\/wp\/v2\/product\/746589","targetHints":{"allow":["GET"]}}],"collection":[{"href":"https:\/\/roveyayinevi.com.tr\/index.php\/wp-json\/wp\/v2\/product"}],"about":[{"href":"https:\/\/roveyayinevi.com.tr\/index.php\/wp-json\/wp\/v2\/types\/product"}],"wp:attachment":[{"href":"https:\/\/roveyayinevi.com.tr\/index.php\/wp-json\/wp\/v2\/media?parent=746589"}],"wp:term":[{"taxonomy":"product_brand","embeddable":true,"href":"https:\/\/roveyayinevi.com.tr\/index.php\/wp-json\/wp\/v2\/product_brand?post=746589"},{"taxonomy":"product_cat","embeddable":true,"href":"https:\/\/roveyayinevi.com.tr\/index.php\/wp-json\/wp\/v2\/product_cat?post=746589"},{"taxonomy":"product_tag","embeddable":true,"href":"https:\/\/roveyayinevi.com.tr\/index.php\/wp-json\/wp\/v2\/product_tag?post=746589"}],"curies":[{"name":"wp","href":"https:\/\/api.w.org\/{rel}","templated":true}]}}