{"id":746588,"date":"2025-08-28T02:45:45","date_gmt":"2025-08-27T23:45:45","guid":{"rendered":"https:\/\/roveyayinevi.com.tr\/index.php\/urun\/bana-sarilir-misin-2\/"},"modified":"2026-04-16T02:58:57","modified_gmt":"2026-04-15T23:58:57","slug":"bana-sarilir-misin-2","status":"publish","type":"product","link":"https:\/\/roveyayinevi.com.tr\/index.php\/urun\/bana-sarilir-misin-2\/","title":{"rendered":"Bana Sar\u0131l\u0131r m\u0131s\u0131n?"},"content":{"rendered":"<p>A\u015eK, ONA OLAN \u0130NANCIMI KAYBETT\u0130\u011e\u0130M ANDA GEL\u0130P BEN\u0130 YEN\u0130DEN BULDU.   \u201cM\u00fcthi\u015f bir g\u00fcn ge\u00e7irece\u011fimi d\u00fc\u015f\u00fcn\u00fcrken \u015fimdi bir otob\u00fcste Selimiye\u2019ye do\u011fru yol almaktayd\u0131m. Hayat ne kadar garipti, hi\u00e7 ba\u015f\u0131ma gelmez dedi\u011fim \u015fey olmu\u015ftu i\u015fte! Hem de en beklemedi\u011fim insan taraf\u0131ndan\u2026 Her \u015feyimi anlatt\u0131\u011f\u0131m, g\u00fcvendi\u011fim ve en \u00f6nemlisi de sevdi\u011fim insan beni s\u0131rt\u0131mdan b\u0131\u00e7aklam\u0131\u015ft\u0131. G\u00fcvenim o kadar sars\u0131lm\u0131\u015f, gururum o kadar k\u0131r\u0131lm\u0131\u015ft\u0131 ki kendime olan inanc\u0131m tamamen yok olmu\u015ftu. Belki de bir daha kimseye g\u00fcvenemeyecek, \u00e2\u015f\u0131k olamayacakt\u0131m. Ke\u015fke o mesaja hi\u00e7 bakmasayd\u0131m.\u201d Su\u2019nun g\u00f6rd\u00fc\u011f\u00fc o mesajla de\u011fi\u015fti b\u00fct\u00fcn hayat\u0131. \u201cKe\u015fke o mesaj\u0131 g\u00f6rmeyip eski g\u00fczel ama yalanlarla dolu hayat\u0131ma devam etseydim\u201d diye d\u00fc\u015f\u00fcnse de, hayat onu ger\u00e7eklerle y\u00fczle\u015ftirecekti. Ac\u0131 da olsa bu y\u00fczle\u015fmeyi ya\u015fayacak olan Su, daha zor ama sahici bir yolculu\u011fa \u00e7\u0131kacakt\u0131. S\u00fcrprizlerle dolu bu yolda onu harika bir a\u015fkla birlikte t\u00fcrl\u00fc tuzaklar bekliyordu.<\/p>\n","protected":false},"excerpt":{"rendered":"<p>A\u015eK, ONA OLAN \u0130NANCIMI KAYBETT\u0130\u011e\u0130M ANDA GEL\u0130P BEN\u0130 YEN\u0130DEN BULDU. \u201cM\u00fcthi\u015f bir g\u00fcn ge\u00e7irece\u011fimi d\u00fc\u015f\u00fcn\u00fcrken \u015fimdi bir otob\u00fcste Selimiye\u2019ye do\u011fru yol almaktayd\u0131m. Hayat ne kadar garipti,<span class=\"excerpt-hellip\"> [\u2026]<\/span><\/p>\n","protected":false},"featured_media":0,"template":"","meta":{"_monsterinsights_skip_tracking":false,"_monsterinsights_sitenote_active":false,"_monsterinsights_sitenote_note":"","_monsterinsights_sitenote_category":0},"product_brand":[],"product_cat":[12291,12711],"product_tag":[],"class_list":{"0":"post-746588","1":"product","2":"type-product","3":"status-publish","5":"product_cat-edebiyat","6":"product_cat-roman-oyku","7":"pa_cilt-ciltsiz","8":"pa_tur-kitap","9":"pa_yayinevi-destek-yayinlari","10":"pa_yazar-ayse-eylul-sensoy","12":"first","13":"instock","14":"sale","15":"shipping-taxable","16":"purchasable","17":"product-type-simple"},"_links":{"self":[{"href":"https:\/\/roveyayinevi.com.tr\/index.php\/wp-json\/wp\/v2\/product\/746588","targetHints":{"allow":["GET"]}}],"collection":[{"href":"https:\/\/roveyayinevi.com.tr\/index.php\/wp-json\/wp\/v2\/product"}],"about":[{"href":"https:\/\/roveyayinevi.com.tr\/index.php\/wp-json\/wp\/v2\/types\/product"}],"wp:attachment":[{"href":"https:\/\/roveyayinevi.com.tr\/index.php\/wp-json\/wp\/v2\/media?parent=746588"}],"wp:term":[{"taxonomy":"product_brand","embeddable":true,"href":"https:\/\/roveyayinevi.com.tr\/index.php\/wp-json\/wp\/v2\/product_brand?post=746588"},{"taxonomy":"product_cat","embeddable":true,"href":"https:\/\/roveyayinevi.com.tr\/index.php\/wp-json\/wp\/v2\/product_cat?post=746588"},{"taxonomy":"product_tag","embeddable":true,"href":"https:\/\/roveyayinevi.com.tr\/index.php\/wp-json\/wp\/v2\/product_tag?post=746588"}],"curies":[{"name":"wp","href":"https:\/\/api.w.org\/{rel}","templated":true}]}}