{"id":746576,"date":"2025-08-28T02:45:31","date_gmt":"2025-08-27T23:45:31","guid":{"rendered":"https:\/\/roveyayinevi.com.tr\/index.php\/urun\/martilarin-kahkahasi\/"},"modified":"2025-11-21T08:41:22","modified_gmt":"2025-11-21T05:41:22","slug":"martilarin-kahkahasi","status":"publish","type":"product","link":"https:\/\/roveyayinevi.com.tr\/index.php\/urun\/martilarin-kahkahasi\/","title":{"rendered":"Mart\u0131lar\u0131n Kahkahas\u0131"},"content":{"rendered":"<p>Mart\u0131 kahkahalar\u0131, deler g\u00f6kleri Dansa davet \u00e7\u0131kar\u0131r, kanat sesleri Bir d\u00fc\u011f\u00fcn\u00fc and\u0131r\u0131r, toplanma yeri \u015eahit olurlar a\u015fka, yoktur benzeri   Deniz, mart\u0131, asuman, bir \u015f\u00f6len yeri Bulutlar aras\u0131nda, herbiri peri S\u00fcz\u00fcl\u00fcp hep silerler, t\u00fcm h\u00fcz\u00fcnleri Kanatlar kalem olur, yazar \u00e2lemi   Semra \u0130plik\u00e7i <\/p>\n","protected":false},"excerpt":{"rendered":"<p>Mart\u0131 kahkahalar\u0131, deler g\u00f6kleri Dansa davet \u00e7\u0131kar\u0131r, kanat sesleri Bir d\u00fc\u011f\u00fcn\u00fc and\u0131r\u0131r, toplanma yeri \u015eahit olurlar a\u015fka, yoktur benzeri Deniz, mart\u0131, asuman, bir \u015f\u00f6len yeri Bulutlar<span class=\"excerpt-hellip\"> [\u2026]<\/span><\/p>\n","protected":false},"featured_media":0,"template":"","meta":{"_monsterinsights_skip_tracking":false,"_monsterinsights_sitenote_active":false,"_monsterinsights_sitenote_note":"","_monsterinsights_sitenote_category":0},"product_brand":[],"product_cat":[12291,12509],"product_tag":[],"class_list":{"0":"post-746576","1":"product","2":"type-product","3":"status-publish","5":"product_cat-edebiyat","6":"product_cat-siir","7":"pa_cilt-ciltsiz","8":"pa_tur-kitap","9":"pa_yayinevi-efsun-yayincilik","10":"pa_yazar-semra-iplikci","12":"first","13":"instock","14":"sale","15":"shipping-taxable","16":"purchasable","17":"product-type-simple"},"_links":{"self":[{"href":"https:\/\/roveyayinevi.com.tr\/index.php\/wp-json\/wp\/v2\/product\/746576","targetHints":{"allow":["GET"]}}],"collection":[{"href":"https:\/\/roveyayinevi.com.tr\/index.php\/wp-json\/wp\/v2\/product"}],"about":[{"href":"https:\/\/roveyayinevi.com.tr\/index.php\/wp-json\/wp\/v2\/types\/product"}],"wp:attachment":[{"href":"https:\/\/roveyayinevi.com.tr\/index.php\/wp-json\/wp\/v2\/media?parent=746576"}],"wp:term":[{"taxonomy":"product_brand","embeddable":true,"href":"https:\/\/roveyayinevi.com.tr\/index.php\/wp-json\/wp\/v2\/product_brand?post=746576"},{"taxonomy":"product_cat","embeddable":true,"href":"https:\/\/roveyayinevi.com.tr\/index.php\/wp-json\/wp\/v2\/product_cat?post=746576"},{"taxonomy":"product_tag","embeddable":true,"href":"https:\/\/roveyayinevi.com.tr\/index.php\/wp-json\/wp\/v2\/product_tag?post=746576"}],"curies":[{"name":"wp","href":"https:\/\/api.w.org\/{rel}","templated":true}]}}