{"id":746498,"date":"2025-08-28T02:43:47","date_gmt":"2025-08-27T23:43:47","guid":{"rendered":"https:\/\/roveyayinevi.com.tr\/index.php\/urun\/ben-bem-olmaliyim\/"},"modified":"2026-04-12T03:02:33","modified_gmt":"2026-04-12T00:02:33","slug":"ben-bem-olmaliyim","status":"publish","type":"product","link":"https:\/\/roveyayinevi.com.tr\/index.php\/urun\/ben-bem-olmaliyim\/","title":{"rendered":"Ben Bem Olmal\u0131y\u0131m"},"content":{"rendered":"<p>Baz\u0131 zamanlar kilitli. En b\u00fcy\u00fck hatalar kap\u0131da. Nedensiz niceler\u2026   Bal\u0131klar \u0131\u015f\u0131ldar ya pullar\u0131yla\u2026 En e\u015fsiz r\u00fcyalardan sabaha \u00e7\u0131rp\u0131nmak bu\u2026 Makas att\u0131m filme.   Orada durur, eli kolu ba\u011fl\u0131. Lame sarm\u0131\u015f bedeni. Masa da\u011f\u0131t\u0131r hat\u0131ralar\u2026 Ak\u015fam\u0131n \u015feffaf perdesi Le\u015f zamanda Iss\u0131z y\u00fcrek. Ya\u011fmurum susuz, tuzsuz Il\u0131k d\u00fc\u015f\u00fcncelerde\u2026 Mazi ara s\u0131cak, devam etmeli yeme\u011fe. <\/p>\n","protected":false},"excerpt":{"rendered":"<p>Baz\u0131 zamanlar kilitli. En b\u00fcy\u00fck hatalar kap\u0131da. Nedensiz niceler\u2026 Bal\u0131klar \u0131\u015f\u0131ldar ya pullar\u0131yla\u2026 En e\u015fsiz r\u00fcyalardan sabaha \u00e7\u0131rp\u0131nmak bu\u2026 Makas att\u0131m filme. Orada durur, eli kolu<span class=\"excerpt-hellip\"> [\u2026]<\/span><\/p>\n","protected":false},"featured_media":0,"template":"","meta":{"_monsterinsights_skip_tracking":false,"_monsterinsights_sitenote_active":false,"_monsterinsights_sitenote_note":"","_monsterinsights_sitenote_category":0},"product_brand":[],"product_cat":[12291,12509],"product_tag":[],"class_list":{"0":"post-746498","1":"product","2":"type-product","3":"status-publish","5":"product_cat-edebiyat","6":"product_cat-siir","7":"pa_cilt-ciltsiz","8":"pa_tur-kitap","9":"pa_yayinevi-luna-yayinlari","10":"pa_yazar-gofan-dalo","12":"first","13":"instock","14":"sale","15":"shipping-taxable","16":"purchasable","17":"product-type-simple"},"_links":{"self":[{"href":"https:\/\/roveyayinevi.com.tr\/index.php\/wp-json\/wp\/v2\/product\/746498","targetHints":{"allow":["GET"]}}],"collection":[{"href":"https:\/\/roveyayinevi.com.tr\/index.php\/wp-json\/wp\/v2\/product"}],"about":[{"href":"https:\/\/roveyayinevi.com.tr\/index.php\/wp-json\/wp\/v2\/types\/product"}],"wp:attachment":[{"href":"https:\/\/roveyayinevi.com.tr\/index.php\/wp-json\/wp\/v2\/media?parent=746498"}],"wp:term":[{"taxonomy":"product_brand","embeddable":true,"href":"https:\/\/roveyayinevi.com.tr\/index.php\/wp-json\/wp\/v2\/product_brand?post=746498"},{"taxonomy":"product_cat","embeddable":true,"href":"https:\/\/roveyayinevi.com.tr\/index.php\/wp-json\/wp\/v2\/product_cat?post=746498"},{"taxonomy":"product_tag","embeddable":true,"href":"https:\/\/roveyayinevi.com.tr\/index.php\/wp-json\/wp\/v2\/product_tag?post=746498"}],"curies":[{"name":"wp","href":"https:\/\/api.w.org\/{rel}","templated":true}]}}