{"id":746495,"date":"2025-08-28T02:43:42","date_gmt":"2025-08-27T23:43:42","guid":{"rendered":"https:\/\/roveyayinevi.com.tr\/index.php\/urun\/buyuk-ask-everest-acikhava-27\/"},"modified":"2026-04-16T02:58:55","modified_gmt":"2026-04-15T23:58:55","slug":"buyuk-ask-everest-acikhava-27","status":"publish","type":"product","link":"https:\/\/roveyayinevi.com.tr\/index.php\/urun\/buyuk-ask-everest-acikhava-27\/","title":{"rendered":"B\u00fcy\u00fck A\u015fk &#8211; Everest A\u00e7\u0131khava 27"},"content":{"rendered":"<p>Yap\u0131tlar\u0131nda adeta sinema filmlerindeki gibi sahneler kuran, karakterlerini birka\u00e7 a\u00e7\u0131dan bakarak tasvir eden Hans Fallada (1893-1947), \u201cYeni Nesnellik\u201d denen d\u0131\u015favurumcu ak\u0131m\u0131n \u00f6nemli yazarlar\u0131ndand\u0131r. B\u00fcy\u00fck A\u015fk\u2019ta \u00e2\u015f\u0131k ile ma\u015fukun tutkuyla ba\u015flayan ili\u015fkisinin ge\u00e7irdi\u011fi evrimi yal\u0131n ve etkileyici bir dille anlat\u0131r: Delikanl\u0131 i\u00e7in i\u00e7in yanan bir kor par\u00e7as\u0131 gibi giderek s\u00f6nerken; k\u0131z yana yana raks eden ihtirasl\u0131 bir pervane gibi saplant\u0131l\u0131 bir kara sevdaya tutulur&#8230; Her ili\u015fkinin d\u00fc\u015febilece\u011fi bu derin kuyudan \u00e7\u0131kmak m\u00fcmk\u00fcn olabilecek midir?   \u201c\u0130nsanlar\u0131n ve meleklerin diliyle konu\u015fsam, ama sevgim olmasa, ses \u00e7\u0131karan bak\u0131rdan ya da \u00e7\u0131nlayan zilden fark\u0131m kalmaz. Sevgi sab\u0131rl\u0131d\u0131r, sevgi \u015fefkatlidir. Sevgi k\u0131skanmaz, \u00f6v\u00fcnmez, b\u00f6b\u00fcrlenmez. Sevgi her \u015feye katlan\u0131r, her \u015feye inan\u0131r, her \u015feyi umut eder, her \u015feye dayan\u0131r. Sevgi asla son bulmaz&#8230;\u201d   <\/p>\n","protected":false},"excerpt":{"rendered":"<p>Yap\u0131tlar\u0131nda adeta sinema filmlerindeki gibi sahneler kuran, karakterlerini birka\u00e7 a\u00e7\u0131dan bakarak tasvir eden Hans Fallada (1893-1947), \u201cYeni Nesnellik\u201d denen d\u0131\u015favurumcu ak\u0131m\u0131n \u00f6nemli yazarlar\u0131ndand\u0131r. B\u00fcy\u00fck A\u015fk\u2019ta \u00e2\u015f\u0131k<span class=\"excerpt-hellip\"> [\u2026]<\/span><\/p>\n","protected":false},"featured_media":0,"template":"","meta":{"_monsterinsights_skip_tracking":false,"_monsterinsights_sitenote_active":false,"_monsterinsights_sitenote_note":"","_monsterinsights_sitenote_category":0},"product_brand":[],"product_cat":[12291,18202],"product_tag":[],"class_list":{"0":"post-746495","1":"product","2":"type-product","3":"status-publish","5":"product_cat-edebiyat","6":"product_cat-hikaye","7":"pa_cilt-ciltsiz","8":"pa_tur-kitap","9":"pa_yayinevi-everest-yayinlari","10":"pa_yazar-hans-fallada","12":"first","13":"instock","14":"sale","15":"shipping-taxable","16":"purchasable","17":"product-type-simple"},"_links":{"self":[{"href":"https:\/\/roveyayinevi.com.tr\/index.php\/wp-json\/wp\/v2\/product\/746495","targetHints":{"allow":["GET"]}}],"collection":[{"href":"https:\/\/roveyayinevi.com.tr\/index.php\/wp-json\/wp\/v2\/product"}],"about":[{"href":"https:\/\/roveyayinevi.com.tr\/index.php\/wp-json\/wp\/v2\/types\/product"}],"wp:attachment":[{"href":"https:\/\/roveyayinevi.com.tr\/index.php\/wp-json\/wp\/v2\/media?parent=746495"}],"wp:term":[{"taxonomy":"product_brand","embeddable":true,"href":"https:\/\/roveyayinevi.com.tr\/index.php\/wp-json\/wp\/v2\/product_brand?post=746495"},{"taxonomy":"product_cat","embeddable":true,"href":"https:\/\/roveyayinevi.com.tr\/index.php\/wp-json\/wp\/v2\/product_cat?post=746495"},{"taxonomy":"product_tag","embeddable":true,"href":"https:\/\/roveyayinevi.com.tr\/index.php\/wp-json\/wp\/v2\/product_tag?post=746495"}],"curies":[{"name":"wp","href":"https:\/\/api.w.org\/{rel}","templated":true}]}}