{"id":746487,"date":"2025-08-28T02:43:33","date_gmt":"2025-08-27T23:43:33","guid":{"rendered":"https:\/\/roveyayinevi.com.tr\/index.php\/urun\/ne-oldugunuzu-dusunuyorsunuz\/"},"modified":"2026-04-16T02:58:55","modified_gmt":"2026-04-15T23:58:55","slug":"ne-oldugunuzu-dusunuyorsunuz","status":"publish","type":"product","link":"https:\/\/roveyayinevi.com.tr\/index.php\/urun\/ne-oldugunuzu-dusunuyorsunuz\/","title":{"rendered":"Ne Oldu\u011funuzu D\u00fc\u015f\u00fcn\u00fcyorsunuz?"},"content":{"rendered":"<p>Pop\u00fcler bilim ustas\u0131 Brian Clegg&#8217;in Ne Oldu\u011funuzu D\u00fc\u015f\u00fcn\u00fcyorsunuz?\u2019u, sizi siz yapan \u015feyin biliminde sizi e\u011flenceli bir tura \u00e7\u0131kar\u0131yor. Atom seviyesinden, ya\u015fam ve enerjiye, genetikten ki\u015fili\u011fe kadar, sizi olu\u015fturan milyarlarca par\u00e7ac\u0131\u011f\u0131n nas\u0131l ortaya \u00e7\u0131kt\u0131\u011f\u0131n\u0131n pe\u015fine d\u00fc\u015f\u00fcyor.   \u2022             Kesinlikle kraliyet soyundan geliyorsunuz, Avrupal\u0131 atalar\u0131n\u0131z varsa Charlemagne mutlaka sizin soy a\u011fac\u0131n\u0131zda yer al\u0131yor. \u2022             V\u00fccudunuzdaki hidrojen, B\u00fcy\u00fck Patlama&#8217;dan hemen sonra, yakla\u015f\u0131k 13,5 milyar y\u0131l \u00f6nce yarat\u0131ld\u0131. \u2022             V\u00fccudunuzdaki elementler yakla\u015f\u0131k 125 \u00a3 de\u011ferindedir. \u2022             Bilin\u00e7li zihniniz, beyninizin yapt\u0131klar\u0131n\u0131n yaln\u0131zca k\u00fc\u00e7\u00fck bir k\u0131sm\u0131yla ilgilenir. \u2022             Sizi siz yapan \u015feyin yakla\u015f\u0131k y\u00fczde 50&#8217;si genetik ve epigenetiktir; yine de genlerinizin y\u00fczde 96&#8217;s\u0131n\u0131 bir \u015fempanzeyle (ve 60&#8217;\u0131n\u0131 bir muzla) payla\u015f\u0131yorsunuz. \u2022             Sizi oldu\u011funuz ki\u015fi yapan \u015feyin b\u00fcy\u00fck bir k\u0131sm\u0131 (bir dinozorun soyundan gelmenin aksine) yakla\u015f\u0131k 65 milyon y\u0131l \u00f6nce ger\u00e7ekle\u015fen d\u00fcnya \u00fczerindeki kozmik \u00e7arp\u0131\u015fmayd\u0131.   \u201cBizi biz yapan \u015feyin tam kalbine iniyor. Okuyun!\u201d Angela Saini<\/p>\n","protected":false},"excerpt":{"rendered":"<p>Pop\u00fcler bilim ustas\u0131 Brian Clegg&#8217;in Ne Oldu\u011funuzu D\u00fc\u015f\u00fcn\u00fcyorsunuz?\u2019u, sizi siz yapan \u015feyin biliminde sizi e\u011flenceli bir tura \u00e7\u0131kar\u0131yor. Atom seviyesinden, ya\u015fam ve enerjiye, genetikten ki\u015fili\u011fe kadar,<span class=\"excerpt-hellip\"> [\u2026]<\/span><\/p>\n","protected":false},"featured_media":0,"template":"","meta":{"_monsterinsights_skip_tracking":false,"_monsterinsights_sitenote_active":false,"_monsterinsights_sitenote_note":"","_monsterinsights_sitenote_category":0},"product_brand":[],"product_cat":[13005,13006],"product_tag":[],"class_list":{"0":"post-746487","1":"product","2":"type-product","3":"status-publish","5":"product_cat-bilim-muhendislik","6":"product_cat-populer-bilim","7":"pa_cilt-ciltsiz","8":"pa_tur-kitap","9":"pa_yayinevi-orenda","10":"pa_yazar-brian-clegg","12":"first","13":"instock","14":"sale","15":"shipping-taxable","16":"purchasable","17":"product-type-simple"},"_links":{"self":[{"href":"https:\/\/roveyayinevi.com.tr\/index.php\/wp-json\/wp\/v2\/product\/746487","targetHints":{"allow":["GET"]}}],"collection":[{"href":"https:\/\/roveyayinevi.com.tr\/index.php\/wp-json\/wp\/v2\/product"}],"about":[{"href":"https:\/\/roveyayinevi.com.tr\/index.php\/wp-json\/wp\/v2\/types\/product"}],"wp:attachment":[{"href":"https:\/\/roveyayinevi.com.tr\/index.php\/wp-json\/wp\/v2\/media?parent=746487"}],"wp:term":[{"taxonomy":"product_brand","embeddable":true,"href":"https:\/\/roveyayinevi.com.tr\/index.php\/wp-json\/wp\/v2\/product_brand?post=746487"},{"taxonomy":"product_cat","embeddable":true,"href":"https:\/\/roveyayinevi.com.tr\/index.php\/wp-json\/wp\/v2\/product_cat?post=746487"},{"taxonomy":"product_tag","embeddable":true,"href":"https:\/\/roveyayinevi.com.tr\/index.php\/wp-json\/wp\/v2\/product_tag?post=746487"}],"curies":[{"name":"wp","href":"https:\/\/api.w.org\/{rel}","templated":true}]}}