{"id":746469,"date":"2025-08-28T02:43:12","date_gmt":"2025-08-27T23:43:12","guid":{"rendered":"https:\/\/roveyayinevi.com.tr\/index.php\/urun\/cogito-108-cocuk-dusuncesi\/"},"modified":"2026-04-16T02:58:55","modified_gmt":"2026-04-15T23:58:55","slug":"cogito-108-cocuk-dusuncesi","status":"publish","type":"product","link":"https:\/\/roveyayinevi.com.tr\/index.php\/urun\/cogito-108-cocuk-dusuncesi\/","title":{"rendered":"Cogito 108: \u00c7ocuk D\u00fc\u015f\u00fcncesi"},"content":{"rendered":"<p>Cogito\u2019dan \u2022 \u00c7ocuk D\u00fc\u015f\u00fcncesi Yeni Perspektifler Nancy Fraser-Mine Y\u0131ld\u0131r\u0131m \u2022 Covid Krizi, \u0130klim Krizi &#8211; Yamyam Kapitalizm Krizi Dosya: \u00c7ocuk D\u00fc\u015f\u00fcncesi Sarah Hannan \u2022 \u00c7ocuk Olmak \u00c7ocuklar \u0130\u00e7in Neden K\u00f6t\u00fc Bir \u015eeydir Seran Demiral \u2022 \u00c7ocukluk Konumunu Politik Bir Pratik Olarak D\u00fc\u015f\u00fcnmek Aksu Bora-Seval Binici- Seran Demiral-Ayl\u0131n Dikmen Zeynep K\u0131l\u0131\u00e7- Zeynep B. Erdiller Yatmaz \u2022 S\u00f6yle\u015fi: \u00c7ocuklardan Taraf Olmak: \u00c7ocuk D\u00fc\u015fmanl\u0131\u011f\u0131na Kar\u015f\u0131 \u00c7ocukizm David K. Kennedy \u2022 \u00c7ocuk ve Postmodern \u00d6znellik Gert Biesta \u2022 Cahil Hocalara Aldanma: \u00d6zg\u00fcrle\u015ftirici E\u011fitimde \u00d6\u011fretmenin Rol\u00fc Seran Demiral-Aren Ha\u015far- Arzu \u0130bi\u015fi Temelli-Gamze Keskin- \u00d6zge \u00d6zdemir \u2022 S\u00f6yle\u015fi: E\u011fitimdeki K\u0131s\u0131tlar\u0131 ve \u0130mk\u00e2nlar\u0131 \u201c\u00c7ocuklar i\u00e7in Felsefe\u201dyle D\u00fc\u015f\u00fcnmek Kevser Y\u0131ld\u0131r\u0131m \u2022 \u00c7ocuklarla Felsefe ve \u201cHik\u00e2ye Anlat\u0131c\u0131s\u0131\u201d Benjamin Claude L\u00e9vi-Strauss \u2022 Yarat\u0131c\u0131 \u00c7ocuk \u00dczerine Gecikmi\u015f Bir Kelam Mehmet Bar\u0131\u015f Albayrak \u2022 Kapsay\u0131c\u0131 E\u011fitim Felsefesi \u00dczerine Bir Deneme Caitlin Howlett \u2022 Neoliberalizm, Ele\u015ftirel Pedagoji ve \u00c7ocuk Edie Conekin-Tooze \u2022 Little Rock Olay\u0131: Hannah Arendt\u2019in \u00c7ocukluk ve E\u011fitim Siyaseti <\/p>\n","protected":false},"excerpt":{"rendered":"<p>Cogito\u2019dan \u2022 \u00c7ocuk D\u00fc\u015f\u00fcncesi Yeni Perspektifler Nancy Fraser-Mine Y\u0131ld\u0131r\u0131m \u2022 Covid Krizi, \u0130klim Krizi &#8211; Yamyam Kapitalizm Krizi Dosya: \u00c7ocuk D\u00fc\u015f\u00fcncesi Sarah Hannan \u2022 \u00c7ocuk Olmak<span class=\"excerpt-hellip\"> [\u2026]<\/span><\/p>\n","protected":false},"featured_media":0,"template":"","meta":{"_monsterinsights_skip_tracking":false,"_monsterinsights_sitenote_active":false,"_monsterinsights_sitenote_note":"","_monsterinsights_sitenote_category":0},"product_brand":[],"product_cat":[19460,13527],"product_tag":[],"class_list":{"0":"post-746469","1":"product","2":"type-product","3":"status-publish","5":"product_cat-felsefe-sureli-yayinlar","6":"product_cat-sureli-yayinlar","7":"pa_cilt-ciltsiz","8":"pa_tur-dergi","9":"pa_yayinevi-yapi-kredi-yayinlari-dergi","10":"pa_yazar-kolektif","12":"first","13":"instock","14":"sale","15":"shipping-taxable","16":"purchasable","17":"product-type-simple"},"_links":{"self":[{"href":"https:\/\/roveyayinevi.com.tr\/index.php\/wp-json\/wp\/v2\/product\/746469","targetHints":{"allow":["GET"]}}],"collection":[{"href":"https:\/\/roveyayinevi.com.tr\/index.php\/wp-json\/wp\/v2\/product"}],"about":[{"href":"https:\/\/roveyayinevi.com.tr\/index.php\/wp-json\/wp\/v2\/types\/product"}],"wp:attachment":[{"href":"https:\/\/roveyayinevi.com.tr\/index.php\/wp-json\/wp\/v2\/media?parent=746469"}],"wp:term":[{"taxonomy":"product_brand","embeddable":true,"href":"https:\/\/roveyayinevi.com.tr\/index.php\/wp-json\/wp\/v2\/product_brand?post=746469"},{"taxonomy":"product_cat","embeddable":true,"href":"https:\/\/roveyayinevi.com.tr\/index.php\/wp-json\/wp\/v2\/product_cat?post=746469"},{"taxonomy":"product_tag","embeddable":true,"href":"https:\/\/roveyayinevi.com.tr\/index.php\/wp-json\/wp\/v2\/product_tag?post=746469"}],"curies":[{"name":"wp","href":"https:\/\/api.w.org\/{rel}","templated":true}]}}