{"id":746462,"date":"2025-08-28T02:43:05","date_gmt":"2025-08-27T23:43:05","guid":{"rendered":"https:\/\/roveyayinevi.com.tr\/index.php\/urun\/kentlerde-yer-duygusu\/"},"modified":"2026-04-16T02:58:55","modified_gmt":"2026-04-15T23:58:55","slug":"kentlerde-yer-duygusu","status":"publish","type":"product","link":"https:\/\/roveyayinevi.com.tr\/index.php\/urun\/kentlerde-yer-duygusu\/","title":{"rendered":"Kentlerde Yer Duygusu"},"content":{"rendered":"<p>\u00c7\u0131k\u0131\u015f noktas\u0131n\u0131 ki\u015fisel bir deneyimden alan bu \u00e7al\u0131\u015fma, yaz\u0131m a\u015famas\u0131na geldi\u011finde belki de ironik say\u0131labilecek bir bi\u00e7imde bu duygular\u0131 \u00f6nce toplumsal alana sonra da kurumsal alana ta\u015f\u0131m\u0131\u015f bulunuyor. \u00c7al\u0131\u015fman\u0131n ilgili yaz\u0131na \u00f6zg\u00fcn katk\u0131lar\u0131ndan biri, kurumsal merkezli kolektif haf\u0131za ve yer duygusunun kurumsal yeniden \u00fcretimi kavramlar\u0131n\u0131 \u00f6nermesidir. Bu kavramlar\u0131n \u00e7\u0131k\u0131\u015f noktas\u0131nda, bir b\u00fcy\u00fck yat\u0131r\u0131m olarak ba\u015flay\u0131p Ere\u011fli\u2019de ya\u015fam\u0131n neredeyse her noktas\u0131na dokunan Erdemir\u2019in, Ere\u011fli\u2019deki kolektif haf\u0131za ve yer duygusunun \u00fcretilmesinde temel akt\u00f6r olarak \u00f6n plana \u00e7\u0131kt\u0131\u011f\u0131 tespiti vard\u0131r. Bu etki Erdemir\u2019in y\u00fckseli\u015f d\u00f6neminde toplumsal ya\u015fam\u0131n en \u00fccra k\u00f6\u015felerine s\u0131zmas\u0131yla s\u0131n\u0131rl\u0131 de\u011fildir; tam da bu s\u0131zman\u0131n b\u00fcy\u00fckl\u00fc\u011f\u00fc gerileme d\u00f6neminin de s\u00f6z konusu toplumsal h\u00fccrelerde derin bi\u00e7imde hissedilmesiyle sonu\u00e7lanm\u0131\u015ft\u0131r. Sosyal bilimler alan\u0131nda gen\u00e7 kesimlerin cesaretini ve \u00e7al\u0131\u015fmalar\u0131nda \u00f6zg\u00fcnl\u00fc\u011f\u00fcn\u00fc yitirmesinin norm haline geldi\u011fi bir ortamda, Demirkol\u2019un bu \u00e7al\u0131\u015fmas\u0131n\u0131n hem cesur hem de \u00f6zg\u00fcn bir \u00e7al\u0131\u015fma oldu\u011funu belirtmeliyim. Ku\u015fkusuz bu yarg\u0131 son derece \u00f6znel bir de\u011ferlendirme. \u015eimdi s\u00f6z okuyucunun! Demirkol\u2019un \u00e7al\u0131\u015fmas\u0131n\u0131n ve \u00f6zel olarak \u00f6nerdi\u011fi kavramlar\u0131n okuyucu ve ilgili \u00e7evreler taraf\u0131ndan ne derece sahiplenilece\u011fini ve kolektif haf\u0131zada ne derece yer bulaca\u011f\u0131n\u0131 zaman g\u00f6sterecek. Prof. Dr. H. Tar\u0131k \u015eeng\u00fcl<\/p>\n","protected":false},"excerpt":{"rendered":"<p>\u00c7\u0131k\u0131\u015f noktas\u0131n\u0131 ki\u015fisel bir deneyimden alan bu \u00e7al\u0131\u015fma, yaz\u0131m a\u015famas\u0131na geldi\u011finde belki de ironik say\u0131labilecek bir bi\u00e7imde bu duygular\u0131 \u00f6nce toplumsal alana sonra da kurumsal alana<span class=\"excerpt-hellip\"> [\u2026]<\/span><\/p>\n","protected":false},"featured_media":0,"template":"","meta":{"_monsterinsights_skip_tracking":false,"_monsterinsights_sitenote_active":false,"_monsterinsights_sitenote_note":"","_monsterinsights_sitenote_category":0},"product_brand":[],"product_cat":[12325,12324],"product_tag":[],"class_list":{"0":"post-746462","1":"product","2":"type-product","3":"status-publish","5":"product_cat-diger-sosyoloji","6":"product_cat-sosyoloji","7":"pa_cilt-ciltsiz","8":"pa_tur-kitap","9":"pa_yayinevi-idealkent-yayincilik","10":"pa_yazar-atahan-demirkol","12":"first","13":"instock","14":"sale","15":"shipping-taxable","16":"purchasable","17":"product-type-simple"},"_links":{"self":[{"href":"https:\/\/roveyayinevi.com.tr\/index.php\/wp-json\/wp\/v2\/product\/746462","targetHints":{"allow":["GET"]}}],"collection":[{"href":"https:\/\/roveyayinevi.com.tr\/index.php\/wp-json\/wp\/v2\/product"}],"about":[{"href":"https:\/\/roveyayinevi.com.tr\/index.php\/wp-json\/wp\/v2\/types\/product"}],"wp:attachment":[{"href":"https:\/\/roveyayinevi.com.tr\/index.php\/wp-json\/wp\/v2\/media?parent=746462"}],"wp:term":[{"taxonomy":"product_brand","embeddable":true,"href":"https:\/\/roveyayinevi.com.tr\/index.php\/wp-json\/wp\/v2\/product_brand?post=746462"},{"taxonomy":"product_cat","embeddable":true,"href":"https:\/\/roveyayinevi.com.tr\/index.php\/wp-json\/wp\/v2\/product_cat?post=746462"},{"taxonomy":"product_tag","embeddable":true,"href":"https:\/\/roveyayinevi.com.tr\/index.php\/wp-json\/wp\/v2\/product_tag?post=746462"}],"curies":[{"name":"wp","href":"https:\/\/api.w.org\/{rel}","templated":true}]}}