{"id":746461,"date":"2025-08-28T02:43:04","date_gmt":"2025-08-27T23:43:04","guid":{"rendered":"https:\/\/roveyayinevi.com.tr\/index.php\/urun\/mekana-ve-insana-dair-guncel-yaklasimlar-tartismalar-calismalar\/"},"modified":"2026-04-16T02:58:55","modified_gmt":"2026-04-15T23:58:55","slug":"mekana-ve-insana-dair-guncel-yaklasimlar-tartismalar-calismalar","status":"publish","type":"product","link":"https:\/\/roveyayinevi.com.tr\/index.php\/urun\/mekana-ve-insana-dair-guncel-yaklasimlar-tartismalar-calismalar\/","title":{"rendered":"Mekana ve \u0130nsana Dair G\u00fcncel Yakla\u015f\u0131mlar &#8211; Tart\u0131\u015fmalar \u2013 \u00c7al\u0131\u015fmalar"},"content":{"rendered":"<p>Mek\u00e2n\u0131 temel alarak \u201colana\u201d, \u201cyap\u0131lana\u201d, \u201cde\u011fi\u015fene\u201d ve \u201cd\u00f6n\u00fc\u015fene\u201d odaklanan elinizdeki kitap Melis O\u011fuz\u2019un Medyascope\u2019ta yapt\u0131\u011f\u0131 Mekan ve \u0130nsan program\u0131n\u0131n 33 b\u00f6l\u00fcm\u00fcn\u00fcn metne d\u00f6n\u00fc\u015fm\u00fc\u015f, evrilmi\u015f ve b\u00fcy\u00fck bir oranda da geli\u015ftirilmi\u015f halini i\u00e7eriyor. Mek\u00e2nsal \u00e7al\u0131\u015fmalar\u0131n nabz\u0131n\u0131 tutan bir derleme olmakla birlikte, ayn\u0131 zamanda belli bir zaman serisinde ger\u00e7ekle\u015ftirilen program dolay\u0131s\u0131yla bir ser\u00fcvenin de \u00f6zeti niteli\u011finde.   B\u00fct\u00fcn kentsel eylemlerin ya da eylemsizliklerin nesnesi gibi duran mek\u00e2n en nihayetinde her t\u00fcrl\u00fc kentsel ve insani varolu\u015fun \u00f6znesi durumundad\u0131r. Bu ba\u011flam i\u00e7inde d\u00fc\u015f\u00fcn\u00fcld\u00fc\u011f\u00fcnde mek\u00e2n\u0131n sonsuz say\u0131da versiyonu, zamana ve onun i\u00e7ini dolduran insana g\u00f6re de\u011fi\u015fen sonsuz say\u0131da bi\u00e7imi s\u00f6z konusudur. Bu a\u00e7\u0131dan bak\u0131ld\u0131\u011f\u0131nda kitap, kent ve insan i\u00e7in \u00e7ok dinamik bir olgu halini alan mek\u00e2n \u00fczerine d\u00fc\u015f\u00fcnmek isteyenler i\u00e7in heyecan verici bir \u00e7al\u0131\u015fma.   44 yazar\u0131n katk\u0131 koydu\u011fu kitap, (a) Kentsel Haf\u0131za, Katmanlar ve Toplumsal Bellek, (b) Kentsel Adalet ve Mek\u00e2nda D\u00f6n\u00fc\u015f\u00fcm, (c) Kentsel E\u015fikler ve Tasar\u0131m, (d) Kentsel Hareketlilik ve S\u0131n\u0131rlar, (e) Kentsel Planlamada Bilgi, \u0130leti\u015fim ve Teknoloji, (f) Alternatif Yakla\u015f\u0131mlar ve Planlamada Ele\u015ftiri ve (g) K\u0131rsal Planlama ve Planlamada Yeni Aray\u0131\u015flar ba\u015fl\u0131kl\u0131 yedi b\u00f6l\u00fcmden olu\u015fuyor.<\/p>\n","protected":false},"excerpt":{"rendered":"<p>Mek\u00e2n\u0131 temel alarak \u201colana\u201d, \u201cyap\u0131lana\u201d, \u201cde\u011fi\u015fene\u201d ve \u201cd\u00f6n\u00fc\u015fene\u201d odaklanan elinizdeki kitap Melis O\u011fuz\u2019un Medyascope\u2019ta yapt\u0131\u011f\u0131 Mekan ve \u0130nsan program\u0131n\u0131n 33 b\u00f6l\u00fcm\u00fcn\u00fcn metne d\u00f6n\u00fc\u015fm\u00fc\u015f, evrilmi\u015f ve b\u00fcy\u00fck<span class=\"excerpt-hellip\"> [\u2026]<\/span><\/p>\n","protected":false},"featured_media":0,"template":"","meta":{"_monsterinsights_skip_tracking":false,"_monsterinsights_sitenote_active":false,"_monsterinsights_sitenote_note":"","_monsterinsights_sitenote_category":0},"product_brand":[],"product_cat":[12767,12324],"product_tag":[],"class_list":{"0":"post-746461","1":"product","2":"type-product","3":"status-publish","5":"product_cat-kentlesme-modernlesme","6":"product_cat-sosyoloji","7":"pa_cilt-ciltsiz","8":"pa_tur-kitap","9":"pa_yayinevi-idealkent-yayincilik","10":"pa_yazar-melis-oguz","12":"first","13":"instock","14":"sale","15":"shipping-taxable","16":"purchasable","17":"product-type-simple"},"_links":{"self":[{"href":"https:\/\/roveyayinevi.com.tr\/index.php\/wp-json\/wp\/v2\/product\/746461","targetHints":{"allow":["GET"]}}],"collection":[{"href":"https:\/\/roveyayinevi.com.tr\/index.php\/wp-json\/wp\/v2\/product"}],"about":[{"href":"https:\/\/roveyayinevi.com.tr\/index.php\/wp-json\/wp\/v2\/types\/product"}],"wp:attachment":[{"href":"https:\/\/roveyayinevi.com.tr\/index.php\/wp-json\/wp\/v2\/media?parent=746461"}],"wp:term":[{"taxonomy":"product_brand","embeddable":true,"href":"https:\/\/roveyayinevi.com.tr\/index.php\/wp-json\/wp\/v2\/product_brand?post=746461"},{"taxonomy":"product_cat","embeddable":true,"href":"https:\/\/roveyayinevi.com.tr\/index.php\/wp-json\/wp\/v2\/product_cat?post=746461"},{"taxonomy":"product_tag","embeddable":true,"href":"https:\/\/roveyayinevi.com.tr\/index.php\/wp-json\/wp\/v2\/product_tag?post=746461"}],"curies":[{"name":"wp","href":"https:\/\/api.w.org\/{rel}","templated":true}]}}