{"id":746455,"date":"2025-08-28T02:42:56","date_gmt":"2025-08-27T23:42:56","guid":{"rendered":"https:\/\/roveyayinevi.com.tr\/index.php\/urun\/kadin-oyunlari\/"},"modified":"2026-04-16T02:58:55","modified_gmt":"2026-04-15T23:58:55","slug":"kadin-oyunlari","status":"publish","type":"product","link":"https:\/\/roveyayinevi.com.tr\/index.php\/urun\/kadin-oyunlari\/","title":{"rendered":"Kad\u0131n Oyunlar\u0131"},"content":{"rendered":"<p>Yazar, akademisyen Zehra \u0130p\u015firo\u011flu\u2019ndan, T\u00fcrkiye\u2019deki toplumsal cinsiyet sorununa odaklanan oyunlar toplam\u0131 Kad\u0131n Oyunlar\u0131. \u201cBabalar, Amcalar ve Di\u011ferleri\u201d, \u201cY\u00fczle\u015fme\u201d ve \u201cErkeklik Hapishanesi\u201d adl\u0131 oyunlar\u0131n\u0131n bir araya getirildi\u011fi bu kitab\u0131nda \u0130p\u015firo\u011flu, her ge\u00e7en g\u00fcn daha da \u201ckatlan\u0131lmaz\u201d bir hal alan kad\u0131na \u015fiddet ve bunun etki alan\u0131ndaki di\u011fer konular\u0131 i\u015flerken, \u201cdijital\u201d \u00e7a\u011f\u0131n gereklili\u011fi olarak oyunlar\u0131n sahnelenme bi\u00e7imine dair yeni yorumlar sunuyor. Kad\u0131n Oyunlar\u0131 hem ele ald\u0131\u011f\u0131 konular hem de bunu i\u015fleyi\u015f bi\u00e7imiyle, \u0130p\u015firo\u011flu\u2019nun ustal\u0131k d\u00f6nemi eserlerini bir araya getiren ve \u00e7a\u011fda\u015f tiyatroya yeni soluk getirecek bir toplam. <\/p>\n","protected":false},"excerpt":{"rendered":"<p>Yazar, akademisyen Zehra \u0130p\u015firo\u011flu\u2019ndan, T\u00fcrkiye\u2019deki toplumsal cinsiyet sorununa odaklanan oyunlar toplam\u0131 Kad\u0131n Oyunlar\u0131. \u201cBabalar, Amcalar ve Di\u011ferleri\u201d, \u201cY\u00fczle\u015fme\u201d ve \u201cErkeklik Hapishanesi\u201d adl\u0131 oyunlar\u0131n\u0131n bir araya getirildi\u011fi<span class=\"excerpt-hellip\"> [\u2026]<\/span><\/p>\n","protected":false},"featured_media":0,"template":"","meta":{"_monsterinsights_skip_tracking":false,"_monsterinsights_sitenote_active":false,"_monsterinsights_sitenote_note":"","_monsterinsights_sitenote_category":0},"product_brand":[],"product_cat":[12409,12408],"product_tag":[],"class_list":{"0":"post-746455","1":"product","2":"type-product","3":"status-publish","5":"product_cat-fotograf-sinema-tiyatro","6":"product_cat-sanat","7":"pa_cilt-ciltsiz","8":"pa_tur-kitap","9":"pa_yayinevi-kirmizi-kedi-yayinevi","10":"pa_yazar-zehra-ipsiroglu","12":"first","13":"instock","14":"sale","15":"shipping-taxable","16":"purchasable","17":"product-type-simple"},"_links":{"self":[{"href":"https:\/\/roveyayinevi.com.tr\/index.php\/wp-json\/wp\/v2\/product\/746455","targetHints":{"allow":["GET"]}}],"collection":[{"href":"https:\/\/roveyayinevi.com.tr\/index.php\/wp-json\/wp\/v2\/product"}],"about":[{"href":"https:\/\/roveyayinevi.com.tr\/index.php\/wp-json\/wp\/v2\/types\/product"}],"wp:attachment":[{"href":"https:\/\/roveyayinevi.com.tr\/index.php\/wp-json\/wp\/v2\/media?parent=746455"}],"wp:term":[{"taxonomy":"product_brand","embeddable":true,"href":"https:\/\/roveyayinevi.com.tr\/index.php\/wp-json\/wp\/v2\/product_brand?post=746455"},{"taxonomy":"product_cat","embeddable":true,"href":"https:\/\/roveyayinevi.com.tr\/index.php\/wp-json\/wp\/v2\/product_cat?post=746455"},{"taxonomy":"product_tag","embeddable":true,"href":"https:\/\/roveyayinevi.com.tr\/index.php\/wp-json\/wp\/v2\/product_tag?post=746455"}],"curies":[{"name":"wp","href":"https:\/\/api.w.org\/{rel}","templated":true}]}}