{"id":746447,"date":"2025-08-28T02:42:46","date_gmt":"2025-08-27T23:42:46","guid":{"rendered":"https:\/\/roveyayinevi.com.tr\/index.php\/urun\/rusyada-sol\/"},"modified":"2026-04-16T02:58:54","modified_gmt":"2026-04-15T23:58:54","slug":"rusyada-sol","status":"publish","type":"product","link":"https:\/\/roveyayinevi.com.tr\/index.php\/urun\/rusyada-sol\/","title":{"rendered":"Rusya\u2019da Sol"},"content":{"rendered":"<p>Rusya\u2019n\u0131n \u00f6nde gelen siyasi yorumcular\u0131ndan biri olan Ilya Budraitskis, \u015fu anda Rusya\u2019da h\u00fck\u00fcm s\u00fcren serbest piyasa ideolojisi ile postmodern milliyet\u00e7ili\u011fin garip bile\u015fimini irdeliyor ve Rus solunun Sovyet sonras\u0131 evrimini anlat\u0131yor. Kremlin\u2019in jeopolitik fantezilerinin can al\u0131c\u0131 noktalar\u0131n\u0131n ve \u00e7eli\u015fkilerinin keskin bir dille anlat\u0131ld\u0131\u011f\u0131 bu kitapta sald\u0131rgan So\u011fuk Sava\u015f s\u00f6ylemlerinin yeniden canland\u0131r\u0131l\u0131\u015f\u0131na ve Putin rejiminin y\u00f6n\u00fcne dair ipu\u00e7lar\u0131 aktar\u0131l\u0131yor. Budraitskis, Kru\u015f\u00e7ev\u2019in Thaw d\u00f6neminden Gorba\u00e7ov\u2019un perestroykas\u0131na kadar alternatif bir Marksist ve sosyalist d\u00fc\u015f\u00fcnce gelene\u011finin haritas\u0131n\u0131 \u00e7\u0131kar\u0131yor, SSCB\u2019nin muhalif solunun unutulmu\u015f tarihini yeniden in\u015fa ederek bu anlamda paha bi\u00e7ilmez bir katk\u0131 sunuyor. Liberallerin h\u00e2kim oldu\u011fu entelijansiya i\u00e7inde Sovyet d\u00f6neminin b\u00fct\u00fcn\u00fcyle k\u0131nanmas\u0131 ile Kom\u00fcnist Parti y\u00f6netimine y\u00f6nelik kapsaml\u0131 bir nostalji aras\u0131ndaki \u00e7\u0131kmazdan potansiyel bir \u00e7\u0131k\u0131\u015f yolu sunuyor ve solun ke\u015ffetmesi i\u00e7in yeni yollar \u00f6neriyor. <\/p>\n","protected":false},"excerpt":{"rendered":"<p>Rusya\u2019n\u0131n \u00f6nde gelen siyasi yorumcular\u0131ndan biri olan Ilya Budraitskis, \u015fu anda Rusya\u2019da h\u00fck\u00fcm s\u00fcren serbest piyasa ideolojisi ile postmodern milliyet\u00e7ili\u011fin garip bile\u015fimini irdeliyor ve Rus solunun<span class=\"excerpt-hellip\"> [\u2026]<\/span><\/p>\n","protected":false},"featured_media":0,"template":"","meta":{"_monsterinsights_skip_tracking":false,"_monsterinsights_sitenote_active":false,"_monsterinsights_sitenote_note":"","_monsterinsights_sitenote_category":0},"product_brand":[],"product_cat":[13590,12337],"product_tag":[],"class_list":{"0":"post-746447","1":"product","2":"type-product","3":"status-publish","5":"product_cat-arastirma-inceleme-politika-siyaset","6":"product_cat-politika-siyaset","7":"pa_cilt-ciltsiz","8":"pa_tur-kitap","9":"pa_yayinevi-ayrinti-yayinlari","10":"pa_yazar-ilya-budraitskis","12":"first","13":"instock","14":"sale","15":"shipping-taxable","16":"purchasable","17":"product-type-simple"},"_links":{"self":[{"href":"https:\/\/roveyayinevi.com.tr\/index.php\/wp-json\/wp\/v2\/product\/746447","targetHints":{"allow":["GET"]}}],"collection":[{"href":"https:\/\/roveyayinevi.com.tr\/index.php\/wp-json\/wp\/v2\/product"}],"about":[{"href":"https:\/\/roveyayinevi.com.tr\/index.php\/wp-json\/wp\/v2\/types\/product"}],"wp:attachment":[{"href":"https:\/\/roveyayinevi.com.tr\/index.php\/wp-json\/wp\/v2\/media?parent=746447"}],"wp:term":[{"taxonomy":"product_brand","embeddable":true,"href":"https:\/\/roveyayinevi.com.tr\/index.php\/wp-json\/wp\/v2\/product_brand?post=746447"},{"taxonomy":"product_cat","embeddable":true,"href":"https:\/\/roveyayinevi.com.tr\/index.php\/wp-json\/wp\/v2\/product_cat?post=746447"},{"taxonomy":"product_tag","embeddable":true,"href":"https:\/\/roveyayinevi.com.tr\/index.php\/wp-json\/wp\/v2\/product_tag?post=746447"}],"curies":[{"name":"wp","href":"https:\/\/api.w.org\/{rel}","templated":true}]}}