{"id":746427,"date":"2025-08-28T02:41:51","date_gmt":"2025-08-27T23:41:51","guid":{"rendered":"https:\/\/roveyayinevi.com.tr\/index.php\/urun\/goblin-slayer-goblin-avcisi-3\/"},"modified":"2026-04-16T02:58:54","modified_gmt":"2026-04-15T23:58:54","slug":"goblin-slayer-goblin-avcisi-3","status":"publish","type":"product","link":"https:\/\/roveyayinevi.com.tr\/index.php\/urun\/goblin-slayer-goblin-avcisi-3\/","title":{"rendered":"Goblin Slayer \u2013 Goblin Avc\u0131s\u0131 3"},"content":{"rendered":"<p>Goblin Avc\u0131s\u0131\u2019na rahat yok&#8230; Ogreyle giri\u015fti\u011fi sava\u015f\u0131n etkilerini yava\u015f yava\u015f \u00fczerinden atarken d\u00fc\u015fman bu kez, onun en hassas oldu\u011fu yere, yanlar\u0131nda kald\u0131\u011f\u0131 ailenin \u00e7iftli\u011fine sald\u0131racak. Say\u0131lar\u0131 y\u00fcz\u00fcn \u00fczerinde olan goblin s\u00fcr\u00fcs\u00fc \u00e7iftli\u011fe do\u011fru yakla\u015f\u0131rken, Goblin Avc\u0131s\u0131 son direni\u015fini yapmaya haz\u0131rlan\u0131yor. Macerac\u0131lar onun \u00e7a\u011fr\u0131s\u0131na yan\u0131t verecekler mi, yoksa bu b\u00fcy\u00fck sald\u0131r\u0131 Goblin Avc\u0131s\u0131\u2019n\u0131n sonunu mu getirecek? Goblin Slayer, her cildini nefesinizi tutarak okuyaca\u011f\u0131n\u0131z aksiyon dolu bir macera.<\/p>\n","protected":false},"excerpt":{"rendered":"<p>Goblin Avc\u0131s\u0131\u2019na rahat yok&#8230; Ogreyle giri\u015fti\u011fi sava\u015f\u0131n etkilerini yava\u015f yava\u015f \u00fczerinden atarken d\u00fc\u015fman bu kez, onun en hassas oldu\u011fu yere, yanlar\u0131nda kald\u0131\u011f\u0131 ailenin \u00e7iftli\u011fine sald\u0131racak. Say\u0131lar\u0131<span class=\"excerpt-hellip\"> [\u2026]<\/span><\/p>\n","protected":false},"featured_media":0,"template":"","meta":{"_monsterinsights_skip_tracking":false,"_monsterinsights_sitenote_active":false,"_monsterinsights_sitenote_note":"","_monsterinsights_sitenote_category":0},"product_brand":[],"product_cat":[12416,12291],"product_tag":[],"class_list":{"0":"post-746427","1":"product","2":"type-product","3":"status-publish","5":"product_cat-cizgi-roman","6":"product_cat-edebiyat","7":"pa_cilt-ciltsiz","8":"pa_tur-kitap","9":"pa_yayinevi-kurukafa","10":"pa_yazar-kumo-kagyu","12":"first","13":"instock","14":"sale","15":"shipping-taxable","16":"purchasable","17":"product-type-simple"},"_links":{"self":[{"href":"https:\/\/roveyayinevi.com.tr\/index.php\/wp-json\/wp\/v2\/product\/746427","targetHints":{"allow":["GET"]}}],"collection":[{"href":"https:\/\/roveyayinevi.com.tr\/index.php\/wp-json\/wp\/v2\/product"}],"about":[{"href":"https:\/\/roveyayinevi.com.tr\/index.php\/wp-json\/wp\/v2\/types\/product"}],"wp:attachment":[{"href":"https:\/\/roveyayinevi.com.tr\/index.php\/wp-json\/wp\/v2\/media?parent=746427"}],"wp:term":[{"taxonomy":"product_brand","embeddable":true,"href":"https:\/\/roveyayinevi.com.tr\/index.php\/wp-json\/wp\/v2\/product_brand?post=746427"},{"taxonomy":"product_cat","embeddable":true,"href":"https:\/\/roveyayinevi.com.tr\/index.php\/wp-json\/wp\/v2\/product_cat?post=746427"},{"taxonomy":"product_tag","embeddable":true,"href":"https:\/\/roveyayinevi.com.tr\/index.php\/wp-json\/wp\/v2\/product_tag?post=746427"}],"curies":[{"name":"wp","href":"https:\/\/api.w.org\/{rel}","templated":true}]}}