{"id":746423,"date":"2025-08-28T02:41:47","date_gmt":"2025-08-27T23:41:47","guid":{"rendered":"https:\/\/roveyayinevi.com.tr\/index.php\/urun\/ikna-etmenin-psikolojisi\/"},"modified":"2026-04-08T03:06:04","modified_gmt":"2026-04-08T00:06:04","slug":"ikna-etmenin-psikolojisi","status":"publish","type":"product","link":"https:\/\/roveyayinevi.com.tr\/index.php\/urun\/ikna-etmenin-psikolojisi\/","title":{"rendered":"\u0130kna Etmenin Psikolojisi"},"content":{"rendered":"<p>Hi\u00e7 tan\u0131mad\u0131\u011f\u0131n\u0131z bir grup yabanc\u0131 insanla bir ak\u015fam yeme\u011fine davet edilseydiniz ne yapard\u0131n\u0131z? \u00dcstelik yemekleri hep birlikte pi\u015firecek ve masaya oturana kadar soyad\u0131n\u0131z\u0131 bile payla\u015fmayacak, sadece sohbet edeceksiniz. S\u0131ra yemek masas\u0131na oturmaya geldi\u011findeyse hemen yan\u0131 ba\u015f\u0131n\u0131zdaki konu\u011fun Nobelli bir biliminsan\u0131 oldu\u011funu \u00f6\u011frendi\u011finizde tepkiniz ne olurdu? Davran\u0131\u015f bilimcisi Jon Levy&#8217;nin paras\u0131, itibar\u0131 ve stat\u00fcs\u00fc yoktu, ama hi\u00e7 tan\u0131mad\u0131\u011f\u0131 \u00f6d\u00fcll\u00fc biliminsanlar\u0131n\u0131, CEO\u2019lar\u0131 ve bir prensesi makarna ha\u015flamaya ve bula\u015f\u0131klar\u0131 y\u0131kamaya ikna edebildi. \u00d6yle ki bu e\u015fsiz ak\u015fam yeme\u011fi deneyimleri b\u00fcy\u00fcyerek d\u00fcnya \u00e7ap\u0131nda t\u00fcr\u00fcn\u00fcn ilk \u00f6zel toplu\u011fu haline geldi. Peki i\u015fin s\u0131rr\u0131 neydi? Jon Levy, ikna psikolojisi, insan davran\u0131\u015flar\u0131 ve sinirbilimin \u015fa\u015f\u0131rt\u0131c\u0131 verileriyle etkili insanlar\u0131 ikna etmenin ve hayat\u0131n\u0131z\u0131n ak\u0131\u015f\u0131n\u0131 de\u011fi\u015ftirmenin y\u00f6ntemlerini uygulamalar\u0131yla a\u00e7\u0131kl\u0131yor. Ki\u015fisel ba\u011flar\u0131 geli\u015ftirmeye odaklanan bir stratejiyle anlaml\u0131 ve g\u00fcvene dayanan ili\u015fkiler kurma y\u00f6ntemlerini ustal\u0131kla anlat\u0131yor. Hayat\u0131n ne kadar iyi olabilece\u011fini ke\u015ffetmek, kararlar\u0131n\u0131z\u0131 ger\u00e7ekten neyin etkiledi\u011fini, sizi nelerin ba\u015far\u0131l\u0131 k\u0131ld\u0131\u011f\u0131n\u0131 ve hepsinden \u00f6nemlisi, bir sonraki arkada\u015f\u0131n\u0131z\u0131n kim olabilece\u011fini g\u00f6rmek istiyorsan\u0131z siz de bu ak\u015fam yeme\u011fine davetlisiniz\u2026  <\/p>\n","protected":false},"excerpt":{"rendered":"<p>Hi\u00e7 tan\u0131mad\u0131\u011f\u0131n\u0131z bir grup yabanc\u0131 insanla bir ak\u015fam yeme\u011fine davet edilseydiniz ne yapard\u0131n\u0131z? \u00dcstelik yemekleri hep birlikte pi\u015firecek ve masaya oturana kadar soyad\u0131n\u0131z\u0131 bile payla\u015fmayacak, sadece<span class=\"excerpt-hellip\"> [\u2026]<\/span><\/p>\n","protected":false},"featured_media":0,"template":"","meta":{"_monsterinsights_skip_tracking":false,"_monsterinsights_sitenote_active":false,"_monsterinsights_sitenote_note":"","_monsterinsights_sitenote_category":0},"product_brand":[],"product_cat":[12364,12376],"product_tag":[],"class_list":{"0":"post-746423","1":"product","2":"type-product","3":"status-publish","5":"product_cat-genel-konular","6":"product_cat-kisisel-gelisim","7":"pa_cilt-ciltsiz","8":"pa_tur-kitap","9":"pa_yayinevi-serenad-yayinevi","10":"pa_yazar-jon-levy","12":"first","13":"instock","14":"sale","15":"shipping-taxable","16":"purchasable","17":"product-type-simple"},"_links":{"self":[{"href":"https:\/\/roveyayinevi.com.tr\/index.php\/wp-json\/wp\/v2\/product\/746423","targetHints":{"allow":["GET"]}}],"collection":[{"href":"https:\/\/roveyayinevi.com.tr\/index.php\/wp-json\/wp\/v2\/product"}],"about":[{"href":"https:\/\/roveyayinevi.com.tr\/index.php\/wp-json\/wp\/v2\/types\/product"}],"wp:attachment":[{"href":"https:\/\/roveyayinevi.com.tr\/index.php\/wp-json\/wp\/v2\/media?parent=746423"}],"wp:term":[{"taxonomy":"product_brand","embeddable":true,"href":"https:\/\/roveyayinevi.com.tr\/index.php\/wp-json\/wp\/v2\/product_brand?post=746423"},{"taxonomy":"product_cat","embeddable":true,"href":"https:\/\/roveyayinevi.com.tr\/index.php\/wp-json\/wp\/v2\/product_cat?post=746423"},{"taxonomy":"product_tag","embeddable":true,"href":"https:\/\/roveyayinevi.com.tr\/index.php\/wp-json\/wp\/v2\/product_tag?post=746423"}],"curies":[{"name":"wp","href":"https:\/\/api.w.org\/{rel}","templated":true}]}}